{"id":2568,"date":"2023-05-17T12:43:56","date_gmt":"2023-05-17T10:43:56","guid":{"rendered":"https:\/\/agora.xtec.cat\/ies-baldiri\/?page_id=2568"},"modified":"2026-02-10T21:19:32","modified_gmt":"2026-02-10T20:19:32","slug":"estrategia-digital-de-centre","status":"publish","type":"page","link":"https:\/\/agora.xtec.cat\/ies-baldiri\/estrategia-digital-de-centre\/","title":{"rendered":"Estrat\u00e8gia Digital de Centre"},"content":{"rendered":"<h3 data-start=\"184\" data-end=\"215\">Centre adscrit al Programa C\u00f3digo Escuela 4.0<\/h3>\n<p data-start=\"217\" data-end=\"572\">L\u2019Institut Baldiri Guilera participa en el programa <strong data-start=\"269\" data-end=\"291\">C\u00f3digo Escuela 4.0<\/strong>, mitjan\u00e7ant el qual ha sol\u00b7licitat la transfer\u00e8ncia de fons per a l\u2019adquisici\u00f3 de material de pensament computacional, programaci\u00f3, rob\u00f2tica i fabricaci\u00f3 digital, amb finan\u00e7ament del Ministeri d\u2019Educaci\u00f3, Formaci\u00f3 Professional i Esports i el suport de la Generalitat de Catalunya.<\/p>\n<p data-start=\"846\" data-end=\"1257\">Aquesta dotaci\u00f3 impulsa el desplegament de l\u2019Estrat\u00e8gia Digital de Centre, refor\u00e7ant la compet\u00e8ncia digital de l\u2019alumnat i la integraci\u00f3 del pensament computacional en les diferents mat\u00e8ries. En aquest marc, s\u2019ha implementat una <strong data-start=\"229\" data-end=\"246\">Estaci\u00f3 Maker<\/strong> com a espai de creaci\u00f3 i prototipatge que afavoreix el treball per projectes, la resoluci\u00f3 de reptes reals i el desenvolupament de propostes interdisciplin\u00e0ries alineades amb els objectius de transformaci\u00f3 digital del centre.<\/p>\n<p><img loading=\"lazy\" decoding=\"async\" class=\"alignleft size-large wp-image-3931\" src=\"https:\/\/agora.xtec.cat\/ies-baldiri\/wp-content\/uploads\/usu896\/2026\/02\/Logos-4.0-1024x117.png\" alt=\"\" width=\"1024\" height=\"117\" srcset=\"https:\/\/agora.xtec.cat\/ies-baldiri\/wp-content\/uploads\/usu896\/2026\/02\/Logos-4.0-1024x117.png 1024w, https:\/\/agora.xtec.cat\/ies-baldiri\/wp-content\/uploads\/usu896\/2026\/02\/Logos-4.0-300x34.png 300w, https:\/\/agora.xtec.cat\/ies-baldiri\/wp-content\/uploads\/usu896\/2026\/02\/Logos-4.0-768x88.png 768w, https:\/\/agora.xtec.cat\/ies-baldiri\/wp-content\/uploads\/usu896\/2026\/02\/Logos-4.0-1536x176.png 1536w, https:\/\/agora.xtec.cat\/ies-baldiri\/wp-content\/uploads\/usu896\/2026\/02\/Logos-4.0-2048x235.png 2048w\" sizes=\"auto, (max-width: 1024px) 100vw, 1024px\" \/><\/p>\n<blockquote class=\"wp-embedded-content\" data-secret=\"6xlECEIXdD\"><p><a href=\"https:\/\/agora.xtec.cat\/ies-baldiri\/estrategia-digital-de-centre\/cultura-digital-de-centre\/\">Cultura Digital de Centre<\/a><\/p><\/blockquote>\n<p><iframe loading=\"lazy\" class=\"wp-embedded-content\" sandbox=\"allow-scripts\" security=\"restricted\" style=\"position: absolute; visibility: hidden;\" title=\"&#8220;Cultura Digital de Centre&#8221; &#8212; INS Baldiri Guilera\" src=\"https:\/\/agora.xtec.cat\/ies-baldiri\/estrategia-digital-de-centre\/cultura-digital-de-centre\/embed\/#?secret=srJw6RPM0H#?secret=6xlECEIXdD\" data-secret=\"6xlECEIXdD\" width=\"500\" height=\"282\" frameborder=\"0\" marginwidth=\"0\" marginheight=\"0\" scrolling=\"no\"><\/iframe><\/p>\n<blockquote class=\"wp-embedded-content\" data-secret=\"Tu9wnKlyzD\"><p><a href=\"https:\/\/agora.xtec.cat\/ies-baldiri\/estrategia-digital-de-centre\/documentacio-estrategia-digital\/\">Documentaci\u00f3 Estrat\u00e8gia Digital<\/a><\/p><\/blockquote>\n<p><iframe loading=\"lazy\" class=\"wp-embedded-content\" sandbox=\"allow-scripts\" security=\"restricted\" style=\"position: absolute; visibility: hidden;\" title=\"&#8220;Documentaci\u00f3 Estrat\u00e8gia Digital&#8221; &#8212; INS Baldiri Guilera\" src=\"https:\/\/agora.xtec.cat\/ies-baldiri\/estrategia-digital-de-centre\/documentacio-estrategia-digital\/embed\/#?secret=HZbrzbDyNr#?secret=Tu9wnKlyzD\" data-secret=\"Tu9wnKlyzD\" width=\"500\" height=\"282\" frameborder=\"0\" marginwidth=\"0\" marginheight=\"0\" scrolling=\"no\"><\/iframe><\/p>\n","protected":false},"excerpt":{"rendered":"<p>Centre adscrit al Programa C\u00f3digo Escuela 4.0<br \/>\nL\u2019Institut Baldiri Guilera participa en el programa C\u00f3digo Escuela 4.0, mitjan\u00e7ant el qual ha sol\u00b7licitat la transfer\u00e8ncia de fons per a l\u2019adquisici\u00f3 de material de pensament computacional, programaci\u00f3, rob\u00f2tica i fabricaci\u00f3 digital, amb finan\u00e7ament del Ministeri d\u2019Educaci\u00f3, Formaci\u00f3 Professional&hellip;  <a href=\"https:\/\/agora.xtec.cat\/ies-baldiri\/estrategia-digital-de-centre\/\" title=\"Read Estrat\u00e8gia Digital de Centre\">Llegeix m\u00e9s\u00bb<\/a><\/p>\n","protected":false},"author":1,"featured_media":0,"parent":0,"menu_order":0,"comment_status":"closed","ping_status":"closed","template":"page-templates\/side-menu.php","meta":{"_bbp_topic_count":0,"_bbp_reply_count":0,"_bbp_total_topic_count":0,"_bbp_total_reply_count":0,"_bbp_voice_count":0,"_bbp_anonymous_reply_count":0,"_bbp_topic_count_hidden":0,"_bbp_reply_count_hidden":0,"_bbp_forum_subforum_count":0,"footnotes":""},"class_list":["post-2568","page","type-page","status-publish","hentry"],"post_mailing_queue_ids":[],"_links":{"self":[{"href":"https:\/\/agora.xtec.cat\/ies-baldiri\/wp-json\/wp\/v2\/pages\/2568","targetHints":{"allow":["GET"]}}],"collection":[{"href":"https:\/\/agora.xtec.cat\/ies-baldiri\/wp-json\/wp\/v2\/pages"}],"about":[{"href":"https:\/\/agora.xtec.cat\/ies-baldiri\/wp-json\/wp\/v2\/types\/page"}],"author":[{"embeddable":true,"href":"https:\/\/agora.xtec.cat\/ies-baldiri\/wp-json\/wp\/v2\/users\/1"}],"replies":[{"embeddable":true,"href":"https:\/\/agora.xtec.cat\/ies-baldiri\/wp-json\/wp\/v2\/comments?post=2568"}],"version-history":[{"count":4,"href":"https:\/\/agora.xtec.cat\/ies-baldiri\/wp-json\/wp\/v2\/pages\/2568\/revisions"}],"predecessor-version":[{"id":3932,"href":"https:\/\/agora.xtec.cat\/ies-baldiri\/wp-json\/wp\/v2\/pages\/2568\/revisions\/3932"}],"wp:attachment":[{"href":"https:\/\/agora.xtec.cat\/ies-baldiri\/wp-json\/wp\/v2\/media?parent=2568"}],"curies":[{"name":"wp","href":"https:\/\/api.w.org\/{rel}","templated":true}]}}