{"id":77,"date":"2014-09-18T10:29:25","date_gmt":"2014-09-18T09:29:25","guid":{"rendered":"http:\/\/agora.xtec.cat\/ies-baix-montseny\/?page_id=77"},"modified":"2025-10-08T09:59:02","modified_gmt":"2025-10-08T07:59:02","slug":"convalidacions-cicles-formatius","status":"publish","type":"page","link":"https:\/\/agora.xtec.cat\/ies-baix-montseny\/secretaria\/convalidacions-cicles-formatius\/","title":{"rendered":"Convalidacions Cicles Formatius"},"content":{"rendered":"<p style=\"text-align: justify;\"><span style=\"text-decoration: underline;\"><strong>INFORMACI\u00d3<\/strong><\/span><\/p>\n<p style=\"text-align: justify;\"><strong>Convalidacions i correspond\u00e8ncies d&#8217;estudis dels cicles de formaci\u00f3 professional<\/strong><br \/>\n<span style=\"text-decoration: underline;\">1.1 Alumnes procedents de sistemes educatius estrangers<\/span><br \/>\nL&#8217;alumnat que prov\u00e9 de sistemes educatius estrangers que vol incorporar-se a un cicle formatiu cal que, en el moment de la matr\u00edcula, tingui homologats els estudis que en permeten l&#8217;acc\u00e9s o n&#8217;hagi iniciat els tr\u00e0mits d&#8217;homologaci\u00f3 o convalidaci\u00f3, llevat que hi accedeixi per superaci\u00f3 de la prova d&#8217;acc\u00e9s. Les indicacions i instruccions sobre l&#8217;homologaci\u00f3 o la convalidaci\u00f3 d&#8217;estudis estrangers cal consultar-les al document &#8220;Situacions espec\u00edfiques dels alumnes&#8221;.<br \/>\n<span style=\"text-decoration: underline;\">1.2 Convalidacions per a alumnes provinents del pla d&#8217;estudis del cicle formatiu LOGSE corresponent<\/span><br \/>\nAls alumnes, presencials o a dist\u00e0ncia (provinents de les convocat\u00f2ries de proves per a l&#8217;obtenci\u00f3 de t\u00edtols, d&#8217;acreditaci\u00f3 de compet\u00e8ncies, o provinents del programa<br \/>\n&#8220;Qualifica&#8217;t&#8221; o del reconeixement acad\u00e8mic dels aprenentatges assolits mitjan\u00e7ant l&#8217;experi\u00e8ncia laboral o en activitats socials)\u00a0que no hagin finalitzat el pla d&#8217;estudis d&#8217;un cicle formatiu LOGSE ja extingit, se&#8217;ls aplica l&#8217;<a href=\"https:\/\/xtec.gencat.cat\/web\/.content\/alfresco\/d\/d\/workspace\/SpacesStore\/0059\/83ed24b3-8c0a-462e-a730-84c9d4bcfdb0\/ORDRE-362_2009.pdf\">Ordre EDU\/362\/2009<\/a>, de 17 de juliol, per la qual s&#8217;estableix el procediment per completar els ensenyaments de formaci\u00f3 professional que s&#8217;extingeixen, i la Llei org\u00e0nica 1\/1990, de 3 d&#8217;octubre, d&#8217;ordenaci\u00f3 general del sistema educatiu (LOGSE), que determina les activitats de recuperaci\u00f3 i avaluaci\u00f3 i les proves d&#8217;avaluaci\u00f3 que permeten completar el pla d&#8217;estudis iniciat.<br \/>\nTamb\u00e9 poden optar per matricular-se en el nou cicle formatiu corresponent (derivat de la LOE). En aquests casos el centre educatiu ha d&#8217;aplicar les convalidacions entre els m\u00f2duls professionals superats i els que corresponen al pla d&#8217;estudis del nou t\u00edtol, d&#8217;acord amb les taules de correspond\u00e8ncies que s&#8217;estableixen per a cada t\u00edtol a l\u2019annex II del Reial decret 1085\/2020, de 9 de desembre. Aquestes convalidacions no es poden aplicar en cap cas a alumnes matriculats en un cicle formatiu LOE que ja disposi del t\u00edtol del cicle formatiu LOGSE equivalent.<\/p>\n<p style=\"text-align: justify;\"><span style=\"text-decoration: underline;\">1.3 Convalidacions de m\u00f2duls professionals (o, si escau, unitats formatives) de cicles de la <a href=\"https:\/\/boe.es\/buscar\/doc.php?id=BOE-A-2006-7899\">Llei org\u00e0nica 2\/2006<\/a>, de 3 de maig, d&#8217;educaci\u00f3 (LOE)<\/span><br \/>\nCriteri general<br \/>\nAmb car\u00e0cter general, s&#8217;aplica el <a href=\"https:\/\/www.boe.es\/diario_boe\/txt.php?id=BOE-A-2020-17274\">Reial decret 1085\/2020<\/a>, de 9 de desembre.<br \/>\nEn el cas de m\u00f2duls professionals (o unitats formatives, si escau) superats que tinguin la mateixa denominaci\u00f3 i curr\u00edculum, i que siguin comuns a diversos cicles, la qualificaci\u00f3 obtinguda es trasllada a qualsevol dels cicles on aquests m\u00f2duls professionals o unitats formatives estiguin inclosos.<br \/>\nEls m\u00f2duls professionals convalidats d&#8217;acord amb l&#8217;annex III i l&#8217;annex IV del <a href=\"https:\/\/www.boe.es\/diario_boe\/txt.php?id=BOE-A-2020-17274\">Reial decret 1085\/2020<\/a>, de 9 de desembre, es recullen en la documentaci\u00f3 acad\u00e8mica de l&#8217;alumnat, i a efectes de c\u00e0lcul de la nota mitjana del cicle formatiu, amb la qualificaci\u00f3 obtinguda en el m\u00f2dul professional cursat (es trasllada la qualificaci\u00f3).<br \/>\nEn el cas que per a la convalidaci\u00f3 s&#8217;hagi de considerar m\u00e9s d&#8217;un m\u00f2dul professional, la qualificaci\u00f3 final del m\u00f2dul professional a convalidar \u00e9s la mitjana aritm\u00e8tica de les qualificacions obtingudes en els m\u00f2duls professionals aportats.<br \/>\nEn el cas dels m\u00f2duls professionals de Formaci\u00f3 i Orientaci\u00f3 Laboral i d&#8217;Empresa i Iniciativa Emprenedora (del pla en extinci\u00f3), tot i ser contextualitzats en cadascun dels cicles formatius, es convaliden, si aix\u00ed ho sol\u00b7licita l&#8217;alumne o alumna, i es trasllada la qualificaci\u00f3 obtinguda al m\u00f2dul professional superat.<br \/>\nEn el cas dels <strong>m\u00f2duls professionals d&#8217;Itinerari Personal per a l&#8217;Ocupabilitat I i II<\/strong>, tot i ser contextualitzats en cadascun dels cicles formatius, es convaliden (si aix\u00ed ho sol\u00b7licita l&#8217;alumne) i es trasllada la qualificaci\u00f3 obtinguda al m\u00f2dul professional superat. Aix\u00ed mateix, la convalidaci\u00f3 d&#8217;aquests dos m\u00f2duls professionals \u00e9s total si ha cursat els m\u00f2duls professionals del pla d&#8217;estudis en extinci\u00f3 de Formaci\u00f3 i Orientaci\u00f3 Laboral i d&#8217;Empresa i Iniciativa Emprenedora, i es trasllada la qualificaci\u00f3 obtinguda als m\u00f2duls professionals superats.<br \/>\nEl m\u00f2duls professionals S\u00edntesi, Projecte o Projecte Intermodular (en el nou pla d&#8217;estudis) no s\u00f3n objecte de convalidaci\u00f3. El m\u00f2dul professional Formaci\u00f3 en Centres de Treball o l&#8217;Estada a l&#8217;Empresa (en el nou pla d&#8217;estudis) no poden ser convalidats, per\u00f2 s\u00ed objecte d&#8217;exempci\u00f3 total o parcial.<br \/>\nL&#8217;experi\u00e8ncia professional i la formaci\u00f3 no formal no poden ser aportades per a la convalidaci\u00f3 de m\u00f2duls professionals.<br \/>\nEls m\u00f2duls professionals convalidats a partir d&#8217;estudis anteriors a la LOGSE, de certificats oficials de nivell B1 o B2 de llengua estrangera, o els derivats d&#8217;estudis universitaris, no porten assignada cap qualificaci\u00f3; s&#8217;han de fer constar com a convalidats i no computen a efectes del c\u00e0lcul de la nota mitjana.<\/p>\n<p>Les unitats formatives, si escau, i els m\u00f2duls professionals que hagin estat pr\u00e8viament convalidats no poden ser aportats per sol\u00b7licitar la convalidaci\u00f3 d&#8217;altres unitats formatives o m\u00f2duls professionals.<\/p>\n<p><em>Convalidacions del m\u00f2dul professional Formaci\u00f3 i Orientaci\u00f3 Laboral (pla d&#8217;estudis en extinci\u00f3)<\/em><br \/>\nLa superaci\u00f3 del cr\u00e8dit FOL d&#8217;un t\u00edtol LOGSE del mateix o diferent nivell convalida la unitat formativa &#8220;UF1. Incorporaci\u00f3 al treball&#8221; del m\u00f2dul professional de Formaci\u00f3 i Orientaci\u00f3 Laboral d&#8217;un t\u00edtol LOE.<br \/>\nEl fet de tenir el certificat de nivell b\u00e0sic en prevenci\u00f3 de riscos laborals, que s&#8217;estableix al <a href=\"https:\/\/www.boe.es\/diario_boe\/txt.php?id=BOE-A-1997-1853\">Reial decret 39\/1997<\/a>, de 17 de gener, pel qual s&#8217;aprova el Reglament dels serveis de prevenci\u00f3, convalida la unitat formativa &#8220;UF2. Prevenci\u00f3 de riscos laborals&#8221; del m\u00f2dul professional FOL. El centre educatiu ha de convalidar la &#8220;UF2. Prevenci\u00f3 de riscos laborals&#8221; a l&#8217;alumnat que justifiqui tenir un certificat de formaci\u00f3 en prevenci\u00f3 de riscos laborals, que habilita per desenvolupar les funcions de nivell b\u00e0sic, amb els requisits seg\u00fcents:<\/p>\n<ul>\n<li>Denominaci\u00f3 i segell de l&#8217;entitat certificadora, i signatura de la persona responsable.<\/li>\n<li>Nom i cognoms de la persona que ha cursat la formaci\u00f3.<\/li>\n<li>Denominaci\u00f3 i durada del curs.<\/li>\n<li>Localitat i data d&#8217;expedici\u00f3 del certificat.<\/li>\n<li>Text en qu\u00e8 s&#8217;indica: &#8220;Capacita per al desenvolupament de funcions de nivell b\u00e0sic segons el <a href=\"https:\/\/www.boe.es\/diario_boe\/txt.php?id=BOE-A-1997-1853\">Reial decret 39\/1997<\/a> (segons el contingut de l&#8217;annex IV A o IV B)&#8221;.<\/li>\n<\/ul>\n<p>Si aquest certificat \u00e9s digital ha d&#8217;anar acompanyat de signatura digital amb un codi segur de verificaci\u00f3 (CSV), per poder comprovar-ne la validesa electr\u00f2nica.<\/p>\n<p><em>Altres convalidacions a partir d&#8217;estudis de formaci\u00f3 professional (pla d&#8217;estudis en extinci\u00f3)<\/em><br \/>\nLes convalidacions possibles entre estudis de formaci\u00f3 professional i les unitats formatives dels cicles de formaci\u00f3 professional inicial (LOE) que no s&#8217;hagin<br \/>\nenumerat\u00a0en els tres apartats anteriors s&#8217;han de resoldre com a convalidacions singulars, d&#8217;acord amb l&#8217;article 7 de l&#8217;Ordre ENS\/58\/2003, de 12 de febrer. A aquest efecte, el centre educatiu ha de trametre la sol\u00b7licitud a la Direcci\u00f3 General de Formaci\u00f3 Professional amb una c\u00f2pia del t\u00edtol o del certificat acad\u00e8mic dels estudis cursats i l&#8217;informe justificatiu del director o directora del centre.<\/p>\n<p><em>Convalidacions a partir d&#8217;estudis universitaris (pla d&#8217;estudis en extinci\u00f3)<\/em><br \/>\nLes convalidacions a partir d&#8217;estudis universitaris nom\u00e9s es poden aplicar a unitats formatives i m\u00f2duls professionals inclosos en cicles formatius de grau superior.<\/p>\n<p>Les mat\u00e8ries d&#8217;estudis universitaris oficials que hagin estat pr\u00e8viament convalidades o reconegudes no poden ser aportades per sol\u00b7licitar la convalidaci\u00f3 de m\u00f2duls professionals dels cicles formatius de grau superior.Es poden sol\u00b7licitar convalidacions d&#8217;unitats formatives dels cicles formatius LOE de grau superior que tinguin una relaci\u00f3 d&#8217;afinitat amb els cr\u00e8dits universitaris aprovats. Correspon a la Direcci\u00f3 General de Formaci\u00f3 Professional resoldre les sol\u00b7licituds d&#8217;aquestes convalidacions. A aquest efecte, el director o directora del centre ha d&#8217;enviar a la Direcci\u00f3 General la sol\u00b7licitud de l&#8217;alumne o alumna amb les unitats formatives del cicle formatiu que demana convalidar i un informe on constin les dades seg\u00fcents: dades personals de l&#8217;alumne o alumna, nom de l&#8217;estudi universitari cursat, nom de la universitat i poblaci\u00f3, el pla d&#8217;estudis universitari cursat i el certificat acad\u00e8mic personal expedit pel centre universitari, amb indicaci\u00f3 de les hores de les diferents mat\u00e8ries i de l&#8217;any de superaci\u00f3. A m\u00e9s cal indicar en qu\u00e8 es fonamenta la petici\u00f3 de convalidaci\u00f3, \u00e9s a dir, amb quines mat\u00e8ries superades a la universitat es relacionen les unitats formatives per a les quals es demana la convalidaci\u00f3.<br \/>\nLa tutoria del cicle formatiu ha de garantir a l&#8217;alumne o alumna l&#8217;orientaci\u00f3 suficient sobre les possibilitats de convalidaci\u00f3 en funci\u00f3 del curr\u00edculum universitari que hagi aprovat i la tipologia de les unitats formatives del cicle formatiu en qu\u00e8 s&#8217;ha matriculat.<br \/>\nEn cap cas no es poden convalidar parts d&#8217;unitats formatives.<\/p>\n<p>&nbsp;<\/p>\n<p style=\"text-align: justify;\"><span style=\"text-decoration: underline;\"><strong>MODEL SOL\u00b7LICITUDS<\/strong><\/span><\/p>\n<ol>\n<li style=\"text-align: justify;\"><a href=\"https:\/\/agora.xtec.cat\/ies-baix-montseny\/wp-content\/uploads\/usu1288\/2024\/10\/Model-Sollicitud-convalidacio.pdf\">Sol\u00b7licitud de convalidaci\u00f3 de m\u00f2duls\/unitats formatives dels Cicles de Grau Mitj\u00e0 i Grau Superior<\/a><\/li>\n<li style=\"text-align: justify;\"><a href=\"https:\/\/espai.educacio.gencat.cat\/Centres\/Tramits\/Pagines\/Convalidacio-FP.aspx\" target=\"_blank\" rel=\"noopener\">Sol\u00b7licitud de convalidacions singulars<\/a><\/li>\n<\/ol>\n","protected":false},"excerpt":{"rendered":"<p>INFORMACI\u00d3<br \/>\nConvalidacions i correspond\u00e8ncies d&#8217;estudis dels cicles de formaci\u00f3 professional<br \/>\n1.1 Alumnes procedents de sistemes educatius estrangers<br \/>\nL&#8217;alumnat que prov\u00e9 de sistemes educatius estrangers que vol incorporar-se a un cicle formatiu cal que, en el moment de la matr\u00edcula, tingui homologats els estudis que en permeten l&#8217;acc\u00e9s o&hellip;  <a href=\"https:\/\/agora.xtec.cat\/ies-baix-montseny\/secretaria\/convalidacions-cicles-formatius\/\" title=\"Read Convalidacions Cicles Formatius\">Llegeix m\u00e9s\u00bb<\/a><\/p>\n","protected":false},"author":2,"featured_media":0,"parent":81,"menu_order":30,"comment_status":"closed","ping_status":"closed","template":"page-templates\/side-menu.php","meta":{"_bbp_topic_count":0,"_bbp_reply_count":0,"_bbp_total_topic_count":0,"_bbp_total_reply_count":0,"_bbp_voice_count":0,"_bbp_anonymous_reply_count":0,"_bbp_topic_count_hidden":0,"_bbp_reply_count_hidden":0,"_bbp_forum_subforum_count":0,"footnotes":""},"class_list":["post-77","page","type-page","status-publish","hentry"],"post_mailing_queue_ids":[],"_links":{"self":[{"href":"https:\/\/agora.xtec.cat\/ies-baix-montseny\/wp-json\/wp\/v2\/pages\/77","targetHints":{"allow":["GET"]}}],"collection":[{"href":"https:\/\/agora.xtec.cat\/ies-baix-montseny\/wp-json\/wp\/v2\/pages"}],"about":[{"href":"https:\/\/agora.xtec.cat\/ies-baix-montseny\/wp-json\/wp\/v2\/types\/page"}],"author":[{"embeddable":true,"href":"https:\/\/agora.xtec.cat\/ies-baix-montseny\/wp-json\/wp\/v2\/users\/2"}],"replies":[{"embeddable":true,"href":"https:\/\/agora.xtec.cat\/ies-baix-montseny\/wp-json\/wp\/v2\/comments?post=77"}],"version-history":[{"count":7,"href":"https:\/\/agora.xtec.cat\/ies-baix-montseny\/wp-json\/wp\/v2\/pages\/77\/revisions"}],"predecessor-version":[{"id":23752,"href":"https:\/\/agora.xtec.cat\/ies-baix-montseny\/wp-json\/wp\/v2\/pages\/77\/revisions\/23752"}],"up":[{"embeddable":true,"href":"https:\/\/agora.xtec.cat\/ies-baix-montseny\/wp-json\/wp\/v2\/pages\/81"}],"wp:attachment":[{"href":"https:\/\/agora.xtec.cat\/ies-baix-montseny\/wp-json\/wp\/v2\/media?parent=77"}],"curies":[{"name":"wp","href":"https:\/\/api.w.org\/{rel}","templated":true}]}}