{"id":43,"date":"2014-09-17T16:45:07","date_gmt":"2014-09-17T15:45:07","guid":{"rendered":"http:\/\/agora.xtec.cat\/ies-baix-montseny\/?page_id=43"},"modified":"2024-02-08T14:14:46","modified_gmt":"2024-02-08T13:14:46","slug":"consell-escolar","status":"publish","type":"page","link":"https:\/\/agora.xtec.cat\/ies-baix-montseny\/linstitut\/consell-escolar\/","title":{"rendered":"Consell escolar"},"content":{"rendered":"<p>El Consell Escolar del centre \u00e9s<strong> l\u2019\u00f2rgan de participaci\u00f3 de la comunitat escolar<\/strong> en el govern dels instituts d\u2019educaci\u00f3 secund\u00e0ria i l\u2019\u00f2rgan de programaci\u00f3, seguiment i avaluaci\u00f3 general de les seves activitats.<\/p>\n<p>En el consell escolar hi ha representats tots els col\u00b7lectius que intervenen en la comunitat educativa: director o directora, professorat, alumnes, personal d&#8217;administraci\u00f3 i serveis, etc.<\/p>\n<p>Els membres del consell escolar <strong>s\u00f3n elegits per un per\u00edode de quatre anys<\/strong> i es renoven per meitats cada dos anys.<\/p>\n<p>Si voleu m\u00e9s informaci\u00f3 consulteu <a href=\"https:\/\/educacio.gencat.cat\/ca\/arees-actuacio\/centres-serveis-educatius\/centres\/consells-escolars-centres\/\" target=\"_blank\" rel=\"noopener\">educacio.gencat.cat<\/a><\/p>\n<p><strong>S\u00f3n compet\u00e8ncies del consell escolar<\/strong>:<\/p>\n<ul>\n<li>Aprovar el projecte educatiu i les modificacions corresponents per una majoria de tres cinquenes parts dels membres.<\/li>\n<li>Aprovar la programaci\u00f3 general anual del centre i avaluar-ne el desenvolupament i els resultats.<\/li>\n<li>Aprovar les propostes d\u2019acords de corresponsabilitat, convenis i altres acords de col\u00b7laboraci\u00f3 del centre amb entitats o institucions.<\/li>\n<li>Aprovar les normes d\u2019organitzaci\u00f3 i funcionament i les modificacions corresponents.<\/li>\n<li>Aprovar la carta de comprom\u00eds educatiu.<\/li>\n<li>Aprovar el pressupost del centre i el rendiment de comptes.<\/li>\n<li>Intervenir en el procediment d\u2019admissi\u00f3 d\u2019alumnes.<\/li>\n<li>Participar en el procediment de selecci\u00f3 i en la proposta de cessament del director o directora.<\/li>\n<li>Intervenir en la resoluci\u00f3 dels conflictes i, si escau, revisar les sancions als alumnes.<\/li>\n<li>Aprovar les directrius per a la programaci\u00f3 d\u2019activitats escolars complement\u00e0ries i d\u2019activitats extraescolars, i avaluar-ne el desenvolupament.<\/li>\n<li>Participar en les an\u00e0lisis i les avaluacions del funcionament general del centre i con\u00e8ixer l\u2019evoluci\u00f3 del rendiment escolar.<\/li>\n<li>Aprovar els criteris de col\u00b7laboraci\u00f3 amb altres centres i amb l\u2019entorn.<\/li>\n<li>Qualsevol altra que li sigui atribu\u00efda per les normes legals o reglament\u00e0ries.<\/li>\n<\/ul>\n<p style=\"padding-left: 40px;\">\ud83d\udc65\u200b <a href=\"https:\/\/agora.xtec.cat\/ies-baix-montseny\/linstitut\/consell-escolar\/membres-consell-escolar\/\" target=\"_blank\" rel=\"noopener\">Composici\u00f3 del Consell escolar<\/a><\/p>\n<p style=\"padding-left: 40px;\">\ud83d\udcdd <a href=\"https:\/\/agora.xtec.cat\/ies-baix-montseny\/linstitut\/consell-escolar\/__trashed\/\" target=\"_blank\" rel=\"noopener\">Acords del consell escolar<\/a><\/p>\n","protected":false},"excerpt":{"rendered":"<p>El Consell Escolar del centre \u00e9s l\u2019\u00f2rgan de participaci\u00f3 de la comunitat escolar en el govern dels instituts d\u2019educaci\u00f3 secund\u00e0ria i l\u2019\u00f2rgan de programaci\u00f3, seguiment i avaluaci\u00f3 general de les seves activitats.<br \/>\nEn el consell escolar hi ha representats tots els col\u00b7lectius que intervenen en la&hellip;  <a href=\"https:\/\/agora.xtec.cat\/ies-baix-montseny\/linstitut\/consell-escolar\/\" title=\"Read Consell escolar\">Llegeix m\u00e9s\u00bb<\/a><\/p>\n","protected":false},"author":1,"featured_media":0,"parent":19,"menu_order":45,"comment_status":"closed","ping_status":"closed","template":"page-templates\/side-menu.php","meta":{"_bbp_topic_count":0,"_bbp_reply_count":0,"_bbp_total_topic_count":0,"_bbp_total_reply_count":0,"_bbp_voice_count":0,"_bbp_anonymous_reply_count":0,"_bbp_topic_count_hidden":0,"_bbp_reply_count_hidden":0,"_bbp_forum_subforum_count":0,"footnotes":""},"class_list":["post-43","page","type-page","status-publish","hentry"],"post_mailing_queue_ids":[],"_links":{"self":[{"href":"https:\/\/agora.xtec.cat\/ies-baix-montseny\/wp-json\/wp\/v2\/pages\/43","targetHints":{"allow":["GET"]}}],"collection":[{"href":"https:\/\/agora.xtec.cat\/ies-baix-montseny\/wp-json\/wp\/v2\/pages"}],"about":[{"href":"https:\/\/agora.xtec.cat\/ies-baix-montseny\/wp-json\/wp\/v2\/types\/page"}],"author":[{"embeddable":true,"href":"https:\/\/agora.xtec.cat\/ies-baix-montseny\/wp-json\/wp\/v2\/users\/1"}],"replies":[{"embeddable":true,"href":"https:\/\/agora.xtec.cat\/ies-baix-montseny\/wp-json\/wp\/v2\/comments?post=43"}],"version-history":[{"count":7,"href":"https:\/\/agora.xtec.cat\/ies-baix-montseny\/wp-json\/wp\/v2\/pages\/43\/revisions"}],"predecessor-version":[{"id":23091,"href":"https:\/\/agora.xtec.cat\/ies-baix-montseny\/wp-json\/wp\/v2\/pages\/43\/revisions\/23091"}],"up":[{"embeddable":true,"href":"https:\/\/agora.xtec.cat\/ies-baix-montseny\/wp-json\/wp\/v2\/pages\/19"}],"wp:attachment":[{"href":"https:\/\/agora.xtec.cat\/ies-baix-montseny\/wp-json\/wp\/v2\/media?parent=43"}],"curies":[{"name":"wp","href":"https:\/\/api.w.org\/{rel}","templated":true}]}}

<p>El Consell Escolar del centre és<strong> l’òrgan de participació de la comunitat escolar</strong> en el govern dels instituts d’educació secundària i l’òrgan de programació, seguiment i avaluació general de les seves activitats.</p>
<p>En el consell escolar hi ha representats tots els col·lectius que intervenen en la comunitat educativa: director o directora, professorat, alumnes, personal d&#8217;administració i serveis, etc.</p>
<p>Els membres del consell escolar <strong>són elegits per un període de quatre anys</strong> i es renoven per meitats cada dos anys.</p>
<p>Si voleu més informació consulteu <a href="https://educacio.gencat.cat/ca/arees-actuacio/centres-serveis-educatius/centres/consells-escolars-centres/" target="_blank" rel="noopener">educacio.gencat.cat</a></p>
<p><strong>Són competències del consell escolar</strong>:</p>
<ul>
<li>Aprovar el projecte educatiu i les modificacions corresponents per una majoria de tres cinquenes parts dels membres.</li>
<li>Aprovar la programació general anual del centre i avaluar-ne el desenvolupament i els resultats.</li>
<li>Aprovar les propostes d’acords de corresponsabilitat, convenis i altres acords de col·laboració del centre amb entitats o institucions.</li>
<li>Aprovar les normes d’organització i funcionament i les modificacions corresponents.</li>
<li>Aprovar la carta de compromís educatiu.</li>
<li>Aprovar el pressupost del centre i el rendiment de comptes.</li>
<li>Intervenir en el procediment d’admissió d’alumnes.</li>
<li>Participar en el procediment de selecció i en la proposta de cessament del director o directora.</li>
<li>Intervenir en la resolució dels conflictes i, si escau, revisar les sancions als alumnes.</li>
<li>Aprovar les directrius per a la programació d’activitats escolars complementàries i d’activitats extraescolars, i avaluar-ne el desenvolupament.</li>
<li>Participar en les anàlisis i les avaluacions del funcionament general del centre i conèixer l’evolució del rendiment escolar.</li>
<li>Aprovar els criteris de col·laboració amb altres centres i amb l’entorn.</li>
<li>Qualsevol altra que li sigui atribuïda per les normes legals o reglamentàries.</li>
</ul>
<p style="padding-left: 40px;">👥​ <a href="https://agora.xtec.cat/ies-baix-montseny/linstitut/consell-escolar/membres-consell-escolar/" target="_blank" rel="noopener">Composició del Consell escolar</a></p>
<p style="padding-left: 40px;">📝 <a href="https://agora.xtec.cat/ies-baix-montseny/linstitut/consell-escolar/__trashed/" target="_blank" rel="noopener">Acords del consell escolar</a></p>

<p>El Consell Escolar del centre és l’òrgan de participació de la comunitat escolar en el govern dels instituts d’educació secundària i l’òrgan de programació, seguiment i avaluació general de les seves activitats.<br />
En el consell escolar hi ha representats tots els col·lectius que intervenen en la&hellip;  <a href="https://agora.xtec.cat/ies-baix-montseny/linstitut/consell-escolar/" title="Read Consell escolar">Llegeix més»</a></p>
