{"id":339,"date":"2015-12-20T16:16:59","date_gmt":"2015-12-20T15:16:59","guid":{"rendered":"http:\/\/agora.xtec.cat\/ies-baix-montseny\/?page_id=339"},"modified":"2025-05-08T08:45:58","modified_gmt":"2025-05-08T06:45:58","slug":"beques-i-ajuts","status":"publish","type":"page","link":"https:\/\/agora.xtec.cat\/ies-baix-montseny\/secretaria\/beques-i-ajuts\/","title":{"rendered":"Beques i ajuts"},"content":{"rendered":"<table style=\"border-collapse: collapse; width: 100%;\">\n<tbody>\n<tr>\n<th style=\"width: 72.388%;\">Beca o ajut<\/th>\n<th style=\"width: 27.612%;\">Ens responsable de la convocat\u00f2ria<\/th>\n<\/tr>\n<tr>\n<td style=\"width: 72.388%;\">\n<h6>Ajuts per al material escolar i llibres, material curricular i continguts digitals<\/h6>\n<ul>\n<li>Alumnat matriculat en un centre sufragat amb fons p\u00fablics de Sant Celoni, La Batll\u00f2ria o l&#8217;Institut Escola La Tordera i que cursin des de P3 fins a 4t d&#8217;ESO (ambd\u00f3s inclosos). L&#8217;alumnat d&#8217;altres poblacions cal que es posi en contacte amb l&#8217;Ajuntament corresponent.<\/li>\n<li><strong>Presentaci\u00f3 de sol\u00b7licituds:<\/strong> <strong><strong><a href=\"https:\/\/agora.xtec.cat\/ies-baix-montseny\/eso\/lajuntament-de-sant-celoni-informa-dels-ajuts-per-lalumnat-deso\/\"> Curs 2025-2026 -&gt;\u00a0 Del 7 al 17 d&#8217;abril de 2025<\/a><br \/>\n<\/strong><\/strong><\/li>\n<li>Resolucions de sol\u00b7licituds, mes de juny<sup>*<\/sup><\/li>\n<\/ul>\n<\/td>\n<td style=\"width: 27.612%;\"><a href=\"https:\/\/santceloni.cat\/11355\" target=\"_blank\" rel=\"noopener\">Ajuntament de Sant Celoni<\/a><\/td>\n<\/tr>\n<tr>\n<td style=\"width: 72.388%;\">\n<h6><a href=\"https:\/\/educacio.gencat.cat\/ca\/serveis-tramits\/beques\/beques-postobligatoris\/\" target=\"_blank\" rel=\"noopener\">Beques per a ensenyaments postobligatoris no universitaris<\/a><\/h6>\n<ul>\n<li>Pots sol\u00b7licitar una beca si tens previst cursar un ensenyament postobligatori o superior no universitari:<br \/>\n<strong>batxillerat; formaci\u00f3 professional de grau mitj\u00e0 i de grau superior<\/strong>; ensenyaments art\u00edstics professionals; ensenyaments esportius; ensenyaments art\u00edstics superiors; estudis religiosos superiors; estudis d&#8217;idiomes en escoles oficials (incloent-hi la modalitat de dist\u00e0ncia); cursos d&#8217;acc\u00e9s, cursos de preparaci\u00f3 per a les proves d&#8217;acc\u00e9s a la formaci\u00f3 professional, i cursos de formaci\u00f3 espec\u00edfics per a l&#8217;acc\u00e9s als cicles de grau mitj\u00e0 i de grau superior impartits en centres p\u00fablics i en centres privats concertats que tinguin autoritzats ensenyaments de formaci\u00f3 professional; cicles formatius de grau b\u00e0sic.<\/li>\n<li><strong>No<\/strong> hi pots optar:<br \/>\nSi \u00e9s per repetir curs.<br \/>\nSi tens un t\u00edtol de nivell igual o superior als estudis per als quals sol\u00b7licites la beca.<\/li>\n<li><strong>Presentaci\u00f3 de sol\u00b7licituds:<\/strong><a href=\"https:\/\/educacio.gencat.cat\/ca\/tramits\/tramits-temes\/beques-ministeri-postobligatoris?moda=1\"><strong> Curs 2025-2026 -&gt; del 24 de mar\u00e7 a les 8 hores fins al 14 de maig de 2025 a les 15 hores<\/strong><\/a><\/li>\n<li>Resolucions de sol\u00b7licituds: <a href=\"https:\/\/boga.agaur.gencat.cat\/agaur_boga\/AppJava\/FlowControl?tipusUsuari=consulta&amp;emp=ensenyament\" target=\"_blank\" rel=\"noopener\">Consulta l&#8217;estat de la teva beca<\/a><\/li>\n<\/ul>\n<\/td>\n<td style=\"width: 27.612%;\"><a href=\"https:\/\/www.becaseducacion.gob.es\/portada.html\" target=\"_blank\" rel=\"noopener\">Ministeri d&#8217;Educaci\u00f3 i Formaci\u00f3 Professional<\/a><\/td>\n<\/tr>\n<tr>\n<td style=\"width: 72.388%;\">\n<h6><a href=\"https:\/\/educacio.gencat.cat\/ca\/tramits\/tramits-temes\/358-ajuts-ministerio-NEE\" target=\"_blank\" rel=\"noopener\">Ajuts per a alumnes amb necessitat espec\u00edfica de suport educatiu<\/a><\/h6>\n<ul>\n<li>Ajuts i subsidis per a alumnes amb necessitat espec\u00edfica de suport educatiu derivada de discapacitat o trastorn greu de conducta o trastorn de la comunicaci\u00f3 i el llenguatge o trastorn de l&#8217;espectre autista.<\/li>\n<li>Ajuts per a programes complementaris a alumnes amb necessitat espec\u00edfica de suport educatiu associada a altes capacitats.<\/li>\n<li><strong>Presentaci\u00f3 de sol\u00b7licituds:\u00a0<\/strong> <a href=\"https:\/\/educacio.gencat.cat\/ca\/tramits\/tramits-temes\/358-ajuts-ministerio-NEE\" target=\"_blank\" rel=\"noopener\"><strong>Curs 2025-2026 -&gt; del 30 d&#8217;abril al 11 de setembre de 2025<\/strong><\/a><\/li>\n<li>Resolucions de sol\u00b7licituds: <a href=\"https:\/\/boga.agaur.gencat.cat\/agaur_boga\/AppJava\/FlowControl?tipusUsuari=consulta&amp;emp=ensenyament\" target=\"_blank\" rel=\"noopener\">Consulta l&#8217;estat de la teva beca<\/a><\/li>\n<\/ul>\n<\/td>\n<td style=\"width: 27.612%;\"><a href=\"https:\/\/www.educacionyfp.gob.es\/servicios-al-ciudadano\/catalogo\/general\/05\/050140\/ficha\/050140-2023.html\" target=\"_blank\" rel=\"noopener\">Ministeri d&#8217;Educaci\u00f3 i Formaci\u00f3 Professional<\/a><\/td>\n<\/tr>\n<\/tbody>\n<\/table>\n<blockquote><p>*Dates aproximades, cal consultar la convocat\u00f2ria en cada cas<\/p><\/blockquote>\n","protected":false},"excerpt":{"rendered":"<p>Beca o ajut<br \/>\nEns responsable de la convocat\u00f2ria<\/p>\n<p>Ajuts per al material escolar i llibres, material curricular i continguts digitals<\/p>\n<ul>\n<li>Alumnat matriculat en un centre sufragat amb fons p\u00fablics de Sant Celoni, La Batll\u00f2ria o l&#8217;Institut Escola La Tordera i que cursin des de P3 fins a 4t&hellip;  <a href=\"https:\/\/agora.xtec.cat\/ies-baix-montseny\/secretaria\/beques-i-ajuts\/\" title=\"Read Beques i ajuts\">Llegeix m\u00e9s\u00bb<\/a><br \/>\n","protected":false},"author":1,"featured_media":0,"parent":81,"menu_order":35,"comment_status":"closed","ping_status":"closed","template":"","meta":{"_bbp_topic_count":0,"_bbp_reply_count":0,"_bbp_total_topic_count":0,"_bbp_total_reply_count":0,"_bbp_voice_count":0,"_bbp_anonymous_reply_count":0,"_bbp_topic_count_hidden":0,"_bbp_reply_count_hidden":0,"_bbp_forum_subforum_count":0,"footnotes":""},"class_list":["post-339","page","type-page","status-publish","hentry"],"post_mailing_queue_ids":[],"_links":{"self":[{"href":"https:\/\/agora.xtec.cat\/ies-baix-montseny\/wp-json\/wp\/v2\/pages\/339","targetHints":{"allow":["GET"]}}],"collection":[{"href":"https:\/\/agora.xtec.cat\/ies-baix-montseny\/wp-json\/wp\/v2\/pages"}],"about":[{"href":"https:\/\/agora.xtec.cat\/ies-baix-montseny\/wp-json\/wp\/v2\/types\/page"}],"author":[{"embeddable":true,"href":"https:\/\/agora.xtec.cat\/ies-baix-montseny\/wp-json\/wp\/v2\/users\/1"}],"replies":[{"embeddable":true,"href":"https:\/\/agora.xtec.cat\/ies-baix-montseny\/wp-json\/wp\/v2\/comments?post=339"}],"version-history":[{"count":8,"href":"https:\/\/agora.xtec.cat\/ies-baix-montseny\/wp-json\/wp\/v2\/pages\/339\/revisions"}],"predecessor-version":[{"id":23643,"href":"https:\/\/agora.xtec.cat\/ies-baix-montseny\/wp-json\/wp\/v2\/pages\/339\/revisions\/23643"}],"up":[{"embeddable":true,"href":"https:\/\/agora.xtec.cat\/ies-baix-montseny\/wp-json\/wp\/v2\/pages\/81"}],"wp:attachment":[{"href":"https:\/\/agora.xtec.cat\/ies-baix-montseny\/wp-json\/wp\/v2\/media?parent=339"}],"curies":[{"name":"wp","href":"https:\/\/api.w.org\/{rel}","templated":true}]}}