{"id":19316,"date":"2020-06-30T11:26:57","date_gmt":"2020-06-30T09:26:57","guid":{"rendered":"http:\/\/agora.xtec.cat\/ies-baix-montseny\/?page_id=19316"},"modified":"2026-02-03T12:01:27","modified_gmt":"2026-02-03T11:01:27","slug":"sol-licitud-de-titols","status":"publish","type":"page","link":"https:\/\/agora.xtec.cat\/ies-baix-montseny\/secretaria\/sol-licitud-de-titols\/","title":{"rendered":"Sol\u00b7licitud de t\u00edtols"},"content":{"rendered":"<div class=\"freebirdFormviewerViewHeaderTitleRow\">\n<p dir=\"auto\" role=\"heading\" aria-level=\"1\"><span style=\"font-family: inherit; font-size: 1em;\">Per tal de sol\u00b7licitar la tramitaci\u00f3 del t\u00edtol de Batxillerat, de T\u00e8cnic o de T\u00e8cnic superior, s&#8217;ha de fer a trav\u00e9s del seg\u00fcent enlla\u00e7;<\/span><\/p>\n<div><\/div>\n<div><a href=\"https:\/\/tramits.gencat.cat\/ca\/tramits\/tramits-temes\/titols-academics-no-universitaris\" target=\"_blank\" rel=\"noopener\">https:\/\/tramits.gencat.cat\/ca\/<wbr \/>tramits\/tramits-temes\/titols-<wbr \/>academics-no-universitaris<\/a><\/div>\n<div><\/div>\n<p>Amb aquest tr\u00e0mit pots demanar una primera expedici\u00f3 del teu t\u00edtol, un duplicat o una actualitzaci\u00f3 d&#8217;un t\u00edtol.<\/p>\n<ul>\n<li>Una\u00a0<strong>primera expedici\u00f3<\/strong>\u00a0\u00e9s la sol\u00b7licitud d&#8217;un t\u00edtol per primera vegada.<\/li>\n<li>Un\u00a0<strong>duplicat de t\u00edtol<\/strong>\u00a0\u00e9s un t\u00edtol exactament igual al t\u00edtol que se&#8217;t va lliurar inicialment.<\/li>\n<li>Una\u00a0<strong>actualitzaci\u00f3 de t\u00edtol<\/strong>\u00a0\u00e9s una c\u00f2pia del t\u00edtol expedit inicialment per\u00f2 amb modificaci\u00f3 d&#8217;una o m\u00e9s dades personals.<\/li>\n<\/ul>\n<p>Per poder reflectir una modificaci\u00f3 de les teves dades personals en un t\u00edtol acad\u00e8mic, cal que aquestes noves dades constin al teu document d&#8217;identitat.<\/p>\n<\/div>\n<p>Un cop fet el pagament, passades 24-48 hores, cal que passeu per secretaria per validar i segellar el resguard. <strong>AQUEST PAS ES IMPRESCINDIBLE per tramitar el t\u00edtol.<\/strong><\/p>\n<p>El t\u00edtol arribar\u00e0 al centre un parell d&#8217;anys m\u00e9s tard. Us avisarem amb un correu electr\u00f2nic quan arribi. Aleshores haureu de passar personalment per la secretaria del centre amb el resguard de sol\u00b7licitud de t\u00edtol i el DNI (en cas de no poder venir personalment, caldr\u00e0 una autoritzaci\u00f3 signada i una fotoc\u00f2pia del DNI de l&#8217;alumne\/a)<\/p>\n<p>&nbsp;<\/p>\n<table style=\"height: 205px; width: 100%;\" border=\"0\" width=\"100%\" cellspacing=\"2\" cellpadding=\"6\">\n<tbody>\n<tr style=\"height: 10px;\">\n<td style=\"height: 10px; width: 584px;\" valign=\"TOP\" bgcolor=\"EEEEEE\"><b><span style=\"color: 0066ff; font-family: ARIAL;\">DOCUMENTS D&#8217;IDENTITAT V\u00c0LIDS SEGONS LA NACIONALITAT<\/span><\/b><\/td>\n<\/tr>\n<tr style=\"height: 205px;\">\n<td style=\"height: 195px; width: 584px;\" colspan=\"2\" bgcolor=\"EEEEEE\"><span style=\"font-family: ARIAL;\">1.- <strong>DNI<\/strong> &#8211; Nacionalitat espanyola<\/span><\/p>\n<p>2.-<strong> Passaport \/ document d&#8217;un <a href=\"https:\/\/european-union.europa.eu\/principles-countries-history\/country-profiles_es\" target=\"_blank\" rel=\"noopener\">pa\u00eds de la Uni\u00f3 Europea (UE)<\/a><\/strong> &#8211; Estrangers de dins i fora de la UE<\/p>\n<p>3.- <strong>NIE<\/strong> &#8211; Nom\u00e9s estrangers de fora de la UE<\/p>\n<p>Si un alumne t\u00e9 doble nacionalitat, i una d\u2019aquestes nacionalitats \u00e9s l\u2019espanyola, s\u2019ha d\u2019identificar sempre amb el DNI en vigor.2<\/td>\n<\/tr>\n<\/tbody>\n<\/table>\n<table style=\"height: 163px; width: 100%;\" border=\"0\" width=\"43.2164%\" cellspacing=\"2\" cellpadding=\"6\">\n<tbody>\n<tr style=\"height: 10px;\">\n<td style=\"height: 10px; width: 14.9712%; text-align: left; vertical-align: top;\" colspan=\"2\" bgcolor=\"EEEEEE\"><strong><span style=\"font-family: ARIAL;\">TAXA PER L&#8217;EXPEDICI\u00d3 DE T\u00cdTOLS ACAD\u00c8MICS I PROFESSIONALS<\/span><\/strong><\/td>\n<\/tr>\n<tr style=\"height: 249px;\">\n<td style=\"height: 153px; width: 14.9712%;\" colspan=\"2\" bgcolor=\"EEEEEE\"><strong>Batxillerat:<\/strong> 69,65 euros<\/p>\n<p><strong>Formaci\u00f3 professional:<\/strong><\/p>\n<ul>\n<li>T\u00edtol de t\u00e8cnic\/a: 69,65 euros<\/li>\n<li>T\u00edtol de t\u00e8cnic\/a superior: 78,00 euros<\/li>\n<\/ul>\n<p><strong>Reexpedici\u00f3\u00a0del t\u00edtol<\/strong> (expedici\u00f3 de duplicats): 17,25 euros<\/td>\n<\/tr>\n<\/tbody>\n<\/table>\n<table border=\"0\" width=\"100%\" cellspacing=\"2\" cellpadding=\"6\">\n<tbody>\n<tr>\n<td valign=\"TOP\" bgcolor=\"EEEEEE\"><b><span style=\"color: 0066ff; font-family: ARIAL;\">EXEMPCIONS I BONIFICACIONS<br \/>\n<\/span><\/b><\/td>\n<\/tr>\n<tr>\n<td colspan=\"2\" bgcolor=\"EEEEEE\"><span style=\"font-family: ARIAL;\">Us recordem que les \u00faniques exempcions i bonificacions que apliquen a la gesti\u00f3 de t\u00edtols acad\u00e8mics no universitaris s\u00f3n les seg\u00fcents:<\/span><\/p>\n<p><strong>Bonificaci\u00f3 del 50%<\/strong> de l&#8217;import per a:<\/p>\n<ul>\n<li>membres de fam\u00edlia nombrosa de categoria general i<\/li>\n<li>membres de fam\u00edlies monoparentals.<\/li>\n<\/ul>\n<p><strong>Exempci\u00f3 del 100%<\/strong> del pagament per a:<\/p>\n<ul>\n<li>membres de fam\u00edlia nombrosa de categoria especial,<\/li>\n<li>v\u00edctimes del terrorisme (i els seus c\u00f2njuges i els seus fills),<\/li>\n<li>persones amb discapacitat igual o superior al 33% i<\/li>\n<li>infants o adolescents en acolliment familiar.<\/li>\n<\/ul>\n<p>Totes aquestes situacions s&#8217;han d&#8217;acreditar documentalment. No s&#8217;aplica cap reducci\u00f3 al preu de reexpedici\u00f3 del t\u00edtol.<\/td>\n<\/tr>\n<\/tbody>\n<\/table>\n<p dir=\"auto\">\n","protected":false},"excerpt":{"rendered":"<p>Per tal de sol\u00b7licitar la tramitaci\u00f3 del t\u00edtol de Batxillerat, de T\u00e8cnic o de T\u00e8cnic superior, s&#8217;ha de fer a trav\u00e9s del seg\u00fcent enlla\u00e7;<\/p>\n<p><a href=\"https:\/\/tramits.gencat.cat\/ca\/tramits\/tramits-temes\/titols-academics-no-universitaris\" target=\"_blank\" rel=\"noopener\">https:\/\/tramits.gencat.cat\/ca\/tramits\/tramits-temes\/titols-academics-no-universitaris<\/a><\/p>\n<p>Amb aquest tr\u00e0mit pots demanar una primera expedici\u00f3 del teu t\u00edtol, un duplicat o una actualitzaci\u00f3 d&#8217;un t\u00edtol.<\/p>\n<ul>\n<li>Una\u00a0primera expedici\u00f3\u00a0\u00e9s&hellip;  <a href=\"https:\/\/agora.xtec.cat\/ies-baix-montseny\/secretaria\/sol-licitud-de-titols\/\" title=\"Read Sol\u00b7licitud de t\u00edtols\">Llegeix m\u00e9s\u00bb<\/a><br \/>\n","protected":false},"author":3,"featured_media":0,"parent":81,"menu_order":20,"comment_status":"closed","ping_status":"closed","template":"page-templates\/side-menu.php","meta":{"_bbp_topic_count":0,"_bbp_reply_count":0,"_bbp_total_topic_count":0,"_bbp_total_reply_count":0,"_bbp_voice_count":0,"_bbp_anonymous_reply_count":0,"_bbp_topic_count_hidden":0,"_bbp_reply_count_hidden":0,"_bbp_forum_subforum_count":0,"footnotes":""},"class_list":["post-19316","page","type-page","status-publish","hentry"],"post_mailing_queue_ids":[],"_links":{"self":[{"href":"https:\/\/agora.xtec.cat\/ies-baix-montseny\/wp-json\/wp\/v2\/pages\/19316","targetHints":{"allow":["GET"]}}],"collection":[{"href":"https:\/\/agora.xtec.cat\/ies-baix-montseny\/wp-json\/wp\/v2\/pages"}],"about":[{"href":"https:\/\/agora.xtec.cat\/ies-baix-montseny\/wp-json\/wp\/v2\/types\/page"}],"author":[{"embeddable":true,"href":"https:\/\/agora.xtec.cat\/ies-baix-montseny\/wp-json\/wp\/v2\/users\/3"}],"replies":[{"embeddable":true,"href":"https:\/\/agora.xtec.cat\/ies-baix-montseny\/wp-json\/wp\/v2\/comments?post=19316"}],"version-history":[{"count":5,"href":"https:\/\/agora.xtec.cat\/ies-baix-montseny\/wp-json\/wp\/v2\/pages\/19316\/revisions"}],"predecessor-version":[{"id":21424,"href":"https:\/\/agora.xtec.cat\/ies-baix-montseny\/wp-json\/wp\/v2\/pages\/19316\/revisions\/21424"}],"up":[{"embeddable":true,"href":"https:\/\/agora.xtec.cat\/ies-baix-montseny\/wp-json\/wp\/v2\/pages\/81"}],"wp:attachment":[{"href":"https:\/\/agora.xtec.cat\/ies-baix-montseny\/wp-json\/wp\/v2\/media?parent=19316"}],"curies":[{"name":"wp","href":"https:\/\/api.w.org\/{rel}","templated":true}]}}