{"id":5144,"date":"2018-10-10T18:51:12","date_gmt":"2018-10-10T16:51:12","guid":{"rendered":"http:\/\/agora.xtec.cat\/ies-arraona\/?page_id=5144"},"modified":"2023-02-14T22:22:42","modified_gmt":"2023-02-14T21:22:42","slug":"art-i-cinema","status":"publish","type":"page","link":"https:\/\/agora.xtec.cat\/ies-arraona\/projecte-educatiu\/projectes\/art-i-cinema\/","title":{"rendered":"Cinema"},"content":{"rendered":"<p><img loading=\"lazy\" decoding=\"async\" class=\"alignnone wp-image-5388\" src=\"https:\/\/agora.xtec.cat\/ies-arraona\/wp-content\/uploads\/usu1014\/2018\/11\/articinema.png\" alt=\"\" width=\"226\" height=\"169\" \/><\/p>\n<p><strong>Presentaci\u00f3<\/strong><\/p>\n<p>El cinema e\u0301s un mitja\u0300 pel qual podem expressar els nostres neguits, sentiments, fer denu\u0301ncia social, deixar volar la nostra imaginacio\u0301 narrant una histo\u0300ria, commoure a l\u2019espectador, fer-lo riure o plorar. Aprenent d\u2019exemples dels grans directors de la histo\u0300ria del cinema cada grup de treball realitzara\u0300 un curtmetratge, de ficcio\u0301 o documental, partint d\u2019una idea pro\u0300pia fins al muntatge final, on els alumnes podran expressar-se fent servir el llenguatge cinematogra\u0300fic. Tenint en compte la infinitat de temes que es poden tractar, les diferents fases de la creacio\u0301 i el fonament interdisciplinari dels equips de rodatge, aquest projecte e\u0301s altament transversal treballant sobre compete\u0300ncies d&#8217;una gran diversitat d\u2019a\u0300mbits i mate\u0300ries.<\/p>\n<p><strong><a href=\"https:\/\/agora.xtec.cat\/ies-arraona\/wp-content\/uploads\/usu1014\/2023\/02\/Programa-cinema.pdf\" target=\"_blank\" rel=\"noopener\">Programa del projecte de cinema<\/a><\/strong><\/p>\n<p><b>NIVELL:<\/b> ESO 4<\/p>\n<p>&nbsp;<\/p>\n<p>&nbsp;<\/p>\n<p><em><span style=\"font-weight: 400;\">&#8220;El cine en el que creo obliga al espectador a enfrentarse a su propia conciencia, a estimular su inteligencia.&#8221;<\/span><\/em><\/p>\n<p><strong>Presentaci\u00f3<\/strong><\/p>\n<p><span style=\"font-weight: 400;\">El projecte art i cinema realitza una introducci\u00f3 al cinema des d\u2019un punt de vista filos\u00f2fic. Comencem des de les reflexions m\u00e9s antigues al voltant de l\u2019espectacle i es projectaran una s\u00e8rie de films (a vegades tastets) contemporanis que es puguin enlla\u00e7ar amb mites antics i\/o tinguin un missatge moral.<\/span><\/p>\n<p><span style=\"font-weight: 400;\">L\u2019objectiu \u00e9s que l\u2019alumnat es vagi introduint com a comentarista de cinema. Fet que es veur\u00e0 pal\u00e8s en el blog personal que haur\u00e0 d\u2019anar construint i que abra\u00e7ar\u00e0 recensions i cr\u00edtiques cinematogr\u00e0fiques a nivell filos\u00f2fic.<\/span><\/p>\n<p>&nbsp;<\/p>\n<ol>\n<li><a href=\"http:\/\/agora.xtec.cat\/ies-arraona\/projecte-educatiu\/projectes\/art-i-cinema\/art-i-cinemacontinguts\/\"><strong>CONTINGUTS<\/strong><\/a><\/li>\n<li><strong><a href=\"http:\/\/agora.xtec.cat\/ies-arraona\/projecte-educatiu\/projectes\/art-i-cinema\/art-i-cinemametodologia\/\"><strong>COM TREBALLEM?<\/strong><\/a>\u00a0<\/strong><\/li>\n<li><a href=\"http:\/\/agora.xtec.cat\/ies-arraona\/projecte-educatiu\/projectes\/art-i-cinema\/avaluem\/\"><strong>COM AVALUEM?<\/strong><\/a><\/li>\n<\/ol>\n","protected":false},"excerpt":{"rendered":"<p>Presentaci\u00f3<br \/>\nEl cinema e\u0301s un mitja\u0300 pel qual podem expressar els nostres neguits, sentiments, fer denu\u0301ncia social, deixar volar la nostra imaginacio\u0301 narrant una histo\u0300ria, commoure a l\u2019espectador, fer-lo riure o plorar. Aprenent d\u2019exemples dels grans directors de la histo\u0300ria del cinema cada grup de treball&hellip;  <a href=\"https:\/\/agora.xtec.cat\/ies-arraona\/projecte-educatiu\/projectes\/art-i-cinema\/\" title=\"Read Cinema\">Llegeix m\u00e9s\u00bb<\/a><\/p>\n","protected":false},"author":7,"featured_media":0,"parent":3628,"menu_order":2,"comment_status":"closed","ping_status":"closed","template":"page-templates\/side-menu.php","meta":{"_bbp_topic_count":0,"_bbp_reply_count":0,"_bbp_total_topic_count":0,"_bbp_total_reply_count":0,"_bbp_voice_count":0,"_bbp_anonymous_reply_count":0,"_bbp_topic_count_hidden":0,"_bbp_reply_count_hidden":0,"_bbp_forum_subforum_count":0,"footnotes":""},"class_list":["post-5144","page","type-page","status-publish","hentry"],"post_mailing_queue_ids":[],"_links":{"self":[{"href":"https:\/\/agora.xtec.cat\/ies-arraona\/wp-json\/wp\/v2\/pages\/5144","targetHints":{"allow":["GET"]}}],"collection":[{"href":"https:\/\/agora.xtec.cat\/ies-arraona\/wp-json\/wp\/v2\/pages"}],"about":[{"href":"https:\/\/agora.xtec.cat\/ies-arraona\/wp-json\/wp\/v2\/types\/page"}],"author":[{"embeddable":true,"href":"https:\/\/agora.xtec.cat\/ies-arraona\/wp-json\/wp\/v2\/users\/7"}],"replies":[{"embeddable":true,"href":"https:\/\/agora.xtec.cat\/ies-arraona\/wp-json\/wp\/v2\/comments?post=5144"}],"version-history":[{"count":3,"href":"https:\/\/agora.xtec.cat\/ies-arraona\/wp-json\/wp\/v2\/pages\/5144\/revisions"}],"predecessor-version":[{"id":11402,"href":"https:\/\/agora.xtec.cat\/ies-arraona\/wp-json\/wp\/v2\/pages\/5144\/revisions\/11402"}],"up":[{"embeddable":true,"href":"https:\/\/agora.xtec.cat\/ies-arraona\/wp-json\/wp\/v2\/pages\/3628"}],"wp:attachment":[{"href":"https:\/\/agora.xtec.cat\/ies-arraona\/wp-json\/wp\/v2\/media?parent=5144"}],"curies":[{"name":"wp","href":"https:\/\/api.w.org\/{rel}","templated":true}]}}