{"id":11341,"date":"2023-02-14T18:10:09","date_gmt":"2023-02-14T17:10:09","guid":{"rendered":"https:\/\/agora.xtec.cat\/ies-arraona\/?page_id=11341"},"modified":"2023-02-14T22:15:36","modified_gmt":"2023-02-14T21:15:36","slug":"humhist","status":"publish","type":"page","link":"https:\/\/agora.xtec.cat\/ies-arraona\/projecte-educatiu\/projectes\/humhist\/","title":{"rendered":"N\u00fameros hist\u00f2rics"},"content":{"rendered":"<p><img loading=\"lazy\" decoding=\"async\" class=\"alignnone wp-image-5388\" src=\"https:\/\/agora.xtec.cat\/ies-arraona\/wp-content\/uploads\/usu1014\/2023\/02\/humhist.jpg\" alt=\"\" width=\"226\" height=\"169\" \/><\/p>\n<p><strong>Presentaci\u00f3<\/strong><\/p>\n<p>El projecte n\u00fameros hist\u00f2rics pret\u00e9n aproximar l\u2019alumnat a la presentaci\u00f3 de dades estad\u00edstiques o atzar durant el context hist\u00f2ric del per\u00edode d\u2019entreguerres (1919-1939) i la Segona Guerra Mundial (1939-1945). La motivaci\u00f3 i la creativitat de l\u2019alumnat en aquest projecte seran dos valors fonamentals per obtenir un producte final basat en la combinaci\u00f3 de la hist\u00f2ria i les matem\u00e0tiques del per\u00edode estudiat.<\/p>\n<p><strong><a href=\"https:\/\/agora.xtec.cat\/ies-arraona\/wp-content\/uploads\/usu1014\/2023\/02\/ProgramaNumHIst.pdf\" target=\"_blank\" rel=\"noopener\">Programa del projecte de n\u00fameros hist\u00f2rics<\/a><\/strong><\/p>\n<p><b>NIVELL:<\/b> ESO 4<\/p>\n","protected":false},"excerpt":{"rendered":"<p>Presentaci\u00f3<br \/>\nEl projecte n\u00fameros hist\u00f2rics pret\u00e9n aproximar l\u2019alumnat a la presentaci\u00f3 de dades estad\u00edstiques o atzar durant el context hist\u00f2ric del per\u00edode d\u2019entreguerres (1919-1939) i la Segona Guerra Mundial (1939-1945). La motivaci\u00f3 i la creativitat de l\u2019alumnat en aquest projecte seran dos valors fonamentals per obtenir&hellip;  <a href=\"https:\/\/agora.xtec.cat\/ies-arraona\/projecte-educatiu\/projectes\/humhist\/\" title=\"Read N\u00fameros hist\u00f2rics\">Llegeix m\u00e9s\u00bb<\/a><\/p>\n","protected":false},"author":7,"featured_media":0,"parent":3628,"menu_order":10,"comment_status":"closed","ping_status":"closed","template":"page-templates\/side-menu.php","meta":{"_bbp_topic_count":0,"_bbp_reply_count":0,"_bbp_total_topic_count":0,"_bbp_total_reply_count":0,"_bbp_voice_count":0,"_bbp_anonymous_reply_count":0,"_bbp_topic_count_hidden":0,"_bbp_reply_count_hidden":0,"_bbp_forum_subforum_count":0,"footnotes":""},"class_list":["post-11341","page","type-page","status-publish","hentry"],"post_mailing_queue_ids":[],"_links":{"self":[{"href":"https:\/\/agora.xtec.cat\/ies-arraona\/wp-json\/wp\/v2\/pages\/11341","targetHints":{"allow":["GET"]}}],"collection":[{"href":"https:\/\/agora.xtec.cat\/ies-arraona\/wp-json\/wp\/v2\/pages"}],"about":[{"href":"https:\/\/agora.xtec.cat\/ies-arraona\/wp-json\/wp\/v2\/types\/page"}],"author":[{"embeddable":true,"href":"https:\/\/agora.xtec.cat\/ies-arraona\/wp-json\/wp\/v2\/users\/7"}],"replies":[{"embeddable":true,"href":"https:\/\/agora.xtec.cat\/ies-arraona\/wp-json\/wp\/v2\/comments?post=11341"}],"version-history":[{"count":3,"href":"https:\/\/agora.xtec.cat\/ies-arraona\/wp-json\/wp\/v2\/pages\/11341\/revisions"}],"predecessor-version":[{"id":11399,"href":"https:\/\/agora.xtec.cat\/ies-arraona\/wp-json\/wp\/v2\/pages\/11341\/revisions\/11399"}],"up":[{"embeddable":true,"href":"https:\/\/agora.xtec.cat\/ies-arraona\/wp-json\/wp\/v2\/pages\/3628"}],"wp:attachment":[{"href":"https:\/\/agora.xtec.cat\/ies-arraona\/wp-json\/wp\/v2\/media?parent=11341"}],"curies":[{"name":"wp","href":"https:\/\/api.w.org\/{rel}","templated":true}]}}