{"id":11320,"date":"2023-02-14T17:53:36","date_gmt":"2023-02-14T16:53:36","guid":{"rendered":"https:\/\/agora.xtec.cat\/ies-arraona\/?page_id=11320"},"modified":"2023-02-14T23:12:44","modified_gmt":"2023-02-14T22:12:44","slug":"arraonaviatges","status":"publish","type":"page","link":"https:\/\/agora.xtec.cat\/ies-arraona\/projecte-educatiu\/projectes\/arraonaviatges\/","title":{"rendered":"Arraona viatges"},"content":{"rendered":"<p><img loading=\"lazy\" decoding=\"async\" class=\"alignnone wp-image-5388\" src=\"https:\/\/agora.xtec.cat\/ies-arraona\/wp-content\/uploads\/usu1014\/2023\/02\/ArraonaViatges.jpg\" alt=\"\" width=\"226\" height=\"169\" \/><\/p>\n<p><strong>Presentaci\u00f3<\/strong><\/p>\n<p>El nostre projecte est\u00e0 enfocat perqu\u00e8 els nostres alumnes siguin capa\u00e7os d\u2019organitzar un viatge. El punt de partida ser\u00e0 triar la destinaci\u00f3, cercar-ne informaci\u00f3 i dissenyar el viatge (transport, allotjament, activitats culturals, etc.).<br \/>\nA m\u00e9s, donat que es tracta d\u2019un treball integrat de lleng\u00fces, s\u2019han dissenyat les tasques amb l\u2019objectiu que es puguin utilitzar totes les lleng\u00fces dins de la mateixa activitat, independentment de la situaci\u00f3 comunicativa.<\/p>\n<p><a href=\"https:\/\/agora.xtec.cat\/ies-arraona\/wp-content\/uploads\/usu1014\/2023\/02\/Projecte-VIATGEs.pdf\" target=\"_blank\" rel=\"noopener\"><strong>Programa del projecte d&#8217;Arraona viatges<\/strong><\/a><\/p>\n<p><b>NIVELL:<\/b> ESO 1<\/p>\n","protected":false},"excerpt":{"rendered":"<p>Presentaci\u00f3<br \/>\nEl nostre projecte est\u00e0 enfocat perqu\u00e8 els nostres alumnes siguin capa\u00e7os d\u2019organitzar un viatge. El punt de partida ser\u00e0 triar la destinaci\u00f3, cercar-ne informaci\u00f3 i dissenyar el viatge (transport, allotjament, activitats culturals, etc.).<br \/>\nA m\u00e9s, donat que es tracta d\u2019un treball integrat de lleng\u00fces, s\u2019han dissenyat&hellip;  <a href=\"https:\/\/agora.xtec.cat\/ies-arraona\/projecte-educatiu\/projectes\/arraonaviatges\/\" title=\"Read Arraona viatges\">Llegeix m\u00e9s\u00bb<\/a><\/p>\n","protected":false},"author":7,"featured_media":0,"parent":3628,"menu_order":1,"comment_status":"closed","ping_status":"closed","template":"page-templates\/side-menu.php","meta":{"_bbp_topic_count":0,"_bbp_reply_count":0,"_bbp_total_topic_count":0,"_bbp_total_reply_count":0,"_bbp_voice_count":0,"_bbp_anonymous_reply_count":0,"_bbp_topic_count_hidden":0,"_bbp_reply_count_hidden":0,"_bbp_forum_subforum_count":0,"footnotes":""},"class_list":["post-11320","page","type-page","status-publish","hentry"],"post_mailing_queue_ids":[],"_links":{"self":[{"href":"https:\/\/agora.xtec.cat\/ies-arraona\/wp-json\/wp\/v2\/pages\/11320","targetHints":{"allow":["GET"]}}],"collection":[{"href":"https:\/\/agora.xtec.cat\/ies-arraona\/wp-json\/wp\/v2\/pages"}],"about":[{"href":"https:\/\/agora.xtec.cat\/ies-arraona\/wp-json\/wp\/v2\/types\/page"}],"author":[{"embeddable":true,"href":"https:\/\/agora.xtec.cat\/ies-arraona\/wp-json\/wp\/v2\/users\/7"}],"replies":[{"embeddable":true,"href":"https:\/\/agora.xtec.cat\/ies-arraona\/wp-json\/wp\/v2\/comments?post=11320"}],"version-history":[{"count":3,"href":"https:\/\/agora.xtec.cat\/ies-arraona\/wp-json\/wp\/v2\/pages\/11320\/revisions"}],"predecessor-version":[{"id":11423,"href":"https:\/\/agora.xtec.cat\/ies-arraona\/wp-json\/wp\/v2\/pages\/11320\/revisions\/11423"}],"up":[{"embeddable":true,"href":"https:\/\/agora.xtec.cat\/ies-arraona\/wp-json\/wp\/v2\/pages\/3628"}],"wp:attachment":[{"href":"https:\/\/agora.xtec.cat\/ies-arraona\/wp-json\/wp\/v2\/media?parent=11320"}],"curies":[{"name":"wp","href":"https:\/\/api.w.org\/{rel}","templated":true}]}}