{"id":9231,"date":"2018-03-08T08:27:37","date_gmt":"2018-03-08T07:27:37","guid":{"rendered":"http:\/\/agora.xtec.cat\/ies-antoni-pous\/?page_id=9231"},"modified":"2023-11-15T09:49:31","modified_gmt":"2023-11-15T08:49:31","slug":"el-catala-al-mon","status":"publish","type":"page","link":"https:\/\/agora.xtec.cat\/ies-antoni-pous\/projectes-2\/el-catala-al-mon\/","title":{"rendered":"El catal\u00e0 al m\u00f3n"},"content":{"rendered":"<p><a href=\"http:\/\/agora.xtec.cat\/ies-antoni-pous\/wp-content\/uploads\/usu283\/2018\/03\/Projecte-El-catal\u00e0-al-m\u00f3n-000.jpg\"><img loading=\"lazy\" decoding=\"async\" class=\"alignnone size-large wp-image-9233\" src=\"http:\/\/agora.xtec.cat\/ies-antoni-pous\/wp-content\/uploads\/usu283\/2018\/03\/Projecte-El-catal\u00e0-al-m\u00f3n-000-1024x401.jpg\" alt=\"\" width=\"1024\" height=\"401\" srcset=\"https:\/\/agora.xtec.cat\/ies-antoni-pous\/wp-content\/uploads\/usu283\/2018\/03\/Projecte-El-catal\u00e0-al-m\u00f3n-000-1024x401.jpg 1024w, https:\/\/agora.xtec.cat\/ies-antoni-pous\/wp-content\/uploads\/usu283\/2018\/03\/Projecte-El-catal\u00e0-al-m\u00f3n-000-300x118.jpg 300w, https:\/\/agora.xtec.cat\/ies-antoni-pous\/wp-content\/uploads\/usu283\/2018\/03\/Projecte-El-catal\u00e0-al-m\u00f3n-000-768x301.jpg 768w, https:\/\/agora.xtec.cat\/ies-antoni-pous\/wp-content\/uploads\/usu283\/2018\/03\/Projecte-El-catal\u00e0-al-m\u00f3n-000.jpg 1371w\" sizes=\"auto, (max-width: 1024px) 100vw, 1024px\" \/><\/a><\/p>\n<p>L\u2019Antoni Pous ha vist la necessitat d\u2019adaptar les metodologies de treball a les aules, i \u00e9s per aix\u00f2 que ha potenciat el treball per projectes.<\/p>\n<p>Entre els projectes que s\u2019estan elaborant est\u00e0 el d\u2019El catal\u00e0 al m\u00f3n, en el qual des de l\u2019\u00e0rea de lleng\u00fces, mostrarem als nostres alumnes que no tan sols a<br \/>\nCatalunya es parla la nostra llengua. Tamb\u00e9 veurem que amb els territoris de parla catalana ens uneixen no tan sols aspectes ling\u00fc\u00edstics, si no tamb\u00e9<br \/>\nhist\u00f2rics.<\/p>\n<p>Aquesta iniciativa promou la col\u00b7laboraci\u00f3 escolar mitjan\u00e7ant les noves tecnologies, que ens oferiran les eines i els serveis necessaris per a facilitar-nos<br \/>\nl\u2019associaci\u00f3 i el desenvolupament de projectes comuns.<\/p>\n<p>Ens posarem en contacte amb diversos centres d\u2019ensenyament, d\u2019arreu dels territoris de parla catalana, per intercanviar correus electr\u00f2nics, v\u00eddeos i<br \/>\ngravacions de so amb els estudiants, amb la finalitat d\u2019observar la diversitat ling\u00fc\u00edstica del catal\u00e0, tant a nivell sem\u00e0ntic, fon\u00e8tic, etc.<\/p>\n<p>Tamb\u00e9 es t\u00e9 la intenci\u00f3 de fer intercanvis al 2n any del projecte, amb els alumnes col\u00b7laboradors.<\/p>\n<p><strong>Els objectius que ens plantegem s\u00f3n:<\/strong><\/p>\n<ol>\n<li>Millorar la metodologia i les compet\u00e8ncies ling\u00fc\u00edstiques.<\/li>\n<li>Con\u00e8ixer altres entorns virtuals d\u2019aprenentatge.<\/li>\n<li>Analitzar caracter\u00edstiques i criteris de qualitat.<\/li>\n<li>Observar classes per analitzar la metodologia utilitzada, la gesti\u00f3, i<br \/>\nl\u2019impacte dels resultats.<\/li>\n<li>Fer un intercanvi de bones pr\u00e0ctiques.<\/li>\n<li>Utilitzar les noves tecnologies per apropar dist\u00e0ncies.<\/li>\n<li>Fer Intercanvi d\u2019alumnes.<\/li>\n<\/ol>\n<p>Acc\u00e9s a la web &#8220;<a href=\"https:\/\/sites.google.com\/xtec.cat\/elcatalaalmon\/presentaci%C3%B3-del-projecte\" target=\"_blank\" rel=\"noopener noreferrer\">El catal\u00e0 al m\u00f3n<\/a>&#8221; (restringit a usuaris)<\/p>\n","protected":false},"excerpt":{"rendered":"<p>L\u2019Antoni Pous ha vist la necessitat d\u2019adaptar les metodologies de treball a les aules, i \u00e9s per aix\u00f2 que ha [&hellip;]<\/p>\n","protected":false},"author":1,"featured_media":0,"parent":57,"menu_order":3,"comment_status":"closed","ping_status":"closed","template":"page-templates\/side-menu.php","meta":{"_bbp_topic_count":0,"_bbp_reply_count":0,"_bbp_total_topic_count":0,"_bbp_total_reply_count":0,"_bbp_voice_count":0,"_bbp_anonymous_reply_count":0,"_bbp_topic_count_hidden":0,"_bbp_reply_count_hidden":0,"_bbp_forum_subforum_count":0,"site-sidebar-layout":"default","site-content-layout":"","ast-site-content-layout":"","site-content-style":"default","site-sidebar-style":"default","ast-global-header-display":"","ast-banner-title-visibility":"","ast-main-header-display":"","ast-hfb-above-header-display":"","ast-hfb-below-header-display":"","ast-hfb-mobile-header-display":"","site-post-title":"","ast-breadcrumbs-content":"","ast-featured-img":"","footer-sml-layout":"","theme-transparent-header-meta":"","adv-header-id-meta":"","stick-header-meta":"","header-above-stick-meta":"","header-main-stick-meta":"","header-below-stick-meta":"","astra-migrate-meta-layouts":"default","ast-page-background-enabled":"default","ast-page-background-meta":{"desktop":{"background-color":"var(--ast-global-color-4)","background-image":"","background-repeat":"repeat","background-position":"center center","background-size":"auto","background-attachment":"scroll","background-type":"","background-media":"","overlay-type":"","overlay-color":"","overlay-opacity":"","overlay-gradient":""},"tablet":{"background-color":"","background-image":"","background-repeat":"repeat","background-position":"center center","background-size":"auto","background-attachment":"scroll","background-type":"","background-media":"","overlay-type":"","overlay-color":"","overlay-opacity":"","overlay-gradient":""},"mobile":{"background-color":"","background-image":"","background-repeat":"repeat","background-position":"center center","background-size":"auto","background-attachment":"scroll","background-type":"","background-media":"","overlay-type":"","overlay-color":"","overlay-opacity":"","overlay-gradient":""}},"ast-content-background-meta":{"desktop":{"background-color":"var(--ast-global-color-5)","background-image":"","background-repeat":"repeat","background-position":"center center","background-size":"auto","background-attachment":"scroll","background-type":"","background-media":"","overlay-type":"","overlay-color":"","overlay-opacity":"","overlay-gradient":""},"tablet":{"background-color":"var(--ast-global-color-5)","background-image":"","background-repeat":"repeat","background-position":"center center","background-size":"auto","background-attachment":"scroll","background-type":"","background-media":"","overlay-type":"","overlay-color":"","overlay-opacity":"","overlay-gradient":""},"mobile":{"background-color":"var(--ast-global-color-5)","background-image":"","background-repeat":"repeat","background-position":"center center","background-size":"auto","background-attachment":"scroll","background-type":"","background-media":"","overlay-type":"","overlay-color":"","overlay-opacity":"","overlay-gradient":""}},"footnotes":""},"class_list":["post-9231","page","type-page","status-publish","hentry"],"post_mailing_queue_ids":[],"_links":{"self":[{"href":"https:\/\/agora.xtec.cat\/ies-antoni-pous\/wp-json\/wp\/v2\/pages\/9231","targetHints":{"allow":["GET"]}}],"collection":[{"href":"https:\/\/agora.xtec.cat\/ies-antoni-pous\/wp-json\/wp\/v2\/pages"}],"about":[{"href":"https:\/\/agora.xtec.cat\/ies-antoni-pous\/wp-json\/wp\/v2\/types\/page"}],"author":[{"embeddable":true,"href":"https:\/\/agora.xtec.cat\/ies-antoni-pous\/wp-json\/wp\/v2\/users\/1"}],"replies":[{"embeddable":true,"href":"https:\/\/agora.xtec.cat\/ies-antoni-pous\/wp-json\/wp\/v2\/comments?post=9231"}],"version-history":[{"count":3,"href":"https:\/\/agora.xtec.cat\/ies-antoni-pous\/wp-json\/wp\/v2\/pages\/9231\/revisions"}],"predecessor-version":[{"id":9462,"href":"https:\/\/agora.xtec.cat\/ies-antoni-pous\/wp-json\/wp\/v2\/pages\/9231\/revisions\/9462"}],"up":[{"embeddable":true,"href":"https:\/\/agora.xtec.cat\/ies-antoni-pous\/wp-json\/wp\/v2\/pages\/57"}],"wp:attachment":[{"href":"https:\/\/agora.xtec.cat\/ies-antoni-pous\/wp-json\/wp\/v2\/media?parent=9231"}],"curies":[{"name":"wp","href":"https:\/\/api.w.org\/{rel}","templated":true}]}}