{"id":13669,"date":"2022-12-02T11:47:20","date_gmt":"2022-12-02T10:47:20","guid":{"rendered":"https:\/\/agora.xtec.cat\/ies-antoni-pous\/?page_id=13669"},"modified":"2023-09-14T14:27:27","modified_gmt":"2023-09-14T12:27:27","slug":"objectius","status":"publish","type":"page","link":"https:\/\/agora.xtec.cat\/ies-antoni-pous\/linstitut\/estrategia-digital-de-centre\/part-estrategica\/objectius\/","title":{"rendered":"Objectius"},"content":{"rendered":"<p><span style=\"font-weight: 400;\">Despr\u00e9s de realitzar la diagnosi del centre i amb els resultats obtinguts es van establir els punts forts i punts febles que ens han perm\u00e8s definir els seg\u00fcents objectius en conson\u00e0ncia amb la visi\u00f3 de centre i dels objectius del PEC. Aquests <\/span>objectius, que on els que des del centre s&#8217;ha considerat prioritaris, s&#8217;hauran de desenvolupar en un termini de 3-4 anys.<\/p>\n<ul>\n<li style=\"font-weight: 400;\" aria-level=\"3\"><b>OBJECTIU 1: <\/b><span style=\"font-weight: 400;\">Planificar el desplegament i avaluaci\u00f3 de les compet\u00e8ncies digitals de l&#8217;alumnat en diferents nivells formatius per tal de fer-ne un seguiment i garantir-ne el seu assoliment.<\/span><\/li>\n<li style=\"font-weight: 400;\" aria-level=\"3\"><b>OBJECTIU 2: <\/b><span style=\"font-weight: 400;\">Planificar la formaci\u00f3 del professorat en l&#8217;\u00e0mbit digital per garantir la millora de la seva compet\u00e8ncia digital.<\/span><\/li>\n<li style=\"font-weight: 400;\" aria-level=\"3\"><b>OBJECTIU 3:<\/b><span style=\"font-weight: 400;\"> Revisar i actualitzar la documentaci\u00f3 que formar\u00e0 part de la cultura digital de centre amb la finalitat de donar-la a con\u00e8ixer a la comunitat educativa.<\/span><\/li>\n<li style=\"font-weight: 400;\" aria-level=\"3\"><strong>OBJECTIU 4.1:<\/strong> Dissenyar i implementar eines digitals per tal de facilitar el proc\u00e9s de recollida, interpretaci\u00f3 i avaluaci\u00f3 de la informaci\u00f3 de l&#8217;alumnat de Cicles Formatius.<\/li>\n<li aria-level=\"3\"><strong>OBJECTIU 4.2:<\/strong> Implementar la t\u00e8cnica de simulacions virtuals a l&#8217;Aula tecnol\u00f2gica del Cicle Formatiu de TAPSD per tal de millorar el proc\u00e9s formatiu d&#8217;ensenyament aprenentatge.<\/li>\n<li aria-level=\"3\"><strong>OBJECTIU 4.3<\/strong> Implementar un itinerari curricular transversal a tots els nivells en pensament computacional i rob\u00f2tica per millorar la compet\u00e8ncia digital de l&#8217;alumnat.<\/li>\n<li style=\"font-weight: 400;\" aria-level=\"3\"><b style=\"font-family: inherit; font-size: 1em;\">OBJECTIU 5:<\/b><span style=\"font-weight: 400;\"> Capacitar a la comunitat educativa en seguretat i protecci\u00f3 de dades per conscienciar dels riscos de la xarxa i adaptar-se a la normativa vigent<\/span><b style=\"font-family: inherit; font-size: 1em;\">.<\/b><\/li>\n<\/ul>\n<p><a href=\"https:\/\/agora.xtec.cat\/ies-antoni-pous\/linstitut\/estrategia-digital-de-centre\/part-estrategica\/\"><img loading=\"lazy\" decoding=\"async\" class=\"wp-image-14078 alignright\" src=\"https:\/\/agora.xtec.cat\/ies-antoni-pous\/wp-content\/uploads\/usu283\/2023\/06\/enrere.jpg\" alt=\"\" width=\"62\" height=\"44\" \/><\/a><\/p>\n","protected":false},"excerpt":{"rendered":"<p>Despr\u00e9s de realitzar la diagnosi del centre i amb els resultats obtinguts es van establir els punts forts i punts [&hellip;]<\/p>\n","protected":false},"author":1,"featured_media":0,"parent":13435,"menu_order":0,"comment_status":"closed","ping_status":"closed","template":"","meta":{"_bbp_topic_count":0,"_bbp_reply_count":0,"_bbp_total_topic_count":0,"_bbp_total_reply_count":0,"_bbp_voice_count":0,"_bbp_anonymous_reply_count":0,"_bbp_topic_count_hidden":0,"_bbp_reply_count_hidden":0,"_bbp_forum_subforum_count":0,"site-sidebar-layout":"default","site-content-layout":"","ast-site-content-layout":"","site-content-style":"default","site-sidebar-style":"default","ast-global-header-display":"","ast-banner-title-visibility":"","ast-main-header-display":"","ast-hfb-above-header-display":"","ast-hfb-below-header-display":"","ast-hfb-mobile-header-display":"","site-post-title":"","ast-breadcrumbs-content":"","ast-featured-img":"","footer-sml-layout":"","theme-transparent-header-meta":"","adv-header-id-meta":"","stick-header-meta":"","header-above-stick-meta":"","header-main-stick-meta":"","header-below-stick-meta":"","astra-migrate-meta-layouts":"default","ast-page-background-enabled":"default","ast-page-background-meta":{"desktop":{"background-color":"var(--ast-global-color-4)","background-image":"","background-repeat":"repeat","background-position":"center center","background-size":"auto","background-attachment":"scroll","background-type":"","background-media":"","overlay-type":"","overlay-color":"","overlay-opacity":"","overlay-gradient":""},"tablet":{"background-color":"","background-image":"","background-repeat":"repeat","background-position":"center center","background-size":"auto","background-attachment":"scroll","background-type":"","background-media":"","overlay-type":"","overlay-color":"","overlay-opacity":"","overlay-gradient":""},"mobile":{"background-color":"","background-image":"","background-repeat":"repeat","background-position":"center center","background-size":"auto","background-attachment":"scroll","background-type":"","background-media":"","overlay-type":"","overlay-color":"","overlay-opacity":"","overlay-gradient":""}},"ast-content-background-meta":{"desktop":{"background-color":"var(--ast-global-color-5)","background-image":"","background-repeat":"repeat","background-position":"center center","background-size":"auto","background-attachment":"scroll","background-type":"","background-media":"","overlay-type":"","overlay-color":"","overlay-opacity":"","overlay-gradient":""},"tablet":{"background-color":"var(--ast-global-color-5)","background-image":"","background-repeat":"repeat","background-position":"center center","background-size":"auto","background-attachment":"scroll","background-type":"","background-media":"","overlay-type":"","overlay-color":"","overlay-opacity":"","overlay-gradient":""},"mobile":{"background-color":"var(--ast-global-color-5)","background-image":"","background-repeat":"repeat","background-position":"center center","background-size":"auto","background-attachment":"scroll","background-type":"","background-media":"","overlay-type":"","overlay-color":"","overlay-opacity":"","overlay-gradient":""}},"footnotes":""},"class_list":["post-13669","page","type-page","status-publish","hentry"],"post_mailing_queue_ids":[],"_links":{"self":[{"href":"https:\/\/agora.xtec.cat\/ies-antoni-pous\/wp-json\/wp\/v2\/pages\/13669","targetHints":{"allow":["GET"]}}],"collection":[{"href":"https:\/\/agora.xtec.cat\/ies-antoni-pous\/wp-json\/wp\/v2\/pages"}],"about":[{"href":"https:\/\/agora.xtec.cat\/ies-antoni-pous\/wp-json\/wp\/v2\/types\/page"}],"author":[{"embeddable":true,"href":"https:\/\/agora.xtec.cat\/ies-antoni-pous\/wp-json\/wp\/v2\/users\/1"}],"replies":[{"embeddable":true,"href":"https:\/\/agora.xtec.cat\/ies-antoni-pous\/wp-json\/wp\/v2\/comments?post=13669"}],"version-history":[{"count":4,"href":"https:\/\/agora.xtec.cat\/ies-antoni-pous\/wp-json\/wp\/v2\/pages\/13669\/revisions"}],"predecessor-version":[{"id":14529,"href":"https:\/\/agora.xtec.cat\/ies-antoni-pous\/wp-json\/wp\/v2\/pages\/13669\/revisions\/14529"}],"up":[{"embeddable":true,"href":"https:\/\/agora.xtec.cat\/ies-antoni-pous\/wp-json\/wp\/v2\/pages\/13435"}],"wp:attachment":[{"href":"https:\/\/agora.xtec.cat\/ies-antoni-pous\/wp-json\/wp\/v2\/media?parent=13669"}],"curies":[{"name":"wp","href":"https:\/\/api.w.org\/{rel}","templated":true}]}}