{"id":11472,"date":"2020-09-28T17:38:06","date_gmt":"2020-09-28T15:38:06","guid":{"rendered":"https:\/\/agora.xtec.cat\/ies-antoni-pous\/?page_id=11472"},"modified":"2025-09-19T20:29:47","modified_gmt":"2025-09-19T18:29:47","slug":"convalidacions-2","status":"publish","type":"page","link":"https:\/\/agora.xtec.cat\/ies-antoni-pous\/secretaria\/convalidacions-2\/","title":{"rendered":"Convalidacions"},"content":{"rendered":"<p><strong>Convalidacions<\/strong><\/p>\n<p>El procediment de sol\u00b7licitud de convalidaci\u00f3 es pot consultar amb el tutor\/a de grup (m\u00f2dul de tutoria).<\/p>\n<p>Els terminis de sol\u00b7licitud \u00e9s fins el:\u00a0 24 d\u2019octubre *amb excepcions segons situaci\u00f3.<\/p>\n<p>Procediment:<\/p>\n<p>1.- Emplenar el formulari segons cicle, i adjuntar tota la documentaci\u00f3. No cal demanar acc\u00e9s d&#8217;edici\u00f3 al document, cal descarregar i penjar-lo.\u00a0<a href=\"https:\/\/drive.google.com\/file\/d\/127rTK5n0rTSiBivmlEehI0nWDJn2zVi8\/view?usp=sharing\" target=\"_blank\" rel=\"noopener\" data-saferedirecturl=\"https:\/\/www.google.com\/url?q=https:\/\/drive.google.com\/file\/d\/127rTK5n0rTSiBivmlEehI0nWDJn2zVi8\/view?usp%3Dsharing&amp;source=gmail&amp;ust=1694698711222000&amp;usg=AOvVaw0T57ag5K7RV4lNUAl7WSa8\"><span id=\"m_-467608583948391035mt-tracked-link_2_1694586545759\"><\/span>Enlla\u00e7 a la sol.l\u00edcitud.<\/a><\/p>\n<p><a href=\"https:\/\/forms.gle\/1ndDyuWVDUSM9TM58\" target=\"_blank\" rel=\"noopener\" data-saferedirecturl=\"https:\/\/www.google.com\/url?q=https:\/\/forms.gle\/1ndDyuWVDUSM9TM58&amp;source=gmail&amp;ust=1694698711223000&amp;usg=AOvVaw2NGL4r_QvYl4ebg_FLvnPk\"><span id=\"m_-467608583948391035mt-tracked-link_2_1694586828218\"><\/span>FORMULARI TIS<\/a><\/p>\n<p><a href=\"https:\/\/forms.gle\/3KFrHHhAvWMTe5Qx7\" target=\"_blank\" rel=\"noopener\" data-saferedirecturl=\"https:\/\/www.google.com\/url?q=https:\/\/forms.gle\/3KFrHHhAvWMTe5Qx7&amp;source=gmail&amp;ust=1694698711223000&amp;usg=AOvVaw2AvHahLM1pZswfOUxuvBEd\"><span id=\"m_-467608583948391035mt-tracked-link_2_1694586877349\"><\/span>FORMULARI TEI<\/a><\/p>\n<p><a href=\"https:\/\/forms.gle\/KXT5cpxckfsGJPnk7\" target=\"_blank\" rel=\"noopener\" data-saferedirecturl=\"https:\/\/www.google.com\/url?q=https:\/\/forms.gle\/KXT5cpxckfsGJPnk7&amp;source=gmail&amp;ust=1694698711223000&amp;usg=AOvVaw1oZmLRfM9k1AmVYBVNgyTf\"><span id=\"m_-467608583948391035mt-tracked-link_2_1694586899052\"><\/span>FORMULARI TAPSD i TAPSD\/CAI<\/a><\/p>\n<p><a href=\"https:\/\/forms.gle\/ud25J3L18MKJzAsMA\" target=\"_blank\" rel=\"noopener\" data-saferedirecturl=\"https:\/\/www.google.com\/url?q=https:\/\/forms.gle\/ud25J3L18MKJzAsMA&amp;source=gmail&amp;ust=1694698711223000&amp;usg=AOvVaw0fMTsttBlqqD9DzzpYOh-S\"><span id=\"m_-467608583948391035mt-tracked-link_2_1694586919015\"><\/span>FORMULARI EAS<\/a><\/p>\n<p><a href=\"https:\/\/forms.gle\/X2dCjkzag6ThiU477\" target=\"_blank\" rel=\"noopener\" data-saferedirecturl=\"https:\/\/www.google.com\/url?q=https:\/\/forms.gle\/X2dCjkzag6ThiU477&amp;source=gmail&amp;ust=1694698711223000&amp;usg=AOvVaw0WJb_OsMNqL-lKthGwBp9q\"><span id=\"m_-467608583948391035mt-tracked-link_2_1694586950301\"><\/span>FORMULARI GMNTLL<\/a><\/p>\n<p>2.- Pots consultar les taules de convalidacions:<\/p>\n<p><a href=\"https:\/\/agora.xtec.cat\/ies-antoni-pous\/wp-content\/uploads\/usu283\/2025\/09\/AEA0-CFGS-Ensenyament-i-animacio-socioesportiva-25_26.pdf\">AEA0 &#8211; CFGS Ensenyament i animaci\u00f3 socioesportiva 25_26<\/a><br \/>\n<a href=\"https:\/\/agora.xtec.cat\/ies-antoni-pous\/wp-content\/uploads\/usu283\/2025\/09\/AE10-CFGM-Guia-en-el-medi-natural-i-de-temps-de-lleure-25_26.pdf\">AE10 &#8211; CFGM Guia en el medi natural i de temps de lleure 25_26<\/a><br \/>\n<a href=\"https:\/\/agora.xtec.cat\/ies-antoni-pous\/wp-content\/uploads\/usu283\/2025\/09\/SC10-CFGM-Atencio-a-persones-en-situacio-de-dependencia_2526.pdf\">SC10 &#8211; CFGM Atenci\u00f3 a persones en situaci\u00f3 de depend\u00e8ncia_2526<\/a><br \/>\n<a href=\"https:\/\/agora.xtec.cat\/ies-antoni-pous\/wp-content\/uploads\/usu283\/2025\/09\/1601-CFGM-Cures-auxiliars-dinfermeria_2425_LOGSE.pdf\">1601 &#8211; CFGM Cures auxiliars dinfermeria_2425_LOGSE<\/a><br \/>\n<a href=\"https:\/\/agora.xtec.cat\/ies-antoni-pous\/wp-content\/uploads\/usu283\/2025\/09\/SCB0-CFGS-Educacio-infantil-25_26.pdf\">SCB0 &#8211; CFGS Educaci\u00f3 infantil 25_26<\/a><br \/>\n<a href=\"https:\/\/agora.xtec.cat\/ies-antoni-pous\/wp-content\/uploads\/usu283\/2025\/09\/SCC0-CFGS-Integracio-social-25_26.pdf\">SCC0 &#8211; CFGS Integraci\u00f3 social 25_26<\/a><br \/>\n<a href=\"https:\/\/agora.xtec.cat\/ies-antoni-pous\/wp-content\/uploads\/usu283\/2025\/09\/IPO_DIGIT_SOST_2425_noupla-5.pdf\">IPO_DIGIT_SOST_2425_noupla (5)<\/a><br \/>\n<a href=\"https:\/\/agora.xtec.cat\/ies-antoni-pous\/wp-content\/uploads\/usu283\/2025\/09\/Llengua-estrangera_2425_noupla-5.pdf\">Llengua estrangera_2425_noupla (5)<\/a><\/p>\n<p>3.- Les sol\u00b7licituds signades, anotant els m\u00f2duls, UF\u2019s a convalidar i adjuntant documentaci\u00f3 compulsada acreditativa.<\/p>\n<p>4.- Una vegada resolta la convalidaci\u00f3 les oficines enviaran la resoluci\u00f3 signada al correu electr\u00f2nic de\u00a0 l\u2019alumne\/a. Es recomana assistir a classe fins a obtenir el vist- i-plau de secretaria.<\/p>\n<p>5.- L\u2019alumne\/a haur\u00e0 d\u2019informar al professorat implicat dels m\u00f2duls\/UF convalidats presentant la resoluci\u00f3.<\/p>\n<p>Els alumnes matriculats a l\u2019Institut poden fer consultes al seu tutor\/a de grup o individual\u00a0o a coordinaci\u00f3 pedag\u00f2gica FP.<\/p>\n<p><a href=\"https:\/\/agora.xtec.cat\/ies-antoni-pous\/wp-content\/uploads\/usu283\/2023\/09\/Sol.licitudConvalidacioemplenable.pdf\">Sol.licitudConvalidacioemplenable<\/a><\/p>\n<p>&nbsp;<\/p>\n","protected":false},"excerpt":{"rendered":"<p>Convalidacions El procediment de sol\u00b7licitud de convalidaci\u00f3 es pot consultar amb el tutor\/a de grup (m\u00f2dul de tutoria). Els terminis [&hellip;]<\/p>\n","protected":false},"author":1,"featured_media":0,"parent":2005,"menu_order":5,"comment_status":"closed","ping_status":"closed","template":"","meta":{"_bbp_topic_count":0,"_bbp_reply_count":0,"_bbp_total_topic_count":0,"_bbp_total_reply_count":0,"_bbp_voice_count":0,"_bbp_anonymous_reply_count":0,"_bbp_topic_count_hidden":0,"_bbp_reply_count_hidden":0,"_bbp_forum_subforum_count":0,"site-sidebar-layout":"default","site-content-layout":"","ast-site-content-layout":"default","site-content-style":"default","site-sidebar-style":"default","ast-global-header-display":"","ast-banner-title-visibility":"","ast-main-header-display":"","ast-hfb-above-header-display":"","ast-hfb-below-header-display":"","ast-hfb-mobile-header-display":"","site-post-title":"","ast-breadcrumbs-content":"","ast-featured-img":"","footer-sml-layout":"","theme-transparent-header-meta":"default","adv-header-id-meta":"","stick-header-meta":"","header-above-stick-meta":"","header-main-stick-meta":"","header-below-stick-meta":"","astra-migrate-meta-layouts":"set","ast-page-background-enabled":"default","ast-page-background-meta":{"desktop":{"background-color":"var(--ast-global-color-4)","background-image":"","background-repeat":"repeat","background-position":"center center","background-size":"auto","background-attachment":"scroll","background-type":"","background-media":"","overlay-type":"","overlay-color":"","overlay-opacity":"","overlay-gradient":""},"tablet":{"background-color":"","background-image":"","background-repeat":"repeat","background-position":"center center","background-size":"auto","background-attachment":"scroll","background-type":"","background-media":"","overlay-type":"","overlay-color":"","overlay-opacity":"","overlay-gradient":""},"mobile":{"background-color":"","background-image":"","background-repeat":"repeat","background-position":"center center","background-size":"auto","background-attachment":"scroll","background-type":"","background-media":"","overlay-type":"","overlay-color":"","overlay-opacity":"","overlay-gradient":""}},"ast-content-background-meta":{"desktop":{"background-color":"var(--ast-global-color-5)","background-image":"","background-repeat":"repeat","background-position":"center center","background-size":"auto","background-attachment":"scroll","background-type":"","background-media":"","overlay-type":"","overlay-color":"","overlay-opacity":"","overlay-gradient":""},"tablet":{"background-color":"var(--ast-global-color-5)","background-image":"","background-repeat":"repeat","background-position":"center center","background-size":"auto","background-attachment":"scroll","background-type":"","background-media":"","overlay-type":"","overlay-color":"","overlay-opacity":"","overlay-gradient":""},"mobile":{"background-color":"var(--ast-global-color-5)","background-image":"","background-repeat":"repeat","background-position":"center center","background-size":"auto","background-attachment":"scroll","background-type":"","background-media":"","overlay-type":"","overlay-color":"","overlay-opacity":"","overlay-gradient":""}},"footnotes":""},"class_list":["post-11472","page","type-page","status-publish","hentry"],"post_mailing_queue_ids":[],"_links":{"self":[{"href":"https:\/\/agora.xtec.cat\/ies-antoni-pous\/wp-json\/wp\/v2\/pages\/11472","targetHints":{"allow":["GET"]}}],"collection":[{"href":"https:\/\/agora.xtec.cat\/ies-antoni-pous\/wp-json\/wp\/v2\/pages"}],"about":[{"href":"https:\/\/agora.xtec.cat\/ies-antoni-pous\/wp-json\/wp\/v2\/types\/page"}],"author":[{"embeddable":true,"href":"https:\/\/agora.xtec.cat\/ies-antoni-pous\/wp-json\/wp\/v2\/users\/1"}],"replies":[{"embeddable":true,"href":"https:\/\/agora.xtec.cat\/ies-antoni-pous\/wp-json\/wp\/v2\/comments?post=11472"}],"version-history":[{"count":6,"href":"https:\/\/agora.xtec.cat\/ies-antoni-pous\/wp-json\/wp\/v2\/pages\/11472\/revisions"}],"predecessor-version":[{"id":16045,"href":"https:\/\/agora.xtec.cat\/ies-antoni-pous\/wp-json\/wp\/v2\/pages\/11472\/revisions\/16045"}],"up":[{"embeddable":true,"href":"https:\/\/agora.xtec.cat\/ies-antoni-pous\/wp-json\/wp\/v2\/pages\/2005"}],"wp:attachment":[{"href":"https:\/\/agora.xtec.cat\/ies-antoni-pous\/wp-json\/wp\/v2\/media?parent=11472"}],"curies":[{"name":"wp","href":"https:\/\/api.w.org\/{rel}","templated":true}]}}