{"id":9,"date":"2024-05-19T10:15:01","date_gmt":"2024-05-19T08:15:01","guid":{"rendered":"http:\/\/agora.xtec.cat\/ies-alexandre-de-riquer\/?page_id=9"},"modified":"2025-05-19T11:28:19","modified_gmt":"2025-05-19T09:28:19","slug":"pagina-dinici-buida","status":"publish","type":"page","link":"https:\/\/agora.xtec.cat\/ies-alexandre-de-riquer\/","title":{"rendered":"Instagram"},"content":{"rendered":"<div class=\"wp-block-getwid-instagram\">\n            <div class=\"wp-block-getwid-instagram__wrapper has-3-columns\">\n                <div class=\"wp-block-getwid-instagram__item\">\n\t<div class=\"wp-block-getwid-instagram__media-wrapper\">\n\t\t<a class=\"wp-block-getwid-instagram__media-link\" target=\"_blank\" href=\"https:\/\/www.instagram.com\/p\/DXQ8AurguE1\/\">\n\t\t\t\t\t\t\t<img decoding=\"async\" class=\"wp-block-getwid-instagram__media\" src=\"https:\/\/scontent-lhr6-2.cdninstagram.com\/v\/t51.82787-15\/670291695_18114781744806714_2023901741546721997_n.jpg?stp=dst-jpg_e35_tt6&#038;_nc_cat=104&#038;ccb=7-5&#038;_nc_sid=18de74&#038;efg=eyJlZmdfdGFnIjoiQ0FST1VTRUxfSVRFTS5iZXN0X2ltYWdlX3VybGdlbi5DMyJ9&#038;_nc_ohc=xR8xw2A4m38Q7kNvwGctzqb&#038;_nc_oc=AdoZvTCF-kv99JyetW1fLA7KOBSwS3UeMvIObGWGJEt6h0c4qyFxXGx7Ir6yawcPkc4&#038;_nc_zt=23&#038;_nc_ht=scontent-lhr6-2.cdninstagram.com&#038;edm=ANo9K5cEAAAA&#038;_nc_gid=OKHPKe1sQIP0RsU2GHweVQ&#038;_nc_tpa=Q5bMBQGv65QwZuMq6x3z3mtJ1H5-Qj_yeb7_li8KPulC1BNSZHmtgy67XjOTA_llnqLRLGlZyLNaijvBog&#038;oh=00_Af2n2OuSP9TpuIE6Q7GNdJ8b4-PWAeRYuZDC-6kiezHA6w&#038;oe=69E9E267\" alt=\"L\u2019alumat de Batxillerat vam tenir una jornada d\u2019aprenentatge sobre el terreny gr\u00e0cies al @cda.tuixent que ens va preparar un itinerari complet\u00edssim per entendre millor la geologia dels Pirineus. \ud83c\udfd4\ufe0f\ud83e\udd7e Vam poder repassar com es va produir la formaci\u00f3 de la serralada, observar f\u00f2ssils en el seu context natural, entendre processos d\u2019erosi\u00f3 diferencial i analitzar la&hellip;\"\/>\n\t\t\t\t\t<\/a>\n\t<\/div>\n<\/div><div class=\"wp-block-getwid-instagram__item\">\n\t<div class=\"wp-block-getwid-instagram__media-wrapper\">\n\t\t<a class=\"wp-block-getwid-instagram__media-link\" target=\"_blank\" href=\"https:\/\/www.instagram.com\/p\/DXO0tc1At6O\/\">\n\t\t\t\t\t\t\t<img decoding=\"async\" class=\"wp-block-getwid-instagram__media\" src=\"https:\/\/scontent-lhr6-2.cdninstagram.com\/v\/t51.82787-15\/657874677_18114700723806714_3036265440934226671_n.heic?stp=dst-jpg_e35_tt6&#038;_nc_cat=104&#038;ccb=7-5&#038;_nc_sid=18de74&#038;efg=eyJlZmdfdGFnIjoiQ0FST1VTRUxfSVRFTS5iZXN0X2ltYWdlX3VybGdlbi5DMyJ9&#038;_nc_ohc=KhMLlIs8pJ8Q7kNvwFv6brp&#038;_nc_oc=AdpncYPAfDCKI5IvxGFV0VPRViOOKWOMZKF-0eTw0vOmmPRHtmcSdLvoDbvDPatqyrQ&#038;_nc_zt=23&#038;_nc_ht=scontent-lhr6-2.cdninstagram.com&#038;edm=ANo9K5cEAAAA&#038;_nc_gid=OKHPKe1sQIP0RsU2GHweVQ&#038;_nc_tpa=Q5bMBQH3_YdmOMJC_dNNBCHBFqqYLBPBJXretsRdyJXvxa5ad5uopO-UT6LEAbsaQo8rxgMi2PoGbmdX0Q&#038;oh=00_Af3bcKK93XOHOWWN9GD_yObRcWaYPEriF3UX1Dj9btc9LQ&#038;oe=69E9B74D\" alt=\"\ud83d\udccd Empreses Solsona Dimecres, amb alumnat de Batxillerat, vam realitzar una sortida formativa a\u00a0Solsona, on vam tenir l\u2019oportunitat de con\u00e8ixer de primera m\u00e0 la realitat empresarial de diferents sectors. Vam visitar empreses com\u00a0Pentex,\u00a0Shooter P\u00e0del\u00a0i\u00a0AMES Solsona Sintering, que ens van perm\u00e8tre aprofundir en aspectes clau com la producci\u00f3, la innovaci\u00f3 i la gesti\u00f3 empresarial. Una experi\u00e8ncia&hellip;\"\/>\n\t\t\t\t\t<\/a>\n\t<\/div>\n<\/div><div class=\"wp-block-getwid-instagram__item\">\n\t<div class=\"wp-block-getwid-instagram__media-wrapper\">\n\t\t<a class=\"wp-block-getwid-instagram__media-link\" target=\"_blank\" href=\"https:\/\/www.instagram.com\/p\/DW6XsU1AiY5\/\">\n\t\t\t\t\t\t\t<img decoding=\"async\" class=\"wp-block-getwid-instagram__media\" src=\"https:\/\/scontent-lhr6-1.cdninstagram.com\/v\/t51.82787-15\/662270807_18113882059806714_2888684588318430990_n.jpg?stp=dst-jpg_e35_tt6&#038;_nc_cat=110&#038;ccb=7-5&#038;_nc_sid=18de74&#038;efg=eyJlZmdfdGFnIjoiRkVFRC5iZXN0X2ltYWdlX3VybGdlbi5DMyJ9&#038;_nc_ohc=TW4xfVwP-SoQ7kNvwHGGzyc&#038;_nc_oc=AdqpNH_lI-9F-ZAIOLjg9E3hZdw9O-G0WXWIRouyhGO4dki7Zs8lmxP__C71N0_gV28&#038;_nc_zt=23&#038;_nc_ht=scontent-lhr6-1.cdninstagram.com&#038;edm=ANo9K5cEAAAA&#038;_nc_gid=OKHPKe1sQIP0RsU2GHweVQ&#038;_nc_tpa=Q5bMBQE8qlT3BP3Vn1XESqiBLBm1thg73NyGE4elR53lh-_klSby3ClrHnXYZCl4e0rGiteul-6qQV5gkg&#038;oh=00_Af0WANEThobxcbIeiBxVLQpZKcreMKT-q7__1r6QqmGiBA&#038;oe=69E9D807\" alt=\"L\u2019alumnat de 3r d\u2019ESO est\u00e0 preparant el projecte \u201cFem Dansa\u201d, amb els core\u00f2grafs Ariadna Guitart i Xevi Serra, al Casino. Estan treballant de valent! L\u2019espectacle ser\u00e0 dem\u00e0 divendres, un passe a les 19h i un altre a les 20h. Us hi esperem!\"\/>\n\t\t\t\t\t<\/a>\n\t<\/div>\n<\/div><div class=\"wp-block-getwid-instagram__item\">\n\t<div class=\"wp-block-getwid-instagram__media-wrapper\">\n\t\t<a class=\"wp-block-getwid-instagram__media-link\" target=\"_blank\" href=\"https:\/\/www.instagram.com\/p\/DW4PmnVAsIX\/\">\n\t\t\t\t\t\t\t<img decoding=\"async\" class=\"wp-block-getwid-instagram__media\" src=\"https:\/\/scontent-lhr6-2.cdninstagram.com\/v\/t51.82787-15\/659783568_18113801959806714_1646735795711722309_n.heic?stp=dst-jpg_e35_tt6&#038;_nc_cat=105&#038;ccb=7-5&#038;_nc_sid=18de74&#038;efg=eyJlZmdfdGFnIjoiQ0FST1VTRUxfSVRFTS5iZXN0X2ltYWdlX3VybGdlbi5DMyJ9&#038;_nc_ohc=pk0SUC92siIQ7kNvwHw0PvJ&#038;_nc_oc=AdpsMiv9ipAXPPgfLH2GfqoFmEjynd0USWI3DDRjgJr2g-RRdoUXdDj9txVNerliuhM&#038;_nc_zt=23&#038;_nc_ht=scontent-lhr6-2.cdninstagram.com&#038;edm=ANo9K5cEAAAA&#038;_nc_gid=OKHPKe1sQIP0RsU2GHweVQ&#038;_nc_tpa=Q5bMBQEmDq82Ss-Ur7QvOSNLBNiwCHrvFDpVEnxaYZHR9Nr_8fHx-28p9AY7K7Z-RDCfHFmL4-uCjVEn8A&#038;oh=00_Af1_2u2I_cgVyl2YkUerUoN2nI5c1GO5h08vQPWk5gY5yw&#038;oe=69E9BA30\" alt=\"\ud83d\udccdHort Els alumnes de 4t de l&#039;itinerari professional ja comencen a obtenir fruits de l&#039;hort. Aquest cop hem collit cal\u00e7ots i aviat tindrem faves i escaroles. \ud83e\ude8f\ud83e\udd6c\u26cf\ufe0f\"\/>\n\t\t\t\t\t<\/a>\n\t<\/div>\n<\/div><div class=\"wp-block-getwid-instagram__item\">\n\t<div class=\"wp-block-getwid-instagram__media-wrapper\">\n\t\t<a class=\"wp-block-getwid-instagram__media-link\" target=\"_blank\" href=\"https:\/\/www.instagram.com\/reel\/DWyGOmyjTMe\/\">\n\t\t\t\t\t\t\t<img decoding=\"async\" class=\"wp-block-getwid-instagram__media\" src=\"https:\/\/scontent-lhr8-2.cdninstagram.com\/v\/t51.82787-15\/662308971_18113581639806714_6677368919301889266_n.jpg?stp=dst-jpg_e35_tt6&#038;_nc_cat=103&#038;ccb=7-5&#038;_nc_sid=18de74&#038;efg=eyJlZmdfdGFnIjoiQ0xJUFMuYmVzdF9pbWFnZV91cmxnZW4uQzMifQ%3D%3D&#038;_nc_ohc=W8LfAj_GSW4Q7kNvwFFo_P2&#038;_nc_oc=AdouvTipP-TMnxjVlV6sIpGGkCzhyU9h0B88DECesTv0F-fro366y116n0vRmrNa-oU&#038;_nc_zt=23&#038;_nc_ht=scontent-lhr8-2.cdninstagram.com&#038;edm=ANo9K5cEAAAA&#038;_nc_gid=OKHPKe1sQIP0RsU2GHweVQ&#038;_nc_tpa=Q5bMBQFxWjOWgCiF7BBRE3uGewftG3as46FA6RBlSmCjrqIe9ph6ufKCxfn-nZvCt1VHXeNs1FdyIH9HCA&#038;oh=00_Af1kb9Za8mgcNTq8yEJboCN3AZa-nQYof_15s_UQvGWv6A&#038;oe=69E9D0B9\" alt=\"Dem\u00e0 \u00faltim dia, ens ajudes?\"\/>\n\t\t\t\t\t<\/a>\n\t<\/div>\n<\/div><div class=\"wp-block-getwid-instagram__item\">\n\t<div class=\"wp-block-getwid-instagram__media-wrapper\">\n\t\t<a class=\"wp-block-getwid-instagram__media-link\" target=\"_blank\" href=\"https:\/\/www.instagram.com\/reel\/DWtIwUWjQ1d\/\">\n\t\t\t\t\t\t\t<img decoding=\"async\" class=\"wp-block-getwid-instagram__media\" src=\"https:\/\/scontent-lhr6-2.cdninstagram.com\/v\/t51.82787-15\/658226279_18113346523806714_5285516244280870938_n.jpg?stp=dst-jpg_e35_tt6&#038;_nc_cat=104&#038;ccb=7-5&#038;_nc_sid=18de74&#038;efg=eyJlZmdfdGFnIjoiQ0xJUFMuYmVzdF9pbWFnZV91cmxnZW4uQzMifQ%3D%3D&#038;_nc_ohc=VqiT53bhfaUQ7kNvwGn3rs4&#038;_nc_oc=AdpgUHzgdZkQeRLZw4xIVhFyh_XAZ5M6VHlPMRc3mrM4OQWUgYsdm-ty9h78LLayiiQ&#038;_nc_zt=23&#038;_nc_ht=scontent-lhr6-2.cdninstagram.com&#038;edm=ANo9K5cEAAAA&#038;_nc_gid=OKHPKe1sQIP0RsU2GHweVQ&#038;_nc_tpa=Q5bMBQHW05LOnltkkAzUyjVhqoVXRnS8ghpva1TP-owxgms3MkFE5LFV7Um7jzmwnGB5pUvR8tL3htRumQ&#038;oh=00_Af3_dXEx22SVmjSh2VmdlVHVUsNEiORVJEMOsOiA2I8szA&#038;oe=69E9CFB2\" alt=\"\"\/>\n\t\t\t\t\t<\/a>\n\t<\/div>\n<\/div><\/div>\n        <\/div>","protected":false},"excerpt":{"rendered":"","protected":false},"author":1,"featured_media":0,"parent":0,"menu_order":0,"comment_status":"closed","ping_status":"closed","template":"","meta":{"_bbp_topic_count":0,"_bbp_reply_count":0,"_bbp_total_topic_count":0,"_bbp_total_reply_count":0,"_bbp_voice_count":0,"_bbp_anonymous_reply_count":0,"_bbp_topic_count_hidden":0,"_bbp_reply_count_hidden":0,"_bbp_forum_subforum_count":0,"site-sidebar-layout":"default","site-content-layout":"","ast-site-content-layout":"default","site-content-style":"default","site-sidebar-style":"default","ast-global-header-display":"","ast-banner-title-visibility":"","ast-main-header-display":"","ast-hfb-above-header-display":"","ast-hfb-below-header-display":"","ast-hfb-mobile-header-display":"","site-post-title":"","ast-breadcrumbs-content":"","ast-featured-img":"","footer-sml-layout":"","theme-transparent-header-meta":"","adv-header-id-meta":"","stick-header-meta":"","header-above-stick-meta":"","header-main-stick-meta":"","header-below-stick-meta":"","astra-migrate-meta-layouts":"set","ast-page-background-enabled":"default","ast-page-background-meta":{"desktop":{"background-color":"var(--ast-global-color-4)","background-image":"","background-repeat":"repeat","background-position":"center center","background-size":"auto","background-attachment":"scroll","background-type":"","background-media":"","overlay-type":"","overlay-color":"","overlay-opacity":"","overlay-gradient":""},"tablet":{"background-color":"","background-image":"","background-repeat":"repeat","background-position":"center center","background-size":"auto","background-attachment":"scroll","background-type":"","background-media":"","overlay-type":"","overlay-color":"","overlay-opacity":"","overlay-gradient":""},"mobile":{"background-color":"","background-image":"","background-repeat":"repeat","background-position":"center center","background-size":"auto","background-attachment":"scroll","background-type":"","background-media":"","overlay-type":"","overlay-color":"","overlay-opacity":"","overlay-gradient":""}},"ast-content-background-meta":{"desktop":{"background-color":"var(--ast-global-color-5)","background-image":"","background-repeat":"repeat","background-position":"center center","background-size":"auto","background-attachment":"scroll","background-type":"","background-media":"","overlay-type":"","overlay-color":"","overlay-opacity":"","overlay-gradient":""},"tablet":{"background-color":"var(--ast-global-color-5)","background-image":"","background-repeat":"repeat","background-position":"center center","background-size":"auto","background-attachment":"scroll","background-type":"","background-media":"","overlay-type":"","overlay-color":"","overlay-opacity":"","overlay-gradient":""},"mobile":{"background-color":"var(--ast-global-color-5)","background-image":"","background-repeat":"repeat","background-position":"center center","background-size":"auto","background-attachment":"scroll","background-type":"","background-media":"","overlay-type":"","overlay-color":"","overlay-opacity":"","overlay-gradient":""}},"footnotes":""},"class_list":["post-9","page","type-page","status-publish","hentry"],"post_mailing_queue_ids":[],"_links":{"self":[{"href":"https:\/\/agora.xtec.cat\/ies-alexandre-de-riquer\/wp-json\/wp\/v2\/pages\/9","targetHints":{"allow":["GET"]}}],"collection":[{"href":"https:\/\/agora.xtec.cat\/ies-alexandre-de-riquer\/wp-json\/wp\/v2\/pages"}],"about":[{"href":"https:\/\/agora.xtec.cat\/ies-alexandre-de-riquer\/wp-json\/wp\/v2\/types\/page"}],"author":[{"embeddable":true,"href":"https:\/\/agora.xtec.cat\/ies-alexandre-de-riquer\/wp-json\/wp\/v2\/users\/1"}],"replies":[{"embeddable":true,"href":"https:\/\/agora.xtec.cat\/ies-alexandre-de-riquer\/wp-json\/wp\/v2\/comments?post=9"}],"version-history":[{"count":6,"href":"https:\/\/agora.xtec.cat\/ies-alexandre-de-riquer\/wp-json\/wp\/v2\/pages\/9\/revisions"}],"predecessor-version":[{"id":8541,"href":"https:\/\/agora.xtec.cat\/ies-alexandre-de-riquer\/wp-json\/wp\/v2\/pages\/9\/revisions\/8541"}],"wp:attachment":[{"href":"https:\/\/agora.xtec.cat\/ies-alexandre-de-riquer\/wp-json\/wp\/v2\/media?parent=9"}],"curies":[{"name":"wp","href":"https:\/\/api.w.org\/{rel}","templated":true}]}}