{"id":8826,"date":"2026-03-05T12:13:53","date_gmt":"2026-03-05T11:13:53","guid":{"rendered":"https:\/\/agora.xtec.cat\/ies-alexandre-de-riquer\/?page_id=8826"},"modified":"2026-03-11T13:38:27","modified_gmt":"2026-03-11T12:38:27","slug":"cfgm-administracio-i-gestio","status":"publish","type":"page","link":"https:\/\/agora.xtec.cat\/ies-alexandre-de-riquer\/cfgm-administracio-i-gestio\/","title":{"rendered":"CFGM Administraci\u00f3 i Gesti\u00f3"},"content":{"rendered":"\n<p><strong>Prepara\u2019t pel futur en un entorn proper<\/strong><\/p>\n\n\n\n<p>El cicle formatiu de grau mitj\u00e0 de Gesti\u00f3 Administrativa \u00e9s una formaci\u00f3 professionalitzadora que capacita l\u2019alumnat en compet\u00e8ncies i coneixements per a poder desenvolupar tasques de suport administratiu i d\u2019atenci\u00f3 al client.&nbsp;<\/p>\n\n\n\n<p>A l\u2019Institut Alexandre de Riquer treballem pel desenvolupament integral dels nostres alumnes, capacitant-los per poder <strong>entrar al m\u00f3n laboral de forma exitosa<\/strong> i contribuint al seu creixement personal.<\/p>\n\n\n\n<p>Amb la voluntat de facilitar la motivaci\u00f3 de l\u2019alumnat, i la possibilitat d\u2019estudiar en un <strong>entorn acollidor i amb grups redu\u00efts<\/strong>, les metodologies amb les que es desplega el cicle procuren donar els coneixements te\u00f2rics i crear entorns de <strong>simulaci\u00f3 empresarial a trav\u00e9s de l\u2019aprenentatge basat en problemes ABP, projectes<\/strong> i la incorporaci\u00f3 de l\u2019angl\u00e8s en diferents m\u00f2duls, que ajuden a l\u2019alumnat a poder posar en pr\u00e0ctica els coneixements que adquireixen al llarg dels seus estudis.&nbsp;<\/p>\n\n\n\n<p>El correcte desenvolupament de capacitats com la <strong>creativitat, la responsabilitat i autonomia, la resoluci\u00f3 de problemes i el treball en equip<\/strong>, necess\u00e0ries en totes les vessants de la vida professional i personal s\u00f3n <strong>treballades dia a dia de forma transversa<\/strong>l.<\/p>\n\n\n\n<figure class=\"wp-block-image aligncenter size-full\"><a href=\"https:\/\/agora.xtec.cat\/ies-alexandre-de-riquer\/wp-content\/uploads\/usu862\/2026\/03\/fp-web2.png\"><img loading=\"lazy\" decoding=\"async\" width=\"525\" height=\"438\" src=\"https:\/\/agora.xtec.cat\/ies-alexandre-de-riquer\/wp-content\/uploads\/usu862\/2026\/03\/fp-web2.png\" alt=\"\" class=\"wp-image-8885\" srcset=\"https:\/\/agora.xtec.cat\/ies-alexandre-de-riquer\/wp-content\/uploads\/usu862\/2026\/03\/fp-web2.png 525w, https:\/\/agora.xtec.cat\/ies-alexandre-de-riquer\/wp-content\/uploads\/usu862\/2026\/03\/fp-web2-300x250.png 300w\" sizes=\"auto, (max-width: 525px) 100vw, 525px\" \/><\/a><\/figure>\n\n\n\n<p>Durant els dos anys que dura el cicle, els alumnes desenvoluparan <strong>projectes transversals i intermodulars <\/strong>en diferents \u00e0rees empresarials:&nbsp;<\/p>\n\n\n\n<ul class=\"wp-block-list\">\n<li>projectes de simulaci\u00f3 de gesti\u00f3 pressupost\u00e0ria i comptabilitat empresarial,&nbsp;<\/li>\n\n\n\n<li>pla de m\u00e0rqueting,&nbsp;<\/li>\n\n\n\n<li>pla de creaci\u00f3 d\u2019empresa i&nbsp;<\/li>\n\n\n\n<li>projecte de posada en marxa i funcionament d\u2019una empresa.&nbsp;<\/li>\n<\/ul>\n\n\n\n<p>Addicionalment, des de les tutories, l\u2019orientaci\u00f3 i FOL (formaci\u00f3 i orientaci\u00f3 laboral) s\u2019acompanya a l\u2019alumnat en l\u2019<strong>elaboraci\u00f3 del seu propi Informe Personal d\u2019Orientaci\u00f3 Professional<\/strong> per orientar-los en el seu itinerari professional, definici\u00f3 d\u2019\u00e0rees d&#8217;inter\u00e8s i formaci\u00f3 cont\u00ednua, analitzar el mercat laboral i desenvolupar compet\u00e8ncies per l\u2019acc\u00e9s al m\u00f3n laboral.<\/p>\n\n\n\n<p><strong>Contacta\u2019ns<\/strong><\/p>\n\n\n\n<p>Per informaci\u00f3 sobre el cicle i per formar part de la borsa d\u2019empreses que acullen alumnes:<\/p>\n\n\n\n<p><a href=\"mailto:a8043395@xtec.cat\">a8043395@xtec.cat<\/a> &nbsp; &nbsp; &#8211; &nbsp; &nbsp; gestioadministrativa@inscalaf.cat<\/p>\n\n\n\n<p>C\/Sant Joan Baptista de la Salle, 6 i 8 &#8211; 08280 Calaf<\/p>\n\n\n\n<p>93 868 04 14<\/p>\n","protected":false},"excerpt":{"rendered":"<p>Prepara\u2019t pel futur en un entorn proper El cicle formatiu de grau mitj\u00e0 de Gesti\u00f3 Administrativa \u00e9s una formaci\u00f3 professionalitzadora que capacita l\u2019alumnat en compet\u00e8ncies i coneixements per a poder desenvolupar tasques de suport administratiu i d\u2019atenci\u00f3 al client.&nbsp; A l\u2019Institut Alexandre de Riquer treballem pel desenvolupament integral dels nostres alumnes, capacitant-los per poder entrar [&hellip;]<\/p>\n","protected":false},"author":1,"featured_media":0,"parent":0,"menu_order":0,"comment_status":"closed","ping_status":"close","template":"","meta":{"_bbp_topic_count":0,"_bbp_reply_count":0,"_bbp_total_topic_count":0,"_bbp_total_reply_count":0,"_bbp_voice_count":0,"_bbp_anonymous_reply_count":0,"_bbp_topic_count_hidden":0,"_bbp_reply_count_hidden":0,"_bbp_forum_subforum_count":0,"site-sidebar-layout":"default","site-content-layout":"","ast-site-content-layout":"default","site-content-style":"default","site-sidebar-style":"default","ast-global-header-display":"","ast-banner-title-visibility":"","ast-main-header-display":"","ast-hfb-above-header-display":"","ast-hfb-below-header-display":"","ast-hfb-mobile-header-display":"","site-post-title":"","ast-breadcrumbs-content":"","ast-featured-img":"","footer-sml-layout":"","theme-transparent-header-meta":"","adv-header-id-meta":"","stick-header-meta":"","header-above-stick-meta":"","header-main-stick-meta":"","header-below-stick-meta":"","astra-migrate-meta-layouts":"set","ast-page-background-enabled":"default","ast-page-background-meta":{"desktop":{"background-color":"var(--ast-global-color-4)","background-image":"","background-repeat":"repeat","background-position":"center center","background-size":"auto","background-attachment":"scroll","background-type":"","background-media":"","overlay-type":"","overlay-color":"","overlay-opacity":"","overlay-gradient":""},"tablet":{"background-color":"","background-image":"","background-repeat":"repeat","background-position":"center center","background-size":"auto","background-attachment":"scroll","background-type":"","background-media":"","overlay-type":"","overlay-color":"","overlay-opacity":"","overlay-gradient":""},"mobile":{"background-color":"","background-image":"","background-repeat":"repeat","background-position":"center center","background-size":"auto","background-attachment":"scroll","background-type":"","background-media":"","overlay-type":"","overlay-color":"","overlay-opacity":"","overlay-gradient":""}},"ast-content-background-meta":{"desktop":{"background-color":"var(--ast-global-color-5)","background-image":"","background-repeat":"repeat","background-position":"center center","background-size":"auto","background-attachment":"scroll","background-type":"","background-media":"","overlay-type":"","overlay-color":"","overlay-opacity":"","overlay-gradient":""},"tablet":{"background-color":"var(--ast-global-color-5)","background-image":"","background-repeat":"repeat","background-position":"center center","background-size":"auto","background-attachment":"scroll","background-type":"","background-media":"","overlay-type":"","overlay-color":"","overlay-opacity":"","overlay-gradient":""},"mobile":{"background-color":"var(--ast-global-color-5)","background-image":"","background-repeat":"repeat","background-position":"center center","background-size":"auto","background-attachment":"scroll","background-type":"","background-media":"","overlay-type":"","overlay-color":"","overlay-opacity":"","overlay-gradient":""}},"footnotes":""},"class_list":["post-8826","page","type-page","status-publish","hentry"],"post_mailing_queue_ids":[],"_links":{"self":[{"href":"https:\/\/agora.xtec.cat\/ies-alexandre-de-riquer\/wp-json\/wp\/v2\/pages\/8826","targetHints":{"allow":["GET"]}}],"collection":[{"href":"https:\/\/agora.xtec.cat\/ies-alexandre-de-riquer\/wp-json\/wp\/v2\/pages"}],"about":[{"href":"https:\/\/agora.xtec.cat\/ies-alexandre-de-riquer\/wp-json\/wp\/v2\/types\/page"}],"author":[{"embeddable":true,"href":"https:\/\/agora.xtec.cat\/ies-alexandre-de-riquer\/wp-json\/wp\/v2\/users\/1"}],"replies":[{"embeddable":true,"href":"https:\/\/agora.xtec.cat\/ies-alexandre-de-riquer\/wp-json\/wp\/v2\/comments?post=8826"}],"version-history":[{"count":3,"href":"https:\/\/agora.xtec.cat\/ies-alexandre-de-riquer\/wp-json\/wp\/v2\/pages\/8826\/revisions"}],"predecessor-version":[{"id":8886,"href":"https:\/\/agora.xtec.cat\/ies-alexandre-de-riquer\/wp-json\/wp\/v2\/pages\/8826\/revisions\/8886"}],"wp:attachment":[{"href":"https:\/\/agora.xtec.cat\/ies-alexandre-de-riquer\/wp-json\/wp\/v2\/media?parent=8826"}],"curies":[{"name":"wp","href":"https:\/\/api.w.org\/{rel}","templated":true}]}}