{"id":8362,"date":"2025-02-05T10:36:09","date_gmt":"2025-02-05T09:36:09","guid":{"rendered":"https:\/\/agora.xtec.cat\/ies-alexandre-de-riquer\/?page_id=8362"},"modified":"2025-02-07T16:15:54","modified_gmt":"2025-02-07T15:15:54","slug":"projecte-dexperiencia-professional-pep","status":"publish","type":"page","link":"https:\/\/agora.xtec.cat\/ies-alexandre-de-riquer\/projecte-dexperiencia-professional-pep\/","title":{"rendered":"Projecte d\u2019experi\u00e8ncia professional &#8211; PEP"},"content":{"rendered":"<p><span style=\"font-weight: 400;\">A l\u2019Institut Alexandre de Riquer de Calaf es procura atendre a tot l\u2019alumnat tenint en compte la seva singularitat. <\/span><span style=\"font-weight: 400;\">Amb el Projecte d\u2019Experi\u00e8ncia Professional (<\/span><span style=\"font-weight: 400;\">PEP<\/span><span style=\"font-weight: 400;\">), volem afavorir l\u2019aprenentatge competencial dels alumnes que els cal una adaptaci\u00f3 per assolir el curr\u00edculum ordinari. Amb aquest projecte, una part de l\u2019aprenentatge escolar es desenvolupa realitzant experi\u00e8ncies formadores en el m\u00f3n laboral en empreses locals o de la rodalia. L\u2019alumne\/a de 4t d\u2019ESO i de la modalitat professional podr\u00e0 formar-se en el m\u00f3n del treball, la qual cosa estimula la seva responsabilitat i maduraci\u00f3 personal. La finalitat de les activitats a l\u2019empresa \u00e9s poder completar el curr\u00edculum escolar, sempre amb una clara finalitat educativa.\u00a0<\/span><\/p>\n<p><span style=\"font-weight: 400;\">Un altre projecte que va en paral\u00b7lel al PEP \u00e9s el de <strong>\u201cProfessions de Futur\u201d de l\u2019associaci\u00f3 d\u2019empresaris de l\u2019Alta Segarra<\/strong>. T\u00e9 com objectiu apropar les professions de l\u2019entorn als alumnes de darrer curs de l\u2019institut i per aix\u00f2 es fan xerrades i visites a empreses de Calaf.<\/span><\/p>\n<p><a href=\"https:\/\/agora.xtec.cat\/ies-alexandre-de-riquer\/wp-content\/uploads\/usu862\/2023\/11\/2.jpeg\"><img loading=\"lazy\" decoding=\"async\" class=\"alignnone size-large wp-image-8012\" src=\"https:\/\/agora.xtec.cat\/ies-alexandre-de-riquer\/wp-content\/uploads\/usu862\/2023\/11\/2-1024x768.jpeg\" alt=\"\" width=\"1024\" height=\"768\" srcset=\"https:\/\/agora.xtec.cat\/ies-alexandre-de-riquer\/wp-content\/uploads\/usu862\/2023\/11\/2-1024x768.jpeg 1024w, https:\/\/agora.xtec.cat\/ies-alexandre-de-riquer\/wp-content\/uploads\/usu862\/2023\/11\/2-300x225.jpeg 300w, https:\/\/agora.xtec.cat\/ies-alexandre-de-riquer\/wp-content\/uploads\/usu862\/2023\/11\/2-768x576.jpeg 768w, https:\/\/agora.xtec.cat\/ies-alexandre-de-riquer\/wp-content\/uploads\/usu862\/2023\/11\/2-1536x1153.jpeg 1536w, https:\/\/agora.xtec.cat\/ies-alexandre-de-riquer\/wp-content\/uploads\/usu862\/2023\/11\/2-200x150.jpeg 200w, https:\/\/agora.xtec.cat\/ies-alexandre-de-riquer\/wp-content\/uploads\/usu862\/2023\/11\/2.jpeg 1599w\" sizes=\"auto, (max-width: 1024px) 100vw, 1024px\" \/><\/a><\/p>\n","protected":false},"excerpt":{"rendered":"<p>A l\u2019Institut Alexandre de Riquer de Calaf es procura atendre a tot l\u2019alumnat tenint en compte la seva singularitat. Amb el Projecte d\u2019Experi\u00e8ncia Professional (PEP), volem afavorir l\u2019aprenentatge competencial dels alumnes que els cal una adaptaci\u00f3 per assolir el curr\u00edculum ordinari. Amb aquest projecte, una part de l\u2019aprenentatge escolar es desenvolupa realitzant experi\u00e8ncies formadores en [&hellip;]<\/p>\n","protected":false},"author":1,"featured_media":0,"parent":0,"menu_order":0,"comment_status":"closed","ping_status":"closed","template":"","meta":{"_bbp_topic_count":0,"_bbp_reply_count":0,"_bbp_total_topic_count":0,"_bbp_total_reply_count":0,"_bbp_voice_count":0,"_bbp_anonymous_reply_count":0,"_bbp_topic_count_hidden":0,"_bbp_reply_count_hidden":0,"_bbp_forum_subforum_count":0,"site-sidebar-layout":"default","site-content-layout":"","ast-site-content-layout":"","site-content-style":"default","site-sidebar-style":"default","ast-global-header-display":"","ast-banner-title-visibility":"","ast-main-header-display":"","ast-hfb-above-header-display":"","ast-hfb-below-header-display":"","ast-hfb-mobile-header-display":"","site-post-title":"","ast-breadcrumbs-content":"","ast-featured-img":"","footer-sml-layout":"","theme-transparent-header-meta":"","adv-header-id-meta":"","stick-header-meta":"","header-above-stick-meta":"","header-main-stick-meta":"","header-below-stick-meta":"","astra-migrate-meta-layouts":"default","ast-page-background-enabled":"default","ast-page-background-meta":{"desktop":{"background-color":"var(--ast-global-color-4)","background-image":"","background-repeat":"repeat","background-position":"center center","background-size":"auto","background-attachment":"scroll","background-type":"","background-media":"","overlay-type":"","overlay-color":"","overlay-opacity":"","overlay-gradient":""},"tablet":{"background-color":"","background-image":"","background-repeat":"repeat","background-position":"center center","background-size":"auto","background-attachment":"scroll","background-type":"","background-media":"","overlay-type":"","overlay-color":"","overlay-opacity":"","overlay-gradient":""},"mobile":{"background-color":"","background-image":"","background-repeat":"repeat","background-position":"center center","background-size":"auto","background-attachment":"scroll","background-type":"","background-media":"","overlay-type":"","overlay-color":"","overlay-opacity":"","overlay-gradient":""}},"ast-content-background-meta":{"desktop":{"background-color":"var(--ast-global-color-5)","background-image":"","background-repeat":"repeat","background-position":"center center","background-size":"auto","background-attachment":"scroll","background-type":"","background-media":"","overlay-type":"","overlay-color":"","overlay-opacity":"","overlay-gradient":""},"tablet":{"background-color":"var(--ast-global-color-5)","background-image":"","background-repeat":"repeat","background-position":"center center","background-size":"auto","background-attachment":"scroll","background-type":"","background-media":"","overlay-type":"","overlay-color":"","overlay-opacity":"","overlay-gradient":""},"mobile":{"background-color":"var(--ast-global-color-5)","background-image":"","background-repeat":"repeat","background-position":"center center","background-size":"auto","background-attachment":"scroll","background-type":"","background-media":"","overlay-type":"","overlay-color":"","overlay-opacity":"","overlay-gradient":""}},"footnotes":""},"class_list":["post-8362","page","type-page","status-publish","hentry"],"post_mailing_queue_ids":[],"_links":{"self":[{"href":"https:\/\/agora.xtec.cat\/ies-alexandre-de-riquer\/wp-json\/wp\/v2\/pages\/8362","targetHints":{"allow":["GET"]}}],"collection":[{"href":"https:\/\/agora.xtec.cat\/ies-alexandre-de-riquer\/wp-json\/wp\/v2\/pages"}],"about":[{"href":"https:\/\/agora.xtec.cat\/ies-alexandre-de-riquer\/wp-json\/wp\/v2\/types\/page"}],"author":[{"embeddable":true,"href":"https:\/\/agora.xtec.cat\/ies-alexandre-de-riquer\/wp-json\/wp\/v2\/users\/1"}],"replies":[{"embeddable":true,"href":"https:\/\/agora.xtec.cat\/ies-alexandre-de-riquer\/wp-json\/wp\/v2\/comments?post=8362"}],"version-history":[{"count":4,"href":"https:\/\/agora.xtec.cat\/ies-alexandre-de-riquer\/wp-json\/wp\/v2\/pages\/8362\/revisions"}],"predecessor-version":[{"id":8404,"href":"https:\/\/agora.xtec.cat\/ies-alexandre-de-riquer\/wp-json\/wp\/v2\/pages\/8362\/revisions\/8404"}],"wp:attachment":[{"href":"https:\/\/agora.xtec.cat\/ies-alexandre-de-riquer\/wp-json\/wp\/v2\/media?parent=8362"}],"curies":[{"name":"wp","href":"https:\/\/api.w.org\/{rel}","templated":true}]}}