{"id":81,"date":"2014-09-18T10:38:05","date_gmt":"2014-09-18T10:38:05","guid":{"rendered":"http:\/\/agora.xtec.cat\/ies-alexandre-de-riquer\/?page_id=81"},"modified":"2016-08-18T08:48:21","modified_gmt":"2016-08-18T07:48:21","slug":"secretaria","status":"publish","type":"page","link":"https:\/\/agora.xtec.cat\/ies-alexandre-de-riquer\/secretaria\/","title":{"rendered":"Secretaria"},"content":{"rendered":"<p>En aquest apartat hi trobareu els aspectes relatius a la\u00a0gesti\u00f3 administrativa.<\/p>\n<p>Hi haur\u00e0:<br \/>\nUn apartat on us podreu descarregar <a href=\"http:\/\/agora.xtec.cat\/ies-alexandre-de-riquer\/secretaria\/documents-dinteres\/\" target=\"_blank\"><span style=\"color: #33cccc;\"><strong>documents d&#8217;inter\u00e8s<\/strong><\/span><\/a> o consultar enlla\u00e7os que us poden ser \u00fatils.<br \/>\nUn apartat on trobareu els <a href=\"http:\/\/agora.xtec.cat\/ies-alexandre-de-riquer\/categoria\/secretaria\/papers-excursions\/\" target=\"_blank\"><span style=\"color: #33cccc;\"><strong>papers d&#8217;informaci\u00f3 de les excursions<\/strong><\/span><\/a> i sortides que es fan durant el curs.<br \/>\nUn apartat <a href=\"http:\/\/agora.xtec.cat\/ies-alexandre-de-riquer\/categoria\/secretaria\/avisos\/\" target=\"_blank\"><strong><span style=\"color: #33cccc;\">d&#8217;avisos, novetats i convocat\u00f2ries<\/span> <\/strong><\/a>diverses.<\/p>\n<p>L&#8217;horari d&#8217;atenci\u00f3 de secretaria \u00e9s de dilluns a divendres de 9 a 2. I les tardes de dilluns, dimarts i dijous de 3 a 5.<\/p>\n<p>Podeu contactar per correu electr\u00f2nic a l&#8217;adre\u00e7a del centre: a8043395@xtec.cat<\/p>\n<p>&nbsp;<\/p>\n","protected":false},"excerpt":{"rendered":"<p>En aquest apartat hi trobareu els aspectes relatius a la\u00a0gesti\u00f3 administrativa. Hi haur\u00e0: Un apartat on us podreu descarregar documents d&#8217;inter\u00e8s o consultar enlla\u00e7os que us poden ser \u00fatils. Un apartat on trobareu els papers d&#8217;informaci\u00f3 de les excursions i sortides que es fan durant el curs. Un apartat d&#8217;avisos, novetats i convocat\u00f2ries diverses. L&#8217;horari [&hellip;]<\/p>\n","protected":false},"author":1,"featured_media":0,"parent":0,"menu_order":0,"comment_status":"closed","ping_status":"closed","template":"page-templates\/side-menu.php","meta":{"_bbp_topic_count":0,"_bbp_reply_count":0,"_bbp_total_topic_count":0,"_bbp_total_reply_count":0,"_bbp_voice_count":0,"_bbp_anonymous_reply_count":0,"_bbp_topic_count_hidden":0,"_bbp_reply_count_hidden":0,"_bbp_forum_subforum_count":0,"site-sidebar-layout":"default","site-content-layout":"","ast-site-content-layout":"","site-content-style":"default","site-sidebar-style":"default","ast-global-header-display":"","ast-banner-title-visibility":"","ast-main-header-display":"","ast-hfb-above-header-display":"","ast-hfb-below-header-display":"","ast-hfb-mobile-header-display":"","site-post-title":"","ast-breadcrumbs-content":"","ast-featured-img":"","footer-sml-layout":"","theme-transparent-header-meta":"","adv-header-id-meta":"","stick-header-meta":"","header-above-stick-meta":"","header-main-stick-meta":"","header-below-stick-meta":"","astra-migrate-meta-layouts":"default","ast-page-background-enabled":"default","ast-page-background-meta":{"desktop":{"background-color":"var(--ast-global-color-4)","background-image":"","background-repeat":"repeat","background-position":"center center","background-size":"auto","background-attachment":"scroll","background-type":"","background-media":"","overlay-type":"","overlay-color":"","overlay-opacity":"","overlay-gradient":""},"tablet":{"background-color":"","background-image":"","background-repeat":"repeat","background-position":"center center","background-size":"auto","background-attachment":"scroll","background-type":"","background-media":"","overlay-type":"","overlay-color":"","overlay-opacity":"","overlay-gradient":""},"mobile":{"background-color":"","background-image":"","background-repeat":"repeat","background-position":"center center","background-size":"auto","background-attachment":"scroll","background-type":"","background-media":"","overlay-type":"","overlay-color":"","overlay-opacity":"","overlay-gradient":""}},"ast-content-background-meta":{"desktop":{"background-color":"var(--ast-global-color-5)","background-image":"","background-repeat":"repeat","background-position":"center center","background-size":"auto","background-attachment":"scroll","background-type":"","background-media":"","overlay-type":"","overlay-color":"","overlay-opacity":"","overlay-gradient":""},"tablet":{"background-color":"var(--ast-global-color-5)","background-image":"","background-repeat":"repeat","background-position":"center center","background-size":"auto","background-attachment":"scroll","background-type":"","background-media":"","overlay-type":"","overlay-color":"","overlay-opacity":"","overlay-gradient":""},"mobile":{"background-color":"var(--ast-global-color-5)","background-image":"","background-repeat":"repeat","background-position":"center center","background-size":"auto","background-attachment":"scroll","background-type":"","background-media":"","overlay-type":"","overlay-color":"","overlay-opacity":"","overlay-gradient":""}},"footnotes":""},"class_list":["post-81","page","type-page","status-publish","hentry"],"post_mailing_queue_ids":[],"_links":{"self":[{"href":"https:\/\/agora.xtec.cat\/ies-alexandre-de-riquer\/wp-json\/wp\/v2\/pages\/81","targetHints":{"allow":["GET"]}}],"collection":[{"href":"https:\/\/agora.xtec.cat\/ies-alexandre-de-riquer\/wp-json\/wp\/v2\/pages"}],"about":[{"href":"https:\/\/agora.xtec.cat\/ies-alexandre-de-riquer\/wp-json\/wp\/v2\/types\/page"}],"author":[{"embeddable":true,"href":"https:\/\/agora.xtec.cat\/ies-alexandre-de-riquer\/wp-json\/wp\/v2\/users\/1"}],"replies":[{"embeddable":true,"href":"https:\/\/agora.xtec.cat\/ies-alexandre-de-riquer\/wp-json\/wp\/v2\/comments?post=81"}],"version-history":[{"count":3,"href":"https:\/\/agora.xtec.cat\/ies-alexandre-de-riquer\/wp-json\/wp\/v2\/pages\/81\/revisions"}],"predecessor-version":[{"id":495,"href":"https:\/\/agora.xtec.cat\/ies-alexandre-de-riquer\/wp-json\/wp\/v2\/pages\/81\/revisions\/495"}],"wp:attachment":[{"href":"https:\/\/agora.xtec.cat\/ies-alexandre-de-riquer\/wp-json\/wp\/v2\/media?parent=81"}],"curies":[{"name":"wp","href":"https:\/\/api.w.org\/{rel}","templated":true}]}}