{"id":22,"date":"2014-09-18T12:19:57","date_gmt":"2014-09-18T12:19:57","guid":{"rendered":"http:\/\/agora.xtec.cat\/ieribesdefreser\/?page_id=22"},"modified":"2025-09-18T09:50:05","modified_gmt":"2025-09-18T07:50:05","slug":"lescola","status":"publish","type":"page","link":"https:\/\/agora.xtec.cat\/ieribesdefreser\/lescola\/","title":{"rendered":"L&#8217;Institut Escola"},"content":{"rendered":"\n<p class=\"has-text-align-center\"><strong>LA MISSI\u00d3: la nostra ra\u00f3 de ser<\/strong><\/p>\n\n\n\n<p>L\u2019IE \u00e9s un centre educatiu p\u00fablic que neix de la fusi\u00f3 de l\u2019Escola Mare de D\u00e9u de N\u00faria i de l\u2019Institut Joan Triad\u00fa: El nou Institut Escola Vall de Ribes abasta les tres etapes educatives de l\u2019ensenyament obligatori: Educaci\u00f3 Infantil, Educaci\u00f3 Prim\u00e0ria i Educaci\u00f3 Secund\u00e0ria.<\/p>\n\n\n\n<p class=\"has-text-align-center\"><strong>LA VISI\u00d3: qu\u00e8 volem ser?<\/strong><\/p>\n\n\n\n<p>Volem ser un centre educatiu p\u00fablic de qualitat basat en l\u2019assoliment d\u2019un alt nivell acad\u00e8mic, treballant des la inclusi\u00f3, a fi que els nostre alumnat desenvolupi totes les seves capacitats i habilitats individuals i socials que els permeti poder assolir l\u2019\u00e8xit en la seva vida acad\u00e8mica, laboral i personal. Volem treballar per a la participaci\u00f3 de tota la comunitat educativa i de l\u2019entorn per arribar a ser un referent a la Vall de Ribes. Volem aconseguir un equip de docents il\u00b7lusionat i format professionalment per portar a terme diferents projectes innovadors al servei de l\u2019educaci\u00f3 del nostre alumnat.<\/p>\n\n\n\n<p class=\"has-text-align-center\"><strong>ELS VALORS: principis que defineixen l\u2019IE<\/strong><\/p>\n\n\n\n<p>El benestar. El respecte, el di\u00e0leg i la mediaci\u00f3 han de ser la base de les relacions entre tots. &#8211; La participaci\u00f3. Intentar que les fam\u00edlies, els alumnes i tota la comunitat educativa pugui sentir-se part el centre. Igualtat d\u2019oportunitats. Tot l\u2019alumnat ha de poder trobar el seu espai i el seu temps per donar resposta a les seves necessitats i possibilitats. L\u2019esfor\u00e7: Valorar l\u2019h\u00e0bit de treball i l\u2019esperit de superaci\u00f3.<\/p>\n\n\n\n<p class=\"has-text-align-center\"><strong>Els nostres trets d&#8217;IDENTITAT<\/strong><\/p>\n\n\n\n<p><em>D\u2019educaci\u00f3 per la vida:<\/em> volem fer efectiva l\u2019educaci\u00f3 integral de les persones.<\/p>\n\n\n\n<p> <em>Participatiu i democr\u00e0tic<\/em>: Escoltarem a tota la comunitat educativa. inclusiu i universal benestar emocional <\/p>\n\n\n\n<p><em>Obert:<\/em> establirem relacions en un context pluriling\u00fce i intercultural amb els diferents agents del nostre entorn. <\/p>\n\n\n\n<p><em>Inclusiu i universal:<\/em> pretenem una inclusi\u00f3 efectiva que asseguri l\u2019\u00e8xit educatiu de tot l\u2019alumnat. <\/p>\n\n\n\n<p><em>Coeducatiu i perspectiva de g\u00e8nere<\/em>: volem trencar amb els estereotips de g\u00e8nere i eradicarem qualsevoi manifestaci\u00f3 de viol\u00e8ncia. <\/p>\n\n\n\n<p><em>Esportiu<\/em>: vetllarem per tal de seguir promocionant i potenciant l\u2019activitat f\u00edsica i de neu. <\/p>\n\n\n\n<p><em>Cooperatiu<\/em>: treballarem en equip, amb respecte i actitud constructiva. <\/p>\n\n\n\n<p><em>Benestar emocional:<\/em> vetllarem per un clima harm\u00f2nic i tranquil.<\/p>\n\n\n\n<p><\/p>\n","protected":false},"excerpt":{"rendered":"<p>LA MISSI\u00d3: la nostra ra\u00f3 de ser L\u2019IE \u00e9s un centre educatiu p\u00fablic que neix de la fusi\u00f3 de l\u2019Escola Mare de D\u00e9u de N\u00faria i de l\u2019Institut Joan Triad\u00fa: El nou Institut Escola Vall de Ribes abasta les tres etapes educatives de l\u2019ensenyament obligatori: Educaci\u00f3 Infantil, Educaci\u00f3 Prim\u00e0ria i Educaci\u00f3 Secund\u00e0ria. LA VISI\u00d3: qu\u00e8 [&hellip;]<\/p>\n","protected":false},"author":2,"featured_media":0,"parent":0,"menu_order":0,"comment_status":"closed","ping_status":"closed","template":"","meta":{"_bbp_topic_count":0,"_bbp_reply_count":0,"_bbp_total_topic_count":0,"_bbp_total_reply_count":0,"_bbp_voice_count":0,"_bbp_anonymous_reply_count":0,"_bbp_topic_count_hidden":0,"_bbp_reply_count_hidden":0,"_bbp_forum_subforum_count":0,"site-sidebar-layout":"default","site-content-layout":"","ast-site-content-layout":"default","site-content-style":"default","site-sidebar-style":"default","ast-global-header-display":"","ast-banner-title-visibility":"","ast-main-header-display":"","ast-hfb-above-header-display":"","ast-hfb-below-header-display":"","ast-hfb-mobile-header-display":"","site-post-title":"","ast-breadcrumbs-content":"","ast-featured-img":"","footer-sml-layout":"","theme-transparent-header-meta":"","adv-header-id-meta":"","stick-header-meta":"","header-above-stick-meta":"","header-main-stick-meta":"","header-below-stick-meta":"","astra-migrate-meta-layouts":"set","ast-page-background-enabled":"default","ast-page-background-meta":{"desktop":{"background-color":"var(--ast-global-color-4)","background-image":"","background-repeat":"repeat","background-position":"center center","background-size":"auto","background-attachment":"scroll","background-type":"","background-media":"","overlay-type":"","overlay-color":"","overlay-opacity":"","overlay-gradient":""},"tablet":{"background-color":"","background-image":"","background-repeat":"repeat","background-position":"center center","background-size":"auto","background-attachment":"scroll","background-type":"","background-media":"","overlay-type":"","overlay-color":"","overlay-opacity":"","overlay-gradient":""},"mobile":{"background-color":"","background-image":"","background-repeat":"repeat","background-position":"center center","background-size":"auto","background-attachment":"scroll","background-type":"","background-media":"","overlay-type":"","overlay-color":"","overlay-opacity":"","overlay-gradient":""}},"ast-content-background-meta":{"desktop":{"background-color":"var(--ast-global-color-5)","background-image":"","background-repeat":"repeat","background-position":"center center","background-size":"auto","background-attachment":"scroll","background-type":"","background-media":"","overlay-type":"","overlay-color":"","overlay-opacity":"","overlay-gradient":""},"tablet":{"background-color":"var(--ast-global-color-5)","background-image":"","background-repeat":"repeat","background-position":"center center","background-size":"auto","background-attachment":"scroll","background-type":"","background-media":"","overlay-type":"","overlay-color":"","overlay-opacity":"","overlay-gradient":""},"mobile":{"background-color":"var(--ast-global-color-5)","background-image":"","background-repeat":"repeat","background-position":"center center","background-size":"auto","background-attachment":"scroll","background-type":"","background-media":"","overlay-type":"","overlay-color":"","overlay-opacity":"","overlay-gradient":""}},"footnotes":""},"class_list":["post-22","page","type-page","status-publish","hentry"],"post_mailing_queue_ids":[],"_links":{"self":[{"href":"https:\/\/agora.xtec.cat\/ieribesdefreser\/wp-json\/wp\/v2\/pages\/22","targetHints":{"allow":["GET"]}}],"collection":[{"href":"https:\/\/agora.xtec.cat\/ieribesdefreser\/wp-json\/wp\/v2\/pages"}],"about":[{"href":"https:\/\/agora.xtec.cat\/ieribesdefreser\/wp-json\/wp\/v2\/types\/page"}],"author":[{"embeddable":true,"href":"https:\/\/agora.xtec.cat\/ieribesdefreser\/wp-json\/wp\/v2\/users\/2"}],"replies":[{"embeddable":true,"href":"https:\/\/agora.xtec.cat\/ieribesdefreser\/wp-json\/wp\/v2\/comments?post=22"}],"version-history":[{"count":5,"href":"https:\/\/agora.xtec.cat\/ieribesdefreser\/wp-json\/wp\/v2\/pages\/22\/revisions"}],"predecessor-version":[{"id":18903,"href":"https:\/\/agora.xtec.cat\/ieribesdefreser\/wp-json\/wp\/v2\/pages\/22\/revisions\/18903"}],"wp:attachment":[{"href":"https:\/\/agora.xtec.cat\/ieribesdefreser\/wp-json\/wp\/v2\/media?parent=22"}],"curies":[{"name":"wp","href":"https:\/\/api.w.org\/{rel}","templated":true}]}}