{"id":19407,"date":"2025-10-13T09:36:51","date_gmt":"2025-10-13T07:36:51","guid":{"rendered":"https:\/\/agora.xtec.cat\/ieribesdefreser\/?page_id=19407"},"modified":"2025-10-31T12:17:58","modified_gmt":"2025-10-31T11:17:58","slug":"pcmat","status":"publish","type":"page","link":"https:\/\/agora.xtec.cat\/ieribesdefreser\/pcmat\/","title":{"rendered":"PCMAT"},"content":{"rendered":"\n<p>L\u2019Institut Escola Vall de Ribes participa durant aquest curs en el&nbsp;<strong>programa PCMAT<\/strong>, una iniciativa que s\u2019emmarca dins del desplegament del programa&nbsp;<strong>\u201cC\u00f3digo Escuela 4.0\u201d<\/strong>, impulsat pel&nbsp;<strong>Ministeri d\u2019Educaci\u00f3, Formaci\u00f3 Professional i Esports<\/strong>&nbsp;i coordinat pel&nbsp;<strong>Departament d\u2019Educaci\u00f3 i Formaci\u00f3 Professional<\/strong>&nbsp;de la Generalitat de Catalunya.<br>Aquest projecte t\u00e9 com a finalitat&nbsp;<strong>potenciar el desenvolupament de les compet\u00e8ncies matem\u00e0tiques a trav\u00e9s del pensament computacional<\/strong>.<\/p>\n\n\n\n<p>El programa PCMAT proposa treballar les matem\u00e0tiques des d\u2019una&nbsp;<strong>visi\u00f3 competencial i interdisciplin\u00e0ria<\/strong>, fomentant la&nbsp;<strong>resoluci\u00f3 de problemes, el raonament, la comunicaci\u00f3 matem\u00e0tica<\/strong>&nbsp;i la&nbsp;<strong>relaci\u00f3 amb situacions reals<\/strong>. L\u2019enfocament es basa en un aprenentatge actiu i significatiu, on l\u2019alumnat construeix coneixement a partir de l\u2019experimentaci\u00f3, la conversa i el treball cooperatiu.<\/p>\n\n\n\n<p>Les sessions del programa inclouen&nbsp;<strong>activitats variades i din\u00e0miques<\/strong>, com ara l\u2019\u00fas de&nbsp;<strong>materials manipulatius<\/strong>, la realitzaci\u00f3 de&nbsp;<strong>reptes col\u00b7laboratius<\/strong>&nbsp;i espais de&nbsp;<strong>reflexi\u00f3 individual<\/strong>, amb l\u2019objectiu de desenvolupar el pensament l\u00f2gic i cr\u00edtic.<\/p>\n\n\n\n<blockquote class=\"wp-block-quote is-layout-flow wp-block-quote-is-layout-flow\">\n<p><em>\u201cEl pensament computacional facilita el treball de les matem\u00e0tiques, tot proporcionant un enfocament estructurat per resoldre problemes mitjan\u00e7ant t\u00e8cniques com la descomposici\u00f3, el reconeixement de patrons, l\u2019abstracci\u00f3 i el disseny d\u2019algorismes.\u201d<\/em><\/p>\n<\/blockquote>\n\n\n\n<figure class=\"wp-block-embed\"><div class=\"wp-block-embed__wrapper\">\nhttps:\/\/gamma.app\/docs\/Untitled-cf49gmj3cobx0lj?mode=doc\n<\/div><\/figure>\n","protected":false},"excerpt":{"rendered":"<p>L\u2019Institut Escola Vall de Ribes participa durant aquest curs en el&nbsp;programa PCMAT, una iniciativa que s\u2019emmarca dins del desplegament del programa&nbsp;\u201cC\u00f3digo Escuela 4.0\u201d, impulsat pel&nbsp;Ministeri d\u2019Educaci\u00f3, Formaci\u00f3 Professional i Esports&nbsp;i coordinat pel&nbsp;Departament d\u2019Educaci\u00f3 i Formaci\u00f3 Professional&nbsp;de la Generalitat de Catalunya.Aquest projecte t\u00e9 com a finalitat&nbsp;potenciar el desenvolupament de les compet\u00e8ncies matem\u00e0tiques a trav\u00e9s del pensament [&hellip;]<\/p>\n","protected":false},"author":20,"featured_media":0,"parent":0,"menu_order":0,"comment_status":"closed","ping_status":"close","template":"","meta":{"_bbp_topic_count":0,"_bbp_reply_count":0,"_bbp_total_topic_count":0,"_bbp_total_reply_count":0,"_bbp_voice_count":0,"_bbp_anonymous_reply_count":0,"_bbp_topic_count_hidden":0,"_bbp_reply_count_hidden":0,"_bbp_forum_subforum_count":0,"site-sidebar-layout":"default","site-content-layout":"","ast-site-content-layout":"default","site-content-style":"default","site-sidebar-style":"default","ast-global-header-display":"","ast-banner-title-visibility":"","ast-main-header-display":"","ast-hfb-above-header-display":"","ast-hfb-below-header-display":"","ast-hfb-mobile-header-display":"","site-post-title":"","ast-breadcrumbs-content":"","ast-featured-img":"","footer-sml-layout":"","theme-transparent-header-meta":"","adv-header-id-meta":"","stick-header-meta":"","header-above-stick-meta":"","header-main-stick-meta":"","header-below-stick-meta":"","astra-migrate-meta-layouts":"set","ast-page-background-enabled":"default","ast-page-background-meta":{"desktop":{"background-color":"var(--ast-global-color-4)","background-image":"","background-repeat":"repeat","background-position":"center center","background-size":"auto","background-attachment":"scroll","background-type":"","background-media":"","overlay-type":"","overlay-color":"","overlay-opacity":"","overlay-gradient":""},"tablet":{"background-color":"","background-image":"","background-repeat":"repeat","background-position":"center center","background-size":"auto","background-attachment":"scroll","background-type":"","background-media":"","overlay-type":"","overlay-color":"","overlay-opacity":"","overlay-gradient":""},"mobile":{"background-color":"","background-image":"","background-repeat":"repeat","background-position":"center center","background-size":"auto","background-attachment":"scroll","background-type":"","background-media":"","overlay-type":"","overlay-color":"","overlay-opacity":"","overlay-gradient":""}},"ast-content-background-meta":{"desktop":{"background-color":"var(--ast-global-color-5)","background-image":"","background-repeat":"repeat","background-position":"center center","background-size":"auto","background-attachment":"scroll","background-type":"","background-media":"","overlay-type":"","overlay-color":"","overlay-opacity":"","overlay-gradient":""},"tablet":{"background-color":"var(--ast-global-color-5)","background-image":"","background-repeat":"repeat","background-position":"center center","background-size":"auto","background-attachment":"scroll","background-type":"","background-media":"","overlay-type":"","overlay-color":"","overlay-opacity":"","overlay-gradient":""},"mobile":{"background-color":"var(--ast-global-color-5)","background-image":"","background-repeat":"repeat","background-position":"center center","background-size":"auto","background-attachment":"scroll","background-type":"","background-media":"","overlay-type":"","overlay-color":"","overlay-opacity":"","overlay-gradient":""}},"footnotes":""},"class_list":["post-19407","page","type-page","status-publish","hentry"],"post_mailing_queue_ids":[],"_links":{"self":[{"href":"https:\/\/agora.xtec.cat\/ieribesdefreser\/wp-json\/wp\/v2\/pages\/19407","targetHints":{"allow":["GET"]}}],"collection":[{"href":"https:\/\/agora.xtec.cat\/ieribesdefreser\/wp-json\/wp\/v2\/pages"}],"about":[{"href":"https:\/\/agora.xtec.cat\/ieribesdefreser\/wp-json\/wp\/v2\/types\/page"}],"author":[{"embeddable":true,"href":"https:\/\/agora.xtec.cat\/ieribesdefreser\/wp-json\/wp\/v2\/users\/20"}],"replies":[{"embeddable":true,"href":"https:\/\/agora.xtec.cat\/ieribesdefreser\/wp-json\/wp\/v2\/comments?post=19407"}],"version-history":[{"count":2,"href":"https:\/\/agora.xtec.cat\/ieribesdefreser\/wp-json\/wp\/v2\/pages\/19407\/revisions"}],"predecessor-version":[{"id":19726,"href":"https:\/\/agora.xtec.cat\/ieribesdefreser\/wp-json\/wp\/v2\/pages\/19407\/revisions\/19726"}],"wp:attachment":[{"href":"https:\/\/agora.xtec.cat\/ieribesdefreser\/wp-json\/wp\/v2\/media?parent=19407"}],"curies":[{"name":"wp","href":"https:\/\/api.w.org\/{rel}","templated":true}]}}