{"id":2510,"date":"2023-02-03T09:36:39","date_gmt":"2023-02-03T08:36:39","guid":{"rendered":"https:\/\/agora.xtec.cat\/iepompeufabra\/?page_id=2510"},"modified":"2023-10-03T09:55:37","modified_gmt":"2023-10-03T07:55:37","slug":"menjador","status":"publish","type":"page","link":"https:\/\/agora.xtec.cat\/iepompeufabra\/serveis\/menjador\/","title":{"rendered":"Menjador"},"content":{"rendered":"<p>El menjador escolar est\u00e0 gestionat per l&#8217;empresa Serhs food educa i podreu trobar m\u00e9s informaci\u00f3 de com funciona en aquest <a href=\"https:\/\/agora.xtec.cat\/iepompeufabra\/wp-content\/uploads\/usu1689\/2023\/10\/CARTA-MENJADOR-ESCOLAR.pdf\">enlla\u00e7.<\/a><\/p>\n<p><a href=\"https:\/\/agora.xtec.cat\/iepompeufabra\/wp-content\/uploads\/usu1689\/2023\/10\/serhsfood.jpg\"><img loading=\"lazy\" decoding=\"async\" class=\"aligncenter  wp-image-2854\" src=\"https:\/\/agora.xtec.cat\/iepompeufabra\/wp-content\/uploads\/usu1689\/2023\/10\/serhsfood.jpg\" alt=\"\" width=\"306\" height=\"114\" srcset=\"https:\/\/agora.xtec.cat\/iepompeufabra\/wp-content\/uploads\/usu1689\/2023\/10\/serhsfood.jpg 575w, https:\/\/agora.xtec.cat\/iepompeufabra\/wp-content\/uploads\/usu1689\/2023\/10\/serhsfood-300x112.jpg 300w\" sizes=\"auto, (max-width: 306px) 100vw, 306px\" \/><\/a><\/p>\n<p>En el nostre centre, <strong>nom\u00e9s a secund\u00e0ria<\/strong>, s\u2019ofereix la possibilitat als alumnes de portar el dinar de casa amb carmanyola, i se\u2019ls facilita l\u2019espai, les condicions de refrigeraci\u00f3 (nevera) i escalfament (microones) adequades.\u00a0 A m\u00e9s a m\u00e9s, hi ha el monitoratge necessari que els at\u00e9n tota la franja del migdia.<\/p>\n<p>Cal comprar els tiquets carmanyola a l&#8217;administrativa de dilluns a divendres de 8.30 a 16.30h.<\/p>\n<p>Preu d&#8217;un tiquet &#8211; 2,5\u20ac.<\/p>\n<p>Preu de 10 tiquets &#8211; 20\u20ac.<\/p>\n<p>&nbsp;<\/p>\n","protected":false},"excerpt":{"rendered":"<p>El menjador escolar est\u00e0 gestionat per l&#8217;empresa Serhs food educa i podreu trobar m\u00e9s informaci\u00f3 de com funciona en aquest <a href=\"https:\/\/agora.xtec.cat\/iepompeufabra\/wp-content\/uploads\/usu1689\/2023\/10\/CARTA-MENJADOR-ESCOLAR.pdf\">enlla\u00e7.<\/a><br \/>\n<a href=\"https:\/\/agora.xtec.cat\/iepompeufabra\/wp-content\/uploads\/usu1689\/2023\/10\/serhsfood.jpg\"><\/a><br \/>\nEn el nostre centre, nom\u00e9s a secund\u00e0ria, s\u2019ofereix la possibilitat als alumnes de portar el dinar de casa amb carmanyola, i se\u2019ls facilita&hellip;  <a href=\"https:\/\/agora.xtec.cat\/iepompeufabra\/serveis\/menjador\/\" title=\"Read Menjador\">Llegeix m\u00e9s\u00bb<\/a><\/p>\n","protected":false},"author":3,"featured_media":0,"parent":66,"menu_order":0,"comment_status":"closed","ping_status":"closed","template":"page-templates\/side-menu.php","meta":{"_bbp_topic_count":0,"_bbp_reply_count":0,"_bbp_total_topic_count":0,"_bbp_total_reply_count":0,"_bbp_voice_count":0,"_bbp_anonymous_reply_count":0,"_bbp_topic_count_hidden":0,"_bbp_reply_count_hidden":0,"_bbp_forum_subforum_count":0,"footnotes":""},"class_list":["post-2510","page","type-page","status-publish","hentry"],"post_mailing_queue_ids":[],"_links":{"self":[{"href":"https:\/\/agora.xtec.cat\/iepompeufabra\/wp-json\/wp\/v2\/pages\/2510","targetHints":{"allow":["GET"]}}],"collection":[{"href":"https:\/\/agora.xtec.cat\/iepompeufabra\/wp-json\/wp\/v2\/pages"}],"about":[{"href":"https:\/\/agora.xtec.cat\/iepompeufabra\/wp-json\/wp\/v2\/types\/page"}],"author":[{"embeddable":true,"href":"https:\/\/agora.xtec.cat\/iepompeufabra\/wp-json\/wp\/v2\/users\/3"}],"replies":[{"embeddable":true,"href":"https:\/\/agora.xtec.cat\/iepompeufabra\/wp-json\/wp\/v2\/comments?post=2510"}],"version-history":[{"count":4,"href":"https:\/\/agora.xtec.cat\/iepompeufabra\/wp-json\/wp\/v2\/pages\/2510\/revisions"}],"predecessor-version":[{"id":2857,"href":"https:\/\/agora.xtec.cat\/iepompeufabra\/wp-json\/wp\/v2\/pages\/2510\/revisions\/2857"}],"up":[{"embeddable":true,"href":"https:\/\/agora.xtec.cat\/iepompeufabra\/wp-json\/wp\/v2\/pages\/66"}],"wp:attachment":[{"href":"https:\/\/agora.xtec.cat\/iepompeufabra\/wp-json\/wp\/v2\/media?parent=2510"}],"curies":[{"name":"wp","href":"https:\/\/api.w.org\/{rel}","templated":true}]}}