{"id":2357,"date":"2022-04-27T16:29:39","date_gmt":"2022-04-27T14:29:39","guid":{"rendered":"https:\/\/agora.xtec.cat\/iepompeufabra\/?page_id=2357"},"modified":"2023-04-14T08:46:47","modified_gmt":"2023-04-14T06:46:47","slug":"avaluacio","status":"publish","type":"page","link":"https:\/\/agora.xtec.cat\/iepompeufabra\/edc-estrategia-digital-de-centre\/estrategia-digital\/avaluacio\/","title":{"rendered":"Avaluaci\u00f3"},"content":{"rendered":"<p>El proc\u00e9s d\u2019avaluaci\u00f3 de l\u2019EDC ser\u00e0 cont\u00ednua, un cop completada cada actuaci\u00f3 es valorar\u00e0 la qualitat de l\u2019execuci\u00f3 en funci\u00f3 dels resultats i l\u2019indicador. Anualment es far\u00e0 una valoraci\u00f3 del proc\u00e9s i com s\u2019estan assolint els objectius proposats.<br \/>\nFinalment en acabar el per\u00edode establert  es far\u00e0 una revisi\u00f3 del proc\u00e9s que servir\u00e0 com a una eina m\u00e9s de diagnosi pel proper proc\u00e9s estrat\u00e8gic.<\/p>\n<p><a href=\"https:\/\/agora.xtec.cat\/iepompeufabra\/wp-content\/uploads\/usu1689\/2023\/04\/illustracio-avaluacio.jpg\"><img loading=\"lazy\" decoding=\"async\" src=\"https:\/\/agora.xtec.cat\/iepompeufabra\/wp-content\/uploads\/usu1689\/2023\/04\/illustracio-avaluacio.jpg\" alt=\"\" width=\"960\" height=\"540\" class=\"aligncenter size-full wp-image-2706\" srcset=\"https:\/\/agora.xtec.cat\/iepompeufabra\/wp-content\/uploads\/usu1689\/2023\/04\/illustracio-avaluacio.jpg 960w, https:\/\/agora.xtec.cat\/iepompeufabra\/wp-content\/uploads\/usu1689\/2023\/04\/illustracio-avaluacio-300x169.jpg 300w, https:\/\/agora.xtec.cat\/iepompeufabra\/wp-content\/uploads\/usu1689\/2023\/04\/illustracio-avaluacio-768x432.jpg 768w\" sizes=\"auto, (max-width: 960px) 100vw, 960px\" \/><\/a><\/p>\n","protected":false},"excerpt":{"rendered":"<p>El proc\u00e9s d\u2019avaluaci\u00f3 de l\u2019EDC ser\u00e0 cont\u00ednua, un cop completada cada actuaci\u00f3 es valorar\u00e0 la qualitat de l\u2019execuci\u00f3 en funci\u00f3 dels resultats i l\u2019indicador. Anualment es far\u00e0 una valoraci\u00f3 del proc\u00e9s i com s\u2019estan assolint els objectius proposats.<br \/>\nFinalment en acabar el per\u00edode establert  es&hellip;  <a href=\"https:\/\/agora.xtec.cat\/iepompeufabra\/edc-estrategia-digital-de-centre\/estrategia-digital\/avaluacio\/\" title=\"Read Avaluaci\u00f3\">Llegeix m\u00e9s\u00bb<\/a><\/p>\n","protected":false},"author":1,"featured_media":0,"parent":2349,"menu_order":0,"comment_status":"closed","ping_status":"closed","template":"page-templates\/side-menu.php","meta":{"_bbp_topic_count":0,"_bbp_reply_count":0,"_bbp_total_topic_count":0,"_bbp_total_reply_count":0,"_bbp_voice_count":0,"_bbp_anonymous_reply_count":0,"_bbp_topic_count_hidden":0,"_bbp_reply_count_hidden":0,"_bbp_forum_subforum_count":0,"footnotes":""},"class_list":["post-2357","page","type-page","status-publish","hentry"],"post_mailing_queue_ids":[],"_links":{"self":[{"href":"https:\/\/agora.xtec.cat\/iepompeufabra\/wp-json\/wp\/v2\/pages\/2357","targetHints":{"allow":["GET"]}}],"collection":[{"href":"https:\/\/agora.xtec.cat\/iepompeufabra\/wp-json\/wp\/v2\/pages"}],"about":[{"href":"https:\/\/agora.xtec.cat\/iepompeufabra\/wp-json\/wp\/v2\/types\/page"}],"author":[{"embeddable":true,"href":"https:\/\/agora.xtec.cat\/iepompeufabra\/wp-json\/wp\/v2\/users\/1"}],"replies":[{"embeddable":true,"href":"https:\/\/agora.xtec.cat\/iepompeufabra\/wp-json\/wp\/v2\/comments?post=2357"}],"version-history":[{"count":3,"href":"https:\/\/agora.xtec.cat\/iepompeufabra\/wp-json\/wp\/v2\/pages\/2357\/revisions"}],"predecessor-version":[{"id":2707,"href":"https:\/\/agora.xtec.cat\/iepompeufabra\/wp-json\/wp\/v2\/pages\/2357\/revisions\/2707"}],"up":[{"embeddable":true,"href":"https:\/\/agora.xtec.cat\/iepompeufabra\/wp-json\/wp\/v2\/pages\/2349"}],"wp:attachment":[{"href":"https:\/\/agora.xtec.cat\/iepompeufabra\/wp-json\/wp\/v2\/media?parent=2357"}],"curies":[{"name":"wp","href":"https:\/\/api.w.org\/{rel}","templated":true}]}}

Avaluació

<p>El procés d’avaluació de l’EDC serà contínua, un cop completada cada actuació es valorarà la qualitat de l’execució en funció dels resultats i l’indicador. Anualment es farà una valoració del procés i com s’estan assolint els objectius proposats.<br />
Finalment en acabar el període establert  es farà una revisió del procés que servirà com a una eina més de diagnosi pel proper procés estratègic.</p>
<p><a href="https://agora.xtec.cat/iepompeufabra/wp-content/uploads/usu1689/2023/04/illustracio-avaluacio.jpg"><img loading="lazy" decoding="async" src="https://agora.xtec.cat/iepompeufabra/wp-content/uploads/usu1689/2023/04/illustracio-avaluacio.jpg" alt="" width="960" height="540" class="aligncenter size-full wp-image-2706" srcset="https://agora.xtec.cat/iepompeufabra/wp-content/uploads/usu1689/2023/04/illustracio-avaluacio.jpg 960w, https://agora.xtec.cat/iepompeufabra/wp-content/uploads/usu1689/2023/04/illustracio-avaluacio-300x169.jpg 300w, https://agora.xtec.cat/iepompeufabra/wp-content/uploads/usu1689/2023/04/illustracio-avaluacio-768x432.jpg 768w" sizes="auto, (max-width: 960px) 100vw, 960px" /></a></p>

<p>El procés d’avaluació de l’EDC serà contínua, un cop completada cada actuació es valorarà la qualitat de l’execució en funció dels resultats i l’indicador. Anualment es farà una valoració del procés i com s’estan assolint els objectius proposats.<br />
Finalment en acabar el període establert  es&hellip;  <a href="https://agora.xtec.cat/iepompeufabra/edc-estrategia-digital-de-centre/estrategia-digital/avaluacio/" title="Read Avaluació">Llegeix més»</a></p>
