{"id":1611,"date":"2020-06-03T19:20:27","date_gmt":"2020-06-03T17:20:27","guid":{"rendered":"https:\/\/agora.xtec.cat\/iepompeufabra\/?page_id=1611"},"modified":"2024-01-15T09:04:58","modified_gmt":"2024-01-15T08:04:58","slug":"consell-escolar","status":"publish","type":"page","link":"https:\/\/agora.xtec.cat\/iepompeufabra\/linstitutescola\/consell-escolar\/","title":{"rendered":"Consell escolar"},"content":{"rendered":"<p>La intervenci\u00f3 de pares i mares \u00e9s fonamental en el proc\u00e9s escolar dels fills i filles. Els familiars poden contribuir efica\u00e7ment en l&#8217;ensenyament i aprenentatge dels alumnes, d&#8217;acord amb el projecte educatiu del centre: assistint a les reunions que es convoquin, garantint l&#8217;assist\u00e8ncia dels nens a classe, col\u00b7laborant en activitats, formant part de l&#8217;AMPA&#8230;i participant en el Consell Escolar.<br \/>\nEl Consell Escolar del Centre \u00e9s l&#8217;\u00f2rgan de participaci\u00f3 dels diferents membres de la comunitat escolar en el govern de l&#8217;Institut Escola.<\/p>\n<p><strong>Membres del Consell Escolar<\/strong><\/p>\n<table style=\"width: 39.0503%; height: 680px;\">\n<tbody>\n<tr style=\"height: 33px;\">\n<td style=\"width: 46.5517%; height: 33px; text-align: left;\">\u00a0Presidenta<\/td>\n<td style=\"width: 130.535%; height: 33px; text-align: left;\">Rafi Aranda<\/td>\n<\/tr>\n<tr style=\"height: 49px;\">\n<td style=\"width: 46.5517%; height: 49px; text-align: left;\">\u00a0Secret\u00e0ria i cap d&#8217;estudis d&#8217;EI i EP<\/td>\n<td style=\"width: 130.535%; height: 49px; text-align: left;\">M. \u00c0ngels Sabart\u00e9s i Alba Malet<\/td>\n<\/tr>\n<tr style=\"height: 65px;\">\n<td style=\"width: 46.5517%; height: 65px; text-align: left;\">\u00a0Cap d&#8217;estudis i coordinador pedag\u00f2gic d&#8217;ESO<\/td>\n<td style=\"width: 130.535%; height: 65px; text-align: left;\">Imar Mart\u00ednez i Laia Leiva<\/td>\n<\/tr>\n<tr style=\"height: 177px;\">\n<td style=\"width: 46.5517%; height: 177px; text-align: left;\">\u00a0Sector mestres<\/td>\n<td style=\"width: 130.535%; height: 177px; text-align: left;\">Noem\u00ed Navarro<\/p>\n<p><span style=\"font-weight: 400;\">Laia Fern\u00e0ndez<\/span><\/p>\n<p><span style=\"font-weight: 400;\">Silvia Bordas<\/span><\/p>\n<p><span style=\"font-weight: 400;\">Silvia Casta\u00f1o<\/span><\/p>\n<p>Ivet Casta\u00f1o<\/td>\n<\/tr>\n<tr style=\"height: 217px;\">\n<td style=\"width: 46.5517%; height: 217px; text-align: left;\">Sector fam\u00edlies<\/td>\n<td style=\"width: 130.535%; height: 217px; text-align: left;\"><span style=\"font-weight: 400;\">Sandra Ruiz<\/span><\/p>\n<p><span style=\"font-weight: 400;\">Marta Romero<\/span><\/p>\n<p><span style=\"font-weight: 400;\">Ada Cusid\u00f3<\/span><\/p>\n<p><span style=\"font-weight: 400;\">Alba Rodr\u00edguez<\/span><\/p>\n<p>Cristina Vaca<\/td>\n<\/tr>\n<tr style=\"height: 33px;\">\n<td style=\"width: 46.5517%; height: 33px; text-align: left;\">\u00a0Sector AMPA<\/td>\n<td style=\"width: 130.535%; height: 33px; text-align: left;\">\u00a0Marta Ruiz<\/td>\n<\/tr>\n<tr style=\"height: 57px;\">\n<td style=\"width: 46.5517%; height: 57px; text-align: left;\">Sector Ajuntament<\/td>\n<td style=\"width: 130.535%; height: 57px; text-align: left;\">Bea Moreno<\/td>\n<\/tr>\n<tr style=\"height: 49px;\">\n<td style=\"width: 46.5517%; height: 49px; text-align: left;\">Sector PAE<br \/>\nSector PAS<\/td>\n<td style=\"width: 130.535%; height: 49px; text-align: left;\">Carina Sol\u00e0<br \/>\nLidia Monteagudo<\/td>\n<\/tr>\n<tr>\n<td style=\"width: 46.5517%; text-align: left;\">Sector alumnes<\/td>\n<td style=\"width: 130.535%; text-align: left;\">Alba Tasias<\/p>\n<p>Mikel Garcia<\/td>\n<\/tr>\n<\/tbody>\n<\/table>\n","protected":false},"excerpt":{"rendered":"<p>La intervenci\u00f3 de pares i mares \u00e9s fonamental en el proc\u00e9s escolar dels fills i filles. Els familiars poden contribuir efica\u00e7ment en l&#8217;ensenyament i aprenentatge dels alumnes, d&#8217;acord amb el projecte educatiu del centre: assistint a les reunions que es convoquin, garantint l&#8217;assist\u00e8ncia dels nens&hellip;  <a href=\"https:\/\/agora.xtec.cat\/iepompeufabra\/linstitutescola\/consell-escolar\/\" title=\"Read Consell escolar\">Llegeix m\u00e9s\u00bb<\/a><\/p>\n","protected":false},"author":1,"featured_media":0,"parent":22,"menu_order":4,"comment_status":"closed","ping_status":"closed","template":"page-templates\/side-menu.php","meta":{"_bbp_topic_count":0,"_bbp_reply_count":0,"_bbp_total_topic_count":0,"_bbp_total_reply_count":0,"_bbp_voice_count":0,"_bbp_anonymous_reply_count":0,"_bbp_topic_count_hidden":0,"_bbp_reply_count_hidden":0,"_bbp_forum_subforum_count":0,"footnotes":""},"class_list":["post-1611","page","type-page","status-publish","hentry"],"post_mailing_queue_ids":[],"_links":{"self":[{"href":"https:\/\/agora.xtec.cat\/iepompeufabra\/wp-json\/wp\/v2\/pages\/1611","targetHints":{"allow":["GET"]}}],"collection":[{"href":"https:\/\/agora.xtec.cat\/iepompeufabra\/wp-json\/wp\/v2\/pages"}],"about":[{"href":"https:\/\/agora.xtec.cat\/iepompeufabra\/wp-json\/wp\/v2\/types\/page"}],"author":[{"embeddable":true,"href":"https:\/\/agora.xtec.cat\/iepompeufabra\/wp-json\/wp\/v2\/users\/1"}],"replies":[{"embeddable":true,"href":"https:\/\/agora.xtec.cat\/iepompeufabra\/wp-json\/wp\/v2\/comments?post=1611"}],"version-history":[{"count":5,"href":"https:\/\/agora.xtec.cat\/iepompeufabra\/wp-json\/wp\/v2\/pages\/1611\/revisions"}],"predecessor-version":[{"id":2890,"href":"https:\/\/agora.xtec.cat\/iepompeufabra\/wp-json\/wp\/v2\/pages\/1611\/revisions\/2890"}],"up":[{"embeddable":true,"href":"https:\/\/agora.xtec.cat\/iepompeufabra\/wp-json\/wp\/v2\/pages\/22"}],"wp:attachment":[{"href":"https:\/\/agora.xtec.cat\/iepompeufabra\/wp-json\/wp\/v2\/media?parent=1611"}],"curies":[{"name":"wp","href":"https:\/\/api.w.org\/{rel}","templated":true}]}}