{"id":10500,"date":"2020-03-20T12:32:54","date_gmt":"2020-03-20T11:32:54","guid":{"rendered":"https:\/\/agora.xtec.cat\/iepladelavella\/?page_id=10500"},"modified":"2020-04-11T13:18:31","modified_gmt":"2020-04-11T11:18:31","slug":"extraescolars","status":"publish","type":"page","link":"https:\/\/agora.xtec.cat\/iepladelavella\/serveis\/extraescolars\/","title":{"rendered":"Extraescolars"},"content":{"rendered":"<p>Us trobem a faltar!<br \/>\n<iframe loading=\"lazy\" src=\"https:\/\/www.youtube.com\/embed\/nrmeSmyj25I\" width=\"560\" height=\"315\" frameborder=\"0\"><\/iframe><br \/>\n&nbsp;<\/p>\n<p>&nbsp;<\/p>\n<p>Aqu\u00ed trobareu un recull de les extraescolars que oferim des de l&#8217;AMPA.<\/p>\n<p><strong>PATINATGE<\/strong><\/p>\n<p><iframe loading=\"lazy\" title=\"PATINATGE\" width=\"500\" height=\"281\" src=\"https:\/\/www.youtube.com\/embed\/rBUFjZh3Vw0?feature=oembed\" frameborder=\"0\" allow=\"accelerometer; autoplay; clipboard-write; encrypted-media; gyroscope; picture-in-picture; web-share\" referrerpolicy=\"strict-origin-when-cross-origin\" allowfullscreen><\/iframe><\/p>\n<p>&nbsp;<\/p>\n<p><strong>VOLEI BENJAM\u00cd<\/strong><\/p>\n<p><iframe loading=\"lazy\" title=\"VOLEI BENJAMI\" width=\"500\" height=\"281\" src=\"https:\/\/www.youtube.com\/embed\/wNf7Plywlwo?feature=oembed\" frameborder=\"0\" allow=\"accelerometer; autoplay; clipboard-write; encrypted-media; gyroscope; picture-in-picture; web-share\" referrerpolicy=\"strict-origin-when-cross-origin\" allowfullscreen><\/iframe><\/p>\n<p>&nbsp;<\/p>\n<p><strong>VOLEI ALEV\u00cd<\/strong><\/p>\n<p><iframe loading=\"lazy\" title=\"VOLEI ALEVI\" width=\"500\" height=\"281\" src=\"https:\/\/www.youtube.com\/embed\/LM3J94WLquU?feature=oembed\" frameborder=\"0\" allow=\"accelerometer; autoplay; clipboard-write; encrypted-media; gyroscope; picture-in-picture; web-share\" referrerpolicy=\"strict-origin-when-cross-origin\" allowfullscreen><\/iframe><\/p>\n<p>&nbsp;<\/p>\n<p><strong>P\u00c0DEL<\/strong><\/p>\n<p><iframe loading=\"lazy\" title=\"P\u00c0DEL\" width=\"500\" height=\"281\" src=\"https:\/\/www.youtube.com\/embed\/ofxcqosR_p8?feature=oembed\" frameborder=\"0\" allow=\"accelerometer; autoplay; clipboard-write; encrypted-media; gyroscope; picture-in-picture; web-share\" referrerpolicy=\"strict-origin-when-cross-origin\" allowfullscreen><\/iframe><\/p>\n<p>&nbsp;<\/p>\n<p><strong>FUTBOL SALA<\/strong><\/p>\n<p><iframe loading=\"lazy\" title=\"FUTBOL SALA\" width=\"500\" height=\"281\" src=\"https:\/\/www.youtube.com\/embed\/fXeu6oPujjA?feature=oembed\" frameborder=\"0\" allow=\"accelerometer; autoplay; clipboard-write; encrypted-media; gyroscope; picture-in-picture; web-share\" referrerpolicy=\"strict-origin-when-cross-origin\" allowfullscreen><\/iframe><\/p>\n<p>&nbsp;<\/p>\n<p><strong>CAPOEIRA<\/strong><\/p>\n<p><iframe loading=\"lazy\" title=\"CAPOEIRA\" width=\"500\" height=\"281\" src=\"https:\/\/www.youtube.com\/embed\/pLR0jbdz5j0?feature=oembed\" frameborder=\"0\" allow=\"accelerometer; autoplay; clipboard-write; encrypted-media; gyroscope; picture-in-picture; web-share\" referrerpolicy=\"strict-origin-when-cross-origin\" allowfullscreen><\/iframe><\/p>\n<p>&nbsp;<\/p>\n<p><strong>TENNIS<\/strong><\/p>\n<p><iframe loading=\"lazy\" title=\"TENNIS\" width=\"500\" height=\"281\" src=\"https:\/\/www.youtube.com\/embed\/5DbMGnJtlmY?feature=oembed\" frameborder=\"0\" allow=\"accelerometer; autoplay; clipboard-write; encrypted-media; gyroscope; picture-in-picture; web-share\" referrerpolicy=\"strict-origin-when-cross-origin\" allowfullscreen><\/iframe><\/p>\n<p>&nbsp;<\/p>\n<p><strong>TAEKWONDO<\/strong><\/p>\n<p><iframe loading=\"lazy\" title=\"TAEKWONDO\" width=\"500\" height=\"281\" src=\"https:\/\/www.youtube.com\/embed\/UC7VajV5Aho?feature=oembed\" frameborder=\"0\" allow=\"accelerometer; autoplay; clipboard-write; encrypted-media; gyroscope; picture-in-picture; web-share\" referrerpolicy=\"strict-origin-when-cross-origin\" allowfullscreen><\/iframe><\/p>\n<p>&nbsp;<\/p>\n<p><strong>INICIACI\u00d3 ESPORTIVA<\/strong><\/p>\n<p><iframe loading=\"lazy\" title=\"INICIACI\u00d3 ESPORTIVA\" width=\"500\" height=\"375\" src=\"https:\/\/www.youtube.com\/embed\/9HPeHtZ9Rok?feature=oembed\" frameborder=\"0\" allow=\"accelerometer; autoplay; clipboard-write; encrypted-media; gyroscope; picture-in-picture; web-share\" referrerpolicy=\"strict-origin-when-cross-origin\" allowfullscreen><\/iframe><\/p>\n<p>&nbsp;<\/p>\n<p><strong>MULTIESPORTS<\/strong><\/p>\n<p><iframe loading=\"lazy\" title=\"MULTIESPORTS\" width=\"500\" height=\"375\" src=\"https:\/\/www.youtube.com\/embed\/A2mm4_3iNqU?feature=oembed\" frameborder=\"0\" allow=\"accelerometer; autoplay; clipboard-write; encrypted-media; gyroscope; picture-in-picture; web-share\" referrerpolicy=\"strict-origin-when-cross-origin\" allowfullscreen><\/iframe><\/p>\n<p>&nbsp;<\/p>\n<p><strong>ESCACS<\/strong><\/p>\n<p><iframe loading=\"lazy\" title=\"ESCACS\" width=\"500\" height=\"281\" src=\"https:\/\/www.youtube.com\/embed\/v67q2JGooXg?feature=oembed\" frameborder=\"0\" allow=\"accelerometer; autoplay; clipboard-write; encrypted-media; gyroscope; picture-in-picture; web-share\" referrerpolicy=\"strict-origin-when-cross-origin\" allowfullscreen><\/iframe><\/p>\n<p>&nbsp;<\/p>\n<p><strong>ANGL\u00c8S<\/strong><\/p>\n<p><iframe loading=\"lazy\" title=\"ANGL\u00c8S\" width=\"500\" height=\"281\" src=\"https:\/\/www.youtube.com\/embed\/Zb-K7VPGYWM?feature=oembed\" frameborder=\"0\" allow=\"accelerometer; autoplay; clipboard-write; encrypted-media; gyroscope; picture-in-picture; web-share\" referrerpolicy=\"strict-origin-when-cross-origin\" allowfullscreen><\/iframe><\/p>\n<p>&nbsp;<\/p>\n<p><strong>DANSA CREATIVA P4 I P5<\/strong><\/p>\n<p><iframe loading=\"lazy\" title=\"DANSA CREATIVA P4 I P5\" width=\"500\" height=\"281\" src=\"https:\/\/www.youtube.com\/embed\/ChnyVHoNZ6o?feature=oembed\" frameborder=\"0\" allow=\"accelerometer; autoplay; clipboard-write; encrypted-media; gyroscope; picture-in-picture; web-share\" referrerpolicy=\"strict-origin-when-cross-origin\" allowfullscreen><\/iframe><\/p>\n<p>&nbsp;<\/p>\n<p><strong>JAZZ FUSI\u00d3 1r, 2n i 3r<\/strong><\/p>\n<p><iframe loading=\"lazy\" title=\"JAZZ FUSI\u00d3 1R, 2N I 3R\" width=\"500\" height=\"281\" src=\"https:\/\/www.youtube.com\/embed\/6uhuOFuuW9Y?feature=oembed\" frameborder=\"0\" allow=\"accelerometer; autoplay; clipboard-write; encrypted-media; gyroscope; picture-in-picture; web-share\" referrerpolicy=\"strict-origin-when-cross-origin\" allowfullscreen><\/iframe><\/p>\n<p>&nbsp;<\/p>\n<p><strong>JAZZ FUSI\u00d3 4t, 5\u00e8 I 6\u00e8<\/strong><\/p>\n<p><iframe loading=\"lazy\" title=\"JAZZ FUSI\u00d3 4RT, 5\u00c8 I 6\u00c8\" width=\"500\" height=\"281\" src=\"https:\/\/www.youtube.com\/embed\/csu49yIZFP4?feature=oembed\" frameborder=\"0\" allow=\"accelerometer; autoplay; clipboard-write; encrypted-media; gyroscope; picture-in-picture; web-share\" referrerpolicy=\"strict-origin-when-cross-origin\" allowfullscreen><\/iframe><\/p>\n<p>&nbsp;<\/p>\n<p><strong>PIANO<\/strong><\/p>\n<p><iframe loading=\"lazy\" title=\"PIANO\" width=\"500\" height=\"281\" src=\"https:\/\/www.youtube.com\/embed\/Z5tu1fOjS6s?feature=oembed\" frameborder=\"0\" allow=\"accelerometer; autoplay; clipboard-write; encrypted-media; gyroscope; picture-in-picture; web-share\" referrerpolicy=\"strict-origin-when-cross-origin\" allowfullscreen><\/iframe><\/p>\n<p>&nbsp;<\/p>\n<p><strong>BATERIA<\/strong><\/p>\n<p><iframe loading=\"lazy\" title=\"BATERIA\" width=\"500\" height=\"281\" src=\"https:\/\/www.youtube.com\/embed\/o5r2MLKAEMg?feature=oembed\" frameborder=\"0\" allow=\"accelerometer; autoplay; clipboard-write; encrypted-media; gyroscope; picture-in-picture; web-share\" referrerpolicy=\"strict-origin-when-cross-origin\" allowfullscreen><\/iframe><\/p>\n<p>&nbsp;<\/p>\n<p><strong>GUITARRA<\/strong><\/p>\n<p><iframe loading=\"lazy\" title=\"GUITARRA\" width=\"500\" height=\"281\" src=\"https:\/\/www.youtube.com\/embed\/0ua2mdne-hc?feature=oembed\" frameborder=\"0\" allow=\"accelerometer; autoplay; clipboard-write; encrypted-media; gyroscope; picture-in-picture; web-share\" referrerpolicy=\"strict-origin-when-cross-origin\" allowfullscreen><\/iframe><\/p>\n<p>&nbsp;<\/p>\n<p><strong>SSSTREPITS<\/strong><\/p>\n<p><iframe loading=\"lazy\" title=\"SSSTR\u00c8PITS\" width=\"500\" height=\"281\" src=\"https:\/\/www.youtube.com\/embed\/EYGA8ZgB934?feature=oembed\" frameborder=\"0\" allow=\"accelerometer; autoplay; clipboard-write; encrypted-media; gyroscope; picture-in-picture; web-share\" referrerpolicy=\"strict-origin-when-cross-origin\" allowfullscreen><\/iframe><\/p>\n<p>&nbsp;<\/p>\n<p><strong>SENSIBILITZACI\u00d3 MUSICAL I TALLER DE M\u00daSICS<\/strong><\/p>\n<p><iframe loading=\"lazy\" title=\"SENSIBILIZACI\u00d3 MUSICAL I TALLER DE M\u00daSICS\" width=\"500\" height=\"375\" src=\"https:\/\/www.youtube.com\/embed\/wBgVHt3jXoE?feature=oembed\" frameborder=\"0\" allow=\"accelerometer; autoplay; clipboard-write; encrypted-media; gyroscope; picture-in-picture; web-share\" referrerpolicy=\"strict-origin-when-cross-origin\" allowfullscreen><\/iframe><\/p>\n<p>&nbsp;<\/p>\n<p><strong>JUGUEM A TEATRE I TEATRE MUSICAL<\/strong><\/p>\n<p><iframe loading=\"lazy\" title=\"JUGUEM A TEATRE I TEATRE MUSICAL\" width=\"500\" height=\"281\" src=\"https:\/\/www.youtube.com\/embed\/Ygz2LKoc6w4?feature=oembed\" frameborder=\"0\" allow=\"accelerometer; autoplay; clipboard-write; encrypted-media; gyroscope; picture-in-picture; web-share\" referrerpolicy=\"strict-origin-when-cross-origin\" allowfullscreen><\/iframe><\/p>\n<p>&nbsp;<\/p>\n<p><strong>DIBUIX I PINTURA<\/strong><\/p>\n<p><iframe loading=\"lazy\" title=\"DIBUIX I PINTURA\" width=\"500\" height=\"375\" src=\"https:\/\/www.youtube.com\/embed\/QIKQgX1A5uY?feature=oembed\" frameborder=\"0\" allow=\"accelerometer; autoplay; clipboard-write; encrypted-media; gyroscope; picture-in-picture; web-share\" referrerpolicy=\"strict-origin-when-cross-origin\" allowfullscreen><\/iframe><\/p>\n<p>&nbsp;<\/p>\n<p><strong>MANUALITATS<\/strong><\/p>\n<p><iframe loading=\"lazy\" title=\"MANUALITATS\" width=\"500\" height=\"375\" src=\"https:\/\/www.youtube.com\/embed\/O4mCK6S2HPY?feature=oembed\" frameborder=\"0\" allow=\"accelerometer; autoplay; clipboard-write; encrypted-media; gyroscope; picture-in-picture; web-share\" referrerpolicy=\"strict-origin-when-cross-origin\" allowfullscreen><\/iframe><\/p>\n<p>&nbsp;<\/p>\n<p><strong>ACOLLIDA PETITS<\/strong><\/p>\n<p><iframe loading=\"lazy\" title=\"ACOLLIDA PETITS\" width=\"500\" height=\"281\" src=\"https:\/\/www.youtube.com\/embed\/mkd2ciLuG-A?feature=oembed\" frameborder=\"0\" allow=\"accelerometer; autoplay; clipboard-write; encrypted-media; gyroscope; picture-in-picture; web-share\" referrerpolicy=\"strict-origin-when-cross-origin\" allowfullscreen><\/iframe><\/p>\n<p>&nbsp;<\/p>\n<p><strong>ACOLLIDA GRANS<\/strong><\/p>\n<p><iframe loading=\"lazy\" title=\"ACOLLIDA GRANS\" width=\"500\" height=\"281\" src=\"https:\/\/www.youtube.com\/embed\/i4E_M71ybuk?feature=oembed\" frameborder=\"0\" allow=\"accelerometer; autoplay; clipboard-write; encrypted-media; gyroscope; picture-in-picture; web-share\" referrerpolicy=\"strict-origin-when-cross-origin\" allowfullscreen><\/iframe><\/p>\n<p>&nbsp;<\/p>\n<p><strong>PERMAN\u00c8NCIES<\/strong><\/p>\n<p><iframe loading=\"lazy\" title=\"PERMAN\u00c8NCIES\" width=\"500\" height=\"281\" src=\"https:\/\/www.youtube.com\/embed\/YOM6vlr0TI8?feature=oembed\" frameborder=\"0\" allow=\"accelerometer; autoplay; clipboard-write; encrypted-media; gyroscope; picture-in-picture; web-share\" referrerpolicy=\"strict-origin-when-cross-origin\" allowfullscreen><\/iframe><\/p>\n","protected":false},"excerpt":{"rendered":"<p>Us trobem a faltar!<\/p>\n<p>&nbsp;<br \/>\n&nbsp;<br \/>\nAqu\u00ed trobareu un recull de les extraescolars que oferim des de l&#8217;AMPA.<br \/>\nPATINATGE<\/p>\n<p>&nbsp;<br \/>\nVOLEI BENJAM\u00cd<\/p>\n<p>&nbsp;<br \/>\nVOLEI ALEV\u00cd<\/p>\n<p>&nbsp;<br \/>\nP\u00c0DEL<\/p>\n<p>&nbsp;<br \/>\nFUTBOL SALA<\/p>\n<p>&nbsp;<br \/>\nCAPOEIRA<\/p>\n<p>&nbsp;<br \/>\nTENNIS<\/p>\n<p>&nbsp;<br \/>\nTAEKWONDO<\/p>\n<p>&nbsp;<br \/>\nINICIACI\u00d3 ESPORTIVA<\/p>\n<p>&nbsp;<br \/>\nMULTIESPORTS<\/p>\n<p>&nbsp;<br \/>\nESCACS<\/p>\n<p>&nbsp;<br \/>\nANGL\u00c8S<\/p>\n<p>&nbsp;<br \/>\nDANSA CREATIVA P4 I P5<\/p>\n<p>&nbsp;<br \/>\nJAZZ FUSI\u00d3 1r, 2n i 3r<\/p>\n<p>&nbsp;<br \/>\nJAZZ FUSI\u00d3 4t, 5\u00e8 I 6\u00e8<\/p>\n<p>&nbsp;<br \/>\nPIANO<\/p>\n<p>&nbsp;<br \/>\nBATERIA<\/p>\n<p>&nbsp;<br \/>\nGUITARRA<\/p>\n<p>&nbsp;<br \/>\nSSSTREPITS<\/p>\n<p>&nbsp;<br \/>\nSENSIBILITZACI\u00d3 MUSICAL I TALLER DE M\u00daSICS<\/p>\n<p>&nbsp;<br \/>\nJUGUEM A TEATRE I TEATRE MUSICAL<\/p>\n<p>&nbsp;<br \/>\nDIBUIX I PINTURA<\/p>\n<p>&nbsp;<br \/>\nMANUALITATS<\/p>\n<p>&nbsp;<br \/>\nACOLLIDA&hellip;  <a href=\"https:\/\/agora.xtec.cat\/iepladelavella\/serveis\/extraescolars\/\" title=\"Read Extraescolars\">Llegeix m\u00e9s\u00bb<\/a><\/p>\n","protected":false},"author":1,"featured_media":0,"parent":66,"menu_order":0,"comment_status":"closed","ping_status":"closed","template":"","meta":{"_bbp_topic_count":0,"_bbp_reply_count":0,"_bbp_total_topic_count":0,"_bbp_total_reply_count":0,"_bbp_voice_count":0,"_bbp_anonymous_reply_count":0,"_bbp_topic_count_hidden":0,"_bbp_reply_count_hidden":0,"_bbp_forum_subforum_count":0,"footnotes":""},"class_list":["post-10500","page","type-page","status-publish","hentry"],"post_mailing_queue_ids":[],"_links":{"self":[{"href":"https:\/\/agora.xtec.cat\/iepladelavella\/wp-json\/wp\/v2\/pages\/10500","targetHints":{"allow":["GET"]}}],"collection":[{"href":"https:\/\/agora.xtec.cat\/iepladelavella\/wp-json\/wp\/v2\/pages"}],"about":[{"href":"https:\/\/agora.xtec.cat\/iepladelavella\/wp-json\/wp\/v2\/types\/page"}],"author":[{"embeddable":true,"href":"https:\/\/agora.xtec.cat\/iepladelavella\/wp-json\/wp\/v2\/users\/1"}],"replies":[{"embeddable":true,"href":"https:\/\/agora.xtec.cat\/iepladelavella\/wp-json\/wp\/v2\/comments?post=10500"}],"version-history":[{"count":3,"href":"https:\/\/agora.xtec.cat\/iepladelavella\/wp-json\/wp\/v2\/pages\/10500\/revisions"}],"predecessor-version":[{"id":10842,"href":"https:\/\/agora.xtec.cat\/iepladelavella\/wp-json\/wp\/v2\/pages\/10500\/revisions\/10842"}],"up":[{"embeddable":true,"href":"https:\/\/agora.xtec.cat\/iepladelavella\/wp-json\/wp\/v2\/pages\/66"}],"wp:attachment":[{"href":"https:\/\/agora.xtec.cat\/iepladelavella\/wp-json\/wp\/v2\/media?parent=10500"}],"curies":[{"name":"wp","href":"https:\/\/api.w.org\/{rel}","templated":true}]}}