{"id":26,"date":"2014-09-18T12:24:32","date_gmt":"2014-09-18T11:24:32","guid":{"rendered":"http:\/\/agora.xtec.cat\/ceipperelliscart\/?page_id=26"},"modified":"2026-07-14T17:17:08","modified_gmt":"2026-07-14T15:17:08","slug":"la-nostra-historia","status":"publish","type":"page","link":"https:\/\/agora.xtec.cat\/ieperelliscart\/el-centre\/la-nostra-historia\/","title":{"rendered":"La nostra hist\u00f2ria"},"content":{"rendered":"<p>L&#8217;<strong>Institut Escola Pere Lliscart<\/strong> \u00e9s un centre p\u00fablic de la Generalitat de Catalunya amb una traject\u00f2ria de gaireb\u00e9 cinquanta anys al servei de l&#8217;educaci\u00f3 de l&#8217;Hospitalet de Llobregat.<\/p>\n<p>El centre va obrir les portes el curs <strong>1976-1977<\/strong> com a escola d&#8217;<strong>Educaci\u00f3 General B\u00e0sica<\/strong> (EGB), donant resposta a les necessitats educatives d&#8217;un barri en ple creixement. Uns anys m\u00e9s tard, el curs <strong>1982-1983<\/strong>, es va inaugurar l&#8217;edifici destinat a l&#8217;<strong>Educaci\u00f3 Infantil<\/strong>, consolidant aix\u00ed un projecte educatiu que abra\u00e7ava totes les primeres etapes de l&#8217;escolaritzaci\u00f3.<\/p>\n<p>El nom del nostre centre ret homenatge a <strong>Pere Lliscart<\/strong>, considerat el primer mestre contractat pel Consell Municipal de l&#8217;Hospitalet l&#8217;any 1574, una figura que simbolitza el comprom\u00eds hist\u00f2ric de la ciutat amb l&#8217;educaci\u00f3.<\/p>\n<p>Un moment de canvi important de la nostra hist\u00f2ria va arribar el curs <strong>2019-2020<\/strong>, quan el centre es va transformar en<strong> Institut Escola<\/strong> i va comen\u00e7ar a impartir l&#8217;<strong>Educaci\u00f3 Secund\u00e0ria Obligat\u00f2ria<\/strong> (ESO). Aquest canvi va permetre oferir un itinerari d&#8217;educaci\u00f3 b\u00e0sica complet, <strong>des d&#8217;I3 fins a 4t d&#8217;ESO<\/strong>, afavorint la continu\u00eftat pedag\u00f2gica, l&#8217;acompanyament de l&#8217;alumnat i una estreta col\u00b7laboraci\u00f3 amb les fam\u00edlies al llarg de tota l&#8217;etapa obligat\u00f2ria.<\/p>\n<p>Avui, l&#8217;Institut Escola Pere Lliscart continua evolucionant amb la voluntat de donar resposta als reptes educatius del <strong>segle XXI<\/strong>. Som un centre comprom\u00e8s amb la inclusi\u00f3, la innovaci\u00f3 pedag\u00f2gica, la conviv\u00e8ncia i l&#8217;arrelament al nostre entorn, respectu\u00f3s amb el ritme d&#8217;<strong>aprenentatge<\/strong> i cada alumne forma part d&#8217;una <strong>comunitat educativa<\/strong> oberta, participativa i compromesa amb el futur.<\/p>\n<p><a href=\"http:\/\/agora.xtec.cat\/ceipperelliscart\/wp-content\/uploads\/usu1611\/2016\/12\/pau1red.jpg\"><img loading=\"lazy\" decoding=\"async\" class=\"aligncenter size-large wp-image-463\" src=\"http:\/\/agora.xtec.cat\/ceipperelliscart\/wp-content\/uploads\/usu1611\/2016\/12\/pau1red-1024x683.jpg\" alt=\"pau1red\" width=\"1024\" height=\"683\" srcset=\"https:\/\/agora.xtec.cat\/ieperelliscart\/wp-content\/uploads\/usu1611\/2016\/12\/pau1red-1024x683.jpg 1024w, https:\/\/agora.xtec.cat\/ieperelliscart\/wp-content\/uploads\/usu1611\/2016\/12\/pau1red-300x200.jpg 300w, https:\/\/agora.xtec.cat\/ieperelliscart\/wp-content\/uploads\/usu1611\/2016\/12\/pau1red-768x512.jpg 768w\" sizes=\"auto, (max-width: 1024px) 100vw, 1024px\" \/><\/a><\/p>\n","protected":false},"excerpt":{"rendered":"<p>L&#8217;Institut Escola Pere Lliscart \u00e9s un centre p\u00fablic de la Generalitat de Catalunya amb una traject\u00f2ria de gaireb\u00e9 cinquanta anys al servei de l&#8217;educaci\u00f3 de l&#8217;Hospitalet de Llobregat.<br \/>\nEl centre va obrir les portes el curs 1976-1977 com a escola d&#8217;Educaci\u00f3 General B\u00e0sica (EGB), donant resposta&hellip;  <a href=\"https:\/\/agora.xtec.cat\/ieperelliscart\/el-centre\/la-nostra-historia\/\" title=\"Read La nostra hist\u00f2ria\">Llegeix m\u00e9s\u00bb<\/a><\/p>\n","protected":false},"author":1,"featured_media":0,"parent":6536,"menu_order":20,"comment_status":"closed","ping_status":"closed","template":"","meta":{"_bbp_topic_count":0,"_bbp_reply_count":0,"_bbp_total_topic_count":0,"_bbp_total_reply_count":0,"_bbp_voice_count":0,"_bbp_anonymous_reply_count":0,"_bbp_topic_count_hidden":0,"_bbp_reply_count_hidden":0,"_bbp_forum_subforum_count":0,"footnotes":""},"class_list":["post-26","page","type-page","status-publish","hentry"],"post_mailing_queue_ids":[],"_links":{"self":[{"href":"https:\/\/agora.xtec.cat\/ieperelliscart\/wp-json\/wp\/v2\/pages\/26","targetHints":{"allow":["GET"]}}],"collection":[{"href":"https:\/\/agora.xtec.cat\/ieperelliscart\/wp-json\/wp\/v2\/pages"}],"about":[{"href":"https:\/\/agora.xtec.cat\/ieperelliscart\/wp-json\/wp\/v2\/types\/page"}],"author":[{"embeddable":true,"href":"https:\/\/agora.xtec.cat\/ieperelliscart\/wp-json\/wp\/v2\/users\/1"}],"replies":[{"embeddable":true,"href":"https:\/\/agora.xtec.cat\/ieperelliscart\/wp-json\/wp\/v2\/comments?post=26"}],"version-history":[{"count":7,"href":"https:\/\/agora.xtec.cat\/ieperelliscart\/wp-json\/wp\/v2\/pages\/26\/revisions"}],"predecessor-version":[{"id":6509,"href":"https:\/\/agora.xtec.cat\/ieperelliscart\/wp-json\/wp\/v2\/pages\/26\/revisions\/6509"}],"up":[{"embeddable":true,"href":"https:\/\/agora.xtec.cat\/ieperelliscart\/wp-json\/wp\/v2\/pages\/6536"}],"wp:attachment":[{"href":"https:\/\/agora.xtec.cat\/ieperelliscart\/wp-json\/wp\/v2\/media?parent=26"}],"curies":[{"name":"wp","href":"https:\/\/api.w.org\/{rel}","templated":true}]}}

La nostra història

<p>L&#8217;<strong>Institut Escola Pere Lliscart</strong> és un centre públic de la Generalitat de Catalunya amb una trajectòria de gairebé cinquanta anys al servei de l&#8217;educació de l&#8217;Hospitalet de Llobregat.</p>
<p>El centre va obrir les portes el curs <strong>1976-1977</strong> com a escola d&#8217;<strong>Educació General Bàsica</strong> (EGB), donant resposta a les necessitats educatives d&#8217;un barri en ple creixement. Uns anys més tard, el curs <strong>1982-1983</strong>, es va inaugurar l&#8217;edifici destinat a l&#8217;<strong>Educació Infantil</strong>, consolidant així un projecte educatiu que abraçava totes les primeres etapes de l&#8217;escolarització.</p>
<p>El nom del nostre centre ret homenatge a <strong>Pere Lliscart</strong>, considerat el primer mestre contractat pel Consell Municipal de l&#8217;Hospitalet l&#8217;any 1574, una figura que simbolitza el compromís històric de la ciutat amb l&#8217;educació.</p>
<p>Un moment de canvi important de la nostra història va arribar el curs <strong>2019-2020</strong>, quan el centre es va transformar en<strong> Institut Escola</strong> i va començar a impartir l&#8217;<strong>Educació Secundària Obligatòria</strong> (ESO). Aquest canvi va permetre oferir un itinerari d&#8217;educació bàsica complet, <strong>des d&#8217;I3 fins a 4t d&#8217;ESO</strong>, afavorint la continuïtat pedagògica, l&#8217;acompanyament de l&#8217;alumnat i una estreta col·laboració amb les famílies al llarg de tota l&#8217;etapa obligatòria.</p>
<p>Avui, l&#8217;Institut Escola Pere Lliscart continua evolucionant amb la voluntat de donar resposta als reptes educatius del <strong>segle XXI</strong>. Som un centre compromès amb la inclusió, la innovació pedagògica, la convivència i l&#8217;arrelament al nostre entorn, respectuós amb el ritme d&#8217;<strong>aprenentatge</strong> i cada alumne forma part d&#8217;una <strong>comunitat educativa</strong> oberta, participativa i compromesa amb el futur.</p>
<p><a href="http://agora.xtec.cat/ceipperelliscart/wp-content/uploads/usu1611/2016/12/pau1red.jpg"><img loading="lazy" decoding="async" class="aligncenter size-large wp-image-463" src="http://agora.xtec.cat/ceipperelliscart/wp-content/uploads/usu1611/2016/12/pau1red-1024x683.jpg" alt="pau1red" width="1024" height="683" srcset="https://agora.xtec.cat/ieperelliscart/wp-content/uploads/usu1611/2016/12/pau1red-1024x683.jpg 1024w, https://agora.xtec.cat/ieperelliscart/wp-content/uploads/usu1611/2016/12/pau1red-300x200.jpg 300w, https://agora.xtec.cat/ieperelliscart/wp-content/uploads/usu1611/2016/12/pau1red-768x512.jpg 768w" sizes="auto, (max-width: 1024px) 100vw, 1024px" /></a></p>

<p>L&#8217;Institut Escola Pere Lliscart és un centre públic de la Generalitat de Catalunya amb una trajectòria de gairebé cinquanta anys al servei de l&#8217;educació de l&#8217;Hospitalet de Llobregat.<br />
El centre va obrir les portes el curs 1976-1977 com a escola d&#8217;Educació General Bàsica (EGB), donant resposta&hellip;  <a href="https://agora.xtec.cat/ieperelliscart/el-centre/la-nostra-historia/" title="Read La nostra història">Llegeix més»</a></p>
