{"id":3464,"date":"2019-10-17T17:13:40","date_gmt":"2019-10-17T15:13:40","guid":{"rendered":"https:\/\/agora.xtec.cat\/iepallerola\/\/?page_id=3464"},"modified":"2026-02-05T12:39:22","modified_gmt":"2026-02-05T11:39:22","slug":"documents-de-centre","status":"publish","type":"page","link":"https:\/\/agora.xtec.cat\/iepallerola\/lescola\/documents-de-centre\/","title":{"rendered":"Documents de centre"},"content":{"rendered":"\n<p>A continuaci\u00f3 trobareu la documentaci\u00f3 m\u00e9s rellevant del centre:<\/p>\n\n\n\n<div class=\"wp-block-getwid-accordion has-icon-left\" data-active-element=\"none\">\n<div class=\"wp-block-getwid-accordion__header-wrapper\"><span class=\"wp-block-getwid-accordion__header\"><a href=\"#\"><span class=\"wp-block-getwid-accordion__header-title\">Documents Estrat\u00e8gics<\/span><span class=\"wp-block-getwid-accordion__icon is-active\"><i class=\"fas fa-plus\"><\/i><\/span><span class=\"wp-block-getwid-accordion__icon is-passive\"><i class=\"fas fa-minus\"><\/i><\/span><\/a><\/span><\/div><div class=\"wp-block-getwid-accordion__content-wrapper\"><div class=\"wp-block-getwid-accordion__content\">\n<ul class=\"wp-block-list\">\n<li><a href=\"https:\/\/drive.google.com\/file\/d\/1uERXPDA1HPJn9Igy5lrEX-nGrG9QTbCI\/view?usp=sharing\">Pla General Anual de Centre i Mem\u00f2ria (PGAC)&nbsp;<\/a><\/li>\n\n\n\n<li><a href=\"http:\/\/e.issuu.com\/embed.html#2276586\/45981067\">Projecte Educatiu de Centre<\/a> (PEC) &#8211; en revisi\u00f3 &#8211;<\/li>\n\n\n\n<li><a href=\"https:\/\/docs.google.com\/document\/d\/1VAdJKqqzkK-0Zej_YzapHmNO6WWX4idG\/edit?usp=sharing&amp;ouid=104045066171175512475&amp;rtpof=true&amp;sd=true\">Pla Ling\u00fc\u00edstic de Centre (PLC)<\/a> &#8211; est\u00e0 en proc\u00e9s d&#8217;actualitzaci\u00f3 &#8211;<\/li>\n\n\n\n<li><a href=\"https:\/\/docs.google.com\/document\/d\/1Px64yYiY1dLhSlYzROzBpLlDn4O_eJbCdOnZyGeXFKU\/edit?usp=sharing\">Normes d&#8217;Organitzaci\u00f3 i Funcionament de Centre (NOFC)<\/a><\/li>\n\n\n\n<li><a href=\"https:\/\/drive.google.com\/file\/d\/1nZ90IumR9fV_NvUzjsyEJhMuT30jP8Ce\/view?usp=drive_link\">Projecte de Direcci\u00f3<\/a><\/li>\n\n\n\n<li><a href=\"https:\/\/drive.google.com\/file\/d\/19mXo0DMzIJxHez_yu1KfC8-cP0i5ToFU\/view?usp=sharing\">Pressupost Anual<\/a><\/li>\n\n\n\n<li>Pla de Conviv\u00e8ncia &#8211; en revisi\u00f3 &#8211;<\/li>\n\n\n\n<li><a href=\"https:\/\/agora.xtec.cat\/iepallerola\/wp-content\/uploads\/usu355\/2025\/06\/PROJECTE-ESPORTIU-DE-CENTRE.pdf\">Projecte Esportiu de Centre<\/a><\/li>\n\n\n\n<li><a href=\"https:\/\/docs.google.com\/document\/d\/1wdrv6i6NjJh2ioSHapkFygy6RR8it6_d4ATihssYpH4\/edit?usp=sharing\">Pla d&#8217;acollida<\/a><\/li>\n\n\n\n<li><a href=\"https:\/\/sites.google.com\/xtec.cat\/ie-pallerola\/presentaci%C3%B3-de-ledc\">Estrat\u00e8gia Digital de Centre (EDC)<\/a><\/li>\n\n\n\n<li><a href=\"https:\/\/agora.xtec.cat\/iepallerola\/wp-content\/uploads\/usu355\/2025\/11\/Aportacions-de-les-families-25_26.docx-1.pdf\" data-type=\"attachment\" data-id=\"5331\">Aportacions de les fam\u00edlies_25-26<\/a><\/li>\n\n\n\n<li><a href=\"https:\/\/drive.google.com\/file\/d\/1POm31jSLYfeAgxxFSxYUHaz0Dt6FgKio\/view?usp=sharing\">Pol\u00edtica i reglament d&#8217;\u00fas dels comptes GSuite del domini escolapallerola.cat<\/a><\/li>\n<\/ul>\n<\/div><\/div>\n\n\n\n<div class=\"wp-block-getwid-accordion__header-wrapper\"><span class=\"wp-block-getwid-accordion__header\"><a href=\"#\"><span class=\"wp-block-getwid-accordion__header-title\">Acords del Consell Escolar<\/span><span class=\"wp-block-getwid-accordion__icon is-active\"><i class=\"fas fa-plus\"><\/i><\/span><span class=\"wp-block-getwid-accordion__icon is-passive\"><i class=\"fas fa-minus\"><\/i><\/span><\/a><\/span><\/div><div class=\"wp-block-getwid-accordion__content-wrapper\"><div class=\"wp-block-getwid-accordion__content\">\n<p><a href=\"https:\/\/drive.google.com\/file\/d\/1ytedKHCuWETm47sJ8KlEhq9Rd6NAQVeS\/view?usp=drive_link\" data-type=\"link\" data-id=\"https:\/\/drive.google.com\/file\/d\/1ytedKHCuWETm47sJ8KlEhq9Rd6NAQVeS\/view?usp=drive_link\">Acords-CE-29_01_26<\/a><\/p>\n\n\n\n<p><a href=\"https:\/\/drive.google.com\/file\/d\/1We4uyO6hx6nBaP7ivsFxxhxKOxXU8zI0\/view?usp=sharing\" data-type=\"link\" data-id=\"https:\/\/drive.google.com\/file\/d\/1We4uyO6hx6nBaP7ivsFxxhxKOxXU8zI0\/view?usp=sharing\">Acords-CE-02_12_25<\/a><\/p>\n\n\n\n<p><a href=\"https:\/\/agora.xtec.cat\/iepallerola\/wp-content\/uploads\/usu355\/2025\/11\/Acords-CE-20_10_25.docx.pdf\">Acords-CE-20_10_25<\/a><\/p>\n\n\n\n<p><a href=\"https:\/\/agora.xtec.cat\/iepallerola\/wp-content\/uploads\/usu355\/2025\/09\/Acords-CE-18_06_25.docx.pdf\">Acords-CE-18_06_25<\/a><\/p>\n\n\n\n<p><a href=\"https:\/\/agora.xtec.cat\/iepallerola\/wp-content\/uploads\/usu355\/2025\/01\/Acords-CE-30_01_25.docx.pdf\">Acords-CE-30_01_25<\/a><\/p>\n\n\n\n<p><a href=\"https:\/\/agora.xtec.cat\/iepallerola\/wp-content\/uploads\/usu355\/2025\/01\/Acords-CE-03_12_24.docx.pdf\">Acords-CE-03_12_24<\/a><\/p>\n\n\n\n<p><a href=\"https:\/\/agora.xtec.cat\/iepallerola\/wp-content\/uploads\/usu355\/2024\/11\/Acords-28_10_24.docx.pdf\">Acords-CE-28_10_24<\/a><\/p>\n<\/div><\/div>\n\n\n\n<div class=\"wp-block-getwid-accordion__header-wrapper\"><span class=\"wp-block-getwid-accordion__header\"><a href=\"#\"><span class=\"wp-block-getwid-accordion__header-title\">Convenis<\/span><span class=\"wp-block-getwid-accordion__icon is-active\"><i class=\"fas fa-plus\"><\/i><\/span><span class=\"wp-block-getwid-accordion__icon is-passive\"><i class=\"fas fa-minus\"><\/i><\/span><\/a><\/span><\/div><div class=\"wp-block-getwid-accordion__content-wrapper\"><div class=\"wp-block-getwid-accordion__content\">\n<p><a href=\"https:\/\/drive.google.com\/drive\/folders\/1OMLiuIOtCM7aN9X7nXKheEaVlKndKlOl\">Conveni ANMB Servei Comunitari<\/a><\/p>\n\n\n\n<p><a href=\"https:\/\/drive.google.com\/drive\/folders\/1OMLiuIOtCM7aN9X7nXKheEaVlKndKlOl\">Conveni C\u00e0rites Servei Comunitari<\/a><\/p>\n\n\n\n<p><a href=\"https:\/\/drive.google.com\/drive\/folders\/1OMLiuIOtCM7aN9X7nXKheEaVlKndKlOl\">Conveni INTERED<\/a><\/p>\n\n\n\n<p><a href=\"https:\/\/drive.google.com\/drive\/folders\/1OMLiuIOtCM7aN9X7nXKheEaVlKndKlOl\">Conveni SEO BIRDLIFE  Servei Comunitari<\/a><\/p>\n\n\n\n<p><a href=\"https:\/\/drive.google.com\/drive\/folders\/1OMLiuIOtCM7aN9X7nXKheEaVlKndKlOl\">Conveni UB-GROP Programa compet\u00e8ncies emocionals<\/a><\/p>\n\n\n\n<p><a href=\"https:\/\/drive.google.com\/drive\/folders\/1OMLiuIOtCM7aN9X7nXKheEaVlKndKlOl\">Projecte Singular Ajuntament<\/a><\/p>\n<\/div><\/div>\n\n\n\n<div class=\"wp-block-getwid-accordion__header-wrapper\"><span class=\"wp-block-getwid-accordion__header\"><a href=\"#\"><span class=\"wp-block-getwid-accordion__header-title\">Traject\u00f2ria Professional Equip Directiu<\/span><span class=\"wp-block-getwid-accordion__icon is-active\"><i class=\"fas fa-plus\"><\/i><\/span><span class=\"wp-block-getwid-accordion__icon is-passive\"><i class=\"fas fa-minus\"><\/i><\/span><\/a><\/span><\/div><div class=\"wp-block-getwid-accordion__content-wrapper\"><div class=\"wp-block-getwid-accordion__content\">\n<p><a href=\"https:\/\/agora.xtec.cat\/iepallerola\/wp-content\/uploads\/usu355\/2025\/03\/FORMACIO-PROFESSIONAL-DIRECTORA-1.pdf\">Anna Busquets &#8211; Directora<\/a><\/p>\n\n\n\n<p><a href=\"https:\/\/agora.xtec.cat\/iepallerola\/wp-content\/uploads\/usu355\/2025\/02\/Perfil-professional-Joan-Herrera.pdf\">Joan Herrera &#8211; Cap d&#8217;Estudis Infantil i Prim\u00e0ria<\/a><\/p>\n\n\n\n<p><a href=\"https:\/\/agora.xtec.cat\/iepallerola\/wp-content\/uploads\/usu355\/2025\/03\/Perfil-professional-Victoria-Nadal.pdf\">Vict\u00f2ria Nadal &#8211; Cap d&#8217;Estudis Secund\u00e0ria<\/a><\/p>\n\n\n\n<p><a href=\"https:\/\/agora.xtec.cat\/iepallerola\/wp-content\/uploads\/usu355\/2025\/03\/Perfil-Professional-Montse-Duset.pdf\">Montse Duset &#8211; Coordinadora Pedag\u00f2gica Infantil i Prim\u00e0ria<\/a><\/p>\n\n\n\n<p><a href=\"https:\/\/agora.xtec.cat\/iepallerola\/wp-content\/uploads\/usu355\/2025\/02\/Perfil-Professional-Veronica-Jimenez.pdf\">Vero Jim\u00e9nez &#8211; Coordinadora Pedag\u00f2gica Secund\u00e0ria<\/a><\/p>\n\n\n\n<p><a href=\"https:\/\/agora.xtec.cat\/iepallerola\/wp-content\/uploads\/usu355\/2025\/02\/Perfil-professional-Joaquim-Ferrer.pdf\">Joaquim Ferrer &#8211; Secretari<\/a><\/p>\n<\/div><\/div>\n<\/div>\n","protected":false},"excerpt":{"rendered":"<p>A continuaci\u00f3 trobareu la documentaci\u00f3 m\u00e9s rellevant del centre:<\/p>\n","protected":false},"author":13,"featured_media":0,"parent":22,"menu_order":6,"comment_status":"closed","ping_status":"closed","template":"","meta":{"_bbp_topic_count":0,"_bbp_reply_count":0,"_bbp_total_topic_count":0,"_bbp_total_reply_count":0,"_bbp_voice_count":0,"_bbp_anonymous_reply_count":0,"_bbp_topic_count_hidden":0,"_bbp_reply_count_hidden":0,"_bbp_forum_subforum_count":0,"site-sidebar-layout":"no-sidebar","site-content-layout":"","ast-site-content-layout":"default","site-content-style":"default","site-sidebar-style":"default","ast-global-header-display":"","ast-banner-title-visibility":"","ast-main-header-display":"","ast-hfb-above-header-display":"","ast-hfb-below-header-display":"","ast-hfb-mobile-header-display":"","site-post-title":"","ast-breadcrumbs-content":"","ast-featured-img":"","footer-sml-layout":"","theme-transparent-header-meta":"","adv-header-id-meta":"","stick-header-meta":"","header-above-stick-meta":"","header-main-stick-meta":"","header-below-stick-meta":"","astra-migrate-meta-layouts":"set","ast-page-background-enabled":"default","ast-page-background-meta":{"desktop":{"background-color":"var(--ast-global-color-4)","background-image":"","background-repeat":"repeat","background-position":"center center","background-size":"auto","background-attachment":"scroll","background-type":"","background-media":"","overlay-type":"","overlay-color":"","overlay-opacity":"","overlay-gradient":""},"tablet":{"background-color":"","background-image":"","background-repeat":"repeat","background-position":"center center","background-size":"auto","background-attachment":"scroll","background-type":"","background-media":"","overlay-type":"","overlay-color":"","overlay-opacity":"","overlay-gradient":""},"mobile":{"background-color":"","background-image":"","background-repeat":"repeat","background-position":"center center","background-size":"auto","background-attachment":"scroll","background-type":"","background-media":"","overlay-type":"","overlay-color":"","overlay-opacity":"","overlay-gradient":""}},"ast-content-background-meta":{"desktop":{"background-color":"var(--ast-global-color-5)","background-image":"","background-repeat":"repeat","background-position":"center center","background-size":"auto","background-attachment":"scroll","background-type":"","background-media":"","overlay-type":"","overlay-color":"","overlay-opacity":"","overlay-gradient":""},"tablet":{"background-color":"var(--ast-global-color-5)","background-image":"","background-repeat":"repeat","background-position":"center center","background-size":"auto","background-attachment":"scroll","background-type":"","background-media":"","overlay-type":"","overlay-color":"","overlay-opacity":"","overlay-gradient":""},"mobile":{"background-color":"var(--ast-global-color-5)","background-image":"","background-repeat":"repeat","background-position":"center center","background-size":"auto","background-attachment":"scroll","background-type":"","background-media":"","overlay-type":"","overlay-color":"","overlay-opacity":"","overlay-gradient":""}},"footnotes":""},"class_list":["post-3464","page","type-page","status-publish","hentry"],"post_mailing_queue_ids":[],"_links":{"self":[{"href":"https:\/\/agora.xtec.cat\/iepallerola\/wp-json\/wp\/v2\/pages\/3464","targetHints":{"allow":["GET"]}}],"collection":[{"href":"https:\/\/agora.xtec.cat\/iepallerola\/wp-json\/wp\/v2\/pages"}],"about":[{"href":"https:\/\/agora.xtec.cat\/iepallerola\/wp-json\/wp\/v2\/types\/page"}],"author":[{"embeddable":true,"href":"https:\/\/agora.xtec.cat\/iepallerola\/wp-json\/wp\/v2\/users\/13"}],"replies":[{"embeddable":true,"href":"https:\/\/agora.xtec.cat\/iepallerola\/wp-json\/wp\/v2\/comments?post=3464"}],"version-history":[{"count":6,"href":"https:\/\/agora.xtec.cat\/iepallerola\/wp-json\/wp\/v2\/pages\/3464\/revisions"}],"predecessor-version":[{"id":5372,"href":"https:\/\/agora.xtec.cat\/iepallerola\/wp-json\/wp\/v2\/pages\/3464\/revisions\/5372"}],"up":[{"embeddable":true,"href":"https:\/\/agora.xtec.cat\/iepallerola\/wp-json\/wp\/v2\/pages\/22"}],"wp:attachment":[{"href":"https:\/\/agora.xtec.cat\/iepallerola\/wp-json\/wp\/v2\/media?parent=3464"}],"curies":[{"name":"wp","href":"https:\/\/api.w.org\/{rel}","templated":true}]}}