{"id":34,"date":"2014-09-18T12:32:18","date_gmt":"2014-09-18T12:32:18","guid":{"rendered":"http:\/\/agora.xtec.cat\/iemossenjoanbatlle\/\/?page_id=34"},"modified":"2025-09-16T12:22:18","modified_gmt":"2025-09-16T10:22:18","slug":"oferta-educativa","status":"publish","type":"page","link":"https:\/\/agora.xtec.cat\/iemossenjoanbatlle\/lescola\/oferta-educativa\/","title":{"rendered":"Equip docent curs 2025-2026"},"content":{"rendered":"<p><span style=\"color: #993300;\"><strong>Equip directiu<\/strong><\/span><\/p>\n<p><strong>Directora<\/strong>: <a href=\"https:\/\/drive.google.com\/file\/d\/1jE3wECt5vz5nX1eqa44Nu-xLcelRzrYI\/view?usp=sharing\">Lidia Pastor Sabench<\/a><\/p>\n<p style=\"text-align: justify;\"><strong>Cap d&#8217;estudis prim\u00e0ria<\/strong>: <a href=\"https:\/\/drive.google.com\/file\/d\/1unuPl9zKHrwtbBMyrsnDRjrpaTdQ438b\/view?usp=sharing\">Marga Calder\u00f3n Mena<\/a><\/p>\n<p><strong>Cap d&#8217;estudis secund\u00e0ria<\/strong>: <a href=\"https:\/\/drive.google.com\/file\/d\/1e1ABHB77SZ5vCs1_hzI2iAABHTTuavWr\/view?usp=sharing\" target=\"_blank\" rel=\"noopener\">Jordi Llorens i Pla<\/a><\/p>\n<p><strong>Coordinadora pedag\u00f2gica<\/strong>: To\u00f1i Guill\u00e9n Ram\u00edrez<\/p>\n<p><strong>Secret\u00e0ria<\/strong>: <a href=\"https:\/\/drive.google.com\/file\/d\/1V167X0mXdODjA9nfAcl3gHTnls_DWsAz\/view?usp=drive_link\">Alba P\u00e9rez Mu\u00f1oz<\/a><\/p>\n<p><span style=\"color: #993300;\"><strong>Comunitat de PETITS<\/strong><\/span><\/p>\n<ul>\n<li><strong>Tutora I3A<\/strong>: <span style=\"font-weight: 400;\">Silvia Oya Ca\u00f1averas<\/span><\/li>\n<li><strong>Tutores I3B<\/strong>: <span style=\"font-weight: 400;\">Cristina Angles Cubero<\/span><\/li>\n<li><strong>Tutores I4A: <span style=\"font-weight: 400;\">Esther Abad Sanz<\/span><\/strong><\/li>\n<li><strong>Tutora I4B<\/strong>: <span style=\"font-weight: 400;\">Anna Giron\u00e8s Gispert i Marta Camps L\u00f3pez<\/span><\/li>\n<li><strong>Tutores I5A : <span style=\"font-weight: 400;\">Sandra Palau Exp\u00f3sito i Marina Mart\u00ednez Fern\u00e1ndez<\/span><\/strong><\/li>\n<li><strong>Tutora I5B: <span style=\"font-weight: 400;\">M.\u00c0ngels Torregrosa Leal<\/span><\/strong><\/li>\n<\/ul>\n<p><span style=\"color: #993300;\"><strong>Comunitat de MITJANS<\/strong><\/span><\/p>\n<ul>\n<li><strong><strong style=\"font-family: inherit; font-size: 1em;\">Tutora 1rA: <span style=\"font-weight: 400;\">Laura Serrano Garc\u00eda<\/span><\/strong><\/strong><\/li>\n<li><strong><strong style=\"font-family: inherit; font-size: 1em;\">Tutores 1rB:<\/strong><\/strong><span style=\"font-family: inherit; font-size: 1em;\"> <span style=\"font-weight: 400;\">Joana Sureda Gelabert i Cristina Gonz\u00e1lez Zafra<\/span><\/span><\/li>\n<li><strong>Tutora 2n<\/strong>: <span style=\"font-weight: 400;\">Cristina Hern\u00e0ndez Salvad\u00f3<\/span><\/li>\n<li><strong>Tutora 3r : <span style=\"font-weight: 400;\">Carolina Cord\u00f3n Bueno<\/span><\/strong><\/li>\n<\/ul>\n<p><span style=\"color: #993300;\"><strong>Comunitat de GRANS<\/strong><\/span><\/p>\n<ul>\n<li><strong>Tutor 4t: <span style=\"font-weight: 400;\">Robert Bosch Sanz<\/span><\/strong><\/li>\n<li><strong>Tutora 5\u00e8A: <span style=\"font-weight: 400;\">Laia Famada Nadal<\/span><\/strong><\/li>\n<li><strong>Tutora 5\u00e8B: <span style=\"font-weight: 400;\">Sandra Jim\u00e9nez Fern\u00e1ndez<\/span><\/strong><\/li>\n<li><strong>Tutora 6\u00e8<\/strong>: <span style=\"font-weight: 400;\">J\u00e8ss Alguacil Canto<\/span><\/li>\n<\/ul>\n<p><span style=\"color: #993300;\"><strong>Comunitat de JOVES<\/strong><\/span><\/p>\n<ul>\n<li><strong>Tutor 1r ESO: <span style=\"font-weight: 400;\">Ra\u00fcl Funosas Vela<\/span><\/strong><\/li>\n<li><strong>Tutora 2nA ESO: <span style=\"font-weight: 400;\">Clara Gomez Tormo<\/span><\/strong><\/li>\n<li><strong>Tutora 2nB ESO: <span style=\"font-weight: 400;\">Merc\u00e8 Camarena V\u00e1zquez<\/span><\/strong><\/li>\n<li><strong>Tutora 3rA ESO: <span style=\"font-weight: 400;\">Laura Ortiz Exp\u00f3sito<\/span><\/strong><\/li>\n<li><strong>Tutor 3rB ESO: <span style=\"font-weight: 400;\">Iker G\u00f3mez Tarazaga<\/span><\/strong><\/li>\n<li><strong>Tutora 3rC ESO:<\/strong> <span style=\"font-weight: 400;\">Georgina Maynou Lombardo<\/span><\/li>\n<\/ul>\n<p><span style=\"color: #993300;\"><strong>Especialistes<\/strong><\/span><\/p>\n<ul>\n<li><strong>Angl\u00e8s INF, PRI, ESO: <span style=\"font-weight: 400;\">T\u00e0nia Benavente S\u00e1nchez, Mar Font Casadevall, Lidia Pastor Sabench, Anamor Jerez Egea, Betty Torres Canalda<\/span><\/strong><\/li>\n<li><strong>M\u00fasica INF, PRI, ESO: <span style=\"font-weight: 400;\">Edgar Ramentol Lacoma<\/span><\/strong><\/li>\n<li><strong>Educaci\u00f3 f\u00edsica PRI, ESO<\/strong>: <span style=\"font-weight: 400;\">Joan Casta\u00f1\u00e9 Izquierdo, Jordi Llorens Pla, Clara G\u00f3mez Tormo<\/span><\/li>\n<li><strong>Religi\u00f3:<\/strong> Cristina G\u00e0zquez Reinoso<\/li>\n<li><strong>Educaci\u00f3 especial<\/strong>: Alba P\u00e9rez Mu\u00f1oz i Marta Mart\u00ednez Salicr\u00fa<\/li>\n<li><strong>Aula d&#8217;acollida: <\/strong>Joan Arnao Moreno<\/li>\n<li><strong>Tutora SIEI:<\/strong> S\u00edlvia Batllori Mitj\u00e0<\/li>\n<li><strong>Suport:<\/strong> Nat\u00e0lia Catalan Mart\u00ednez, <span style=\"font-weight: 400;\">Sonia Ezquerra Perell\u00f3, Marga Calder\u00f3n<\/span><\/li>\n<li><strong>Biologia ESO: <span style=\"font-weight: 400;\">Georgina Maynou Lombardo<\/span><\/strong><\/li>\n<li><strong>F\u00edsica i Qu\u00edmica ESO: <span style=\"font-weight: 400;\">Conxita Dom\u00ednguez P\u00e9rez<\/span><\/strong><\/li>\n<li><strong>Matem\u00e0tiques ESO: <span style=\"font-weight: 400;\">Ra\u00fcl Funosas Vela<\/span><\/strong><\/li>\n<li><strong>Tecnologia ESO: <span style=\"font-weight: 400;\">Georgina Terradas Prats, Josep A. Quesada Sierra<\/span><\/strong><\/li>\n<li><strong>Llengua Catalana ESO: <span style=\"font-weight: 400;\">Josep Agust\u00ed Lloret<\/span><\/strong><\/li>\n<li><strong>Llengua Castellana ESO: <span style=\"font-weight: 400;\">Laura Ortiz Exp\u00f3sito<\/span><\/strong><\/li>\n<li><strong>Geografia i Hist\u00f2ria ESO: <span style=\"font-weight: 400;\">Iker G\u00f3mez Tarazaga, Laura Palomar L\u00f3pez<\/span><\/strong><\/li>\n<li><strong>Orientaci\u00f3 educativa ESO: <span style=\"font-weight: 400;\">Egidia Boqu\u00e9 Hermida, To\u00f1i Guillen Ram\u00edrez<\/span><\/strong><\/li>\n<li><strong>Visual i pl\u00e0stica ESO: <span style=\"font-weight: 400;\">Merc\u00e8 Camarena V\u00e1zquez<\/span><\/strong><\/li>\n<\/ul>\n<p><span style=\"color: #993300;\"><strong>Personal no docent<\/strong><\/span><\/p>\n<ul>\n<li><strong>TEI: <\/strong>Gisela Llovera Sol\u00e9 i Claudia Rovirosa del Arco<\/li>\n<li><strong>Educador SIEI: <\/strong>Sergio Ortiz Barbecho<\/li>\n<li><strong>Vetlladora (Auxiliar d&#8217;educaci\u00f3 especial): <span style=\"font-weight: 400;\">Yolanda Salicr\u00fa Muntan\u00e9<\/span><\/strong><\/li>\n<li><strong>Vetlladora (Auxiliar d&#8217;educaci\u00f3 especial): <\/strong>Regina Chamarro Ferrer<\/li>\n<li><strong>Vetlladora (Auxiliar d&#8217;educaci\u00f3 especial): <\/strong>Mireya<\/li>\n<li><strong>Administrativa<\/strong>: N\u00faria Pont G\u00f3mez<\/li>\n<li><strong>Subalterna:<\/strong> Sonia Miras Garc\u00eda<\/li>\n<li><strong>Conserge<\/strong>: Sergi Mateu Coll<\/li>\n<\/ul>\n","protected":false},"excerpt":{"rendered":"<p>Equip directiu<br \/>\nDirectora: <a href=\"https:\/\/drive.google.com\/file\/d\/1jE3wECt5vz5nX1eqa44Nu-xLcelRzrYI\/view?usp=sharing\">Lidia Pastor Sabench<\/a><br \/>\nCap d&#8217;estudis prim\u00e0ria: <a href=\"https:\/\/drive.google.com\/file\/d\/1unuPl9zKHrwtbBMyrsnDRjrpaTdQ438b\/view?usp=sharing\">Marga Calder\u00f3n Mena<\/a><br \/>\nCap d&#8217;estudis secund\u00e0ria: <a href=\"https:\/\/drive.google.com\/file\/d\/1e1ABHB77SZ5vCs1_hzI2iAABHTTuavWr\/view?usp=sharing\" target=\"_blank\" rel=\"noopener\">Jordi Llorens i Pla<\/a><br \/>\nCoordinadora pedag\u00f2gica: To\u00f1i Guill\u00e9n Ram\u00edrez<br \/>\nSecret\u00e0ria: <a href=\"https:\/\/drive.google.com\/file\/d\/1V167X0mXdODjA9nfAcl3gHTnls_DWsAz\/view?usp=drive_link\">Alba P\u00e9rez Mu\u00f1oz<\/a><br \/>\nComunitat de PETITS<\/p>\n<ul>\n<li>Tutora I3A: Silvia Oya Ca\u00f1averas<\/li>\n<li>Tutores I3B: Cristina Angles Cubero<\/li>\n<li>Tutores I4A: Esther Abad Sanz<\/li>\n<li>Tutora I4B: Anna&hellip;  <a href=\"https:\/\/agora.xtec.cat\/iemossenjoanbatlle\/lescola\/oferta-educativa\/\" title=\"Read Equip docent curs 2025-2026\">Llegeix m\u00e9s\u00bb<\/a><br \/>\n","protected":false},"author":2,"featured_media":0,"parent":22,"menu_order":60,"comment_status":"closed","ping_status":"closed","template":"page-templates\/side-menu.php","meta":{"_bbp_topic_count":0,"_bbp_reply_count":0,"_bbp_total_topic_count":0,"_bbp_total_reply_count":0,"_bbp_voice_count":0,"_bbp_anonymous_reply_count":0,"_bbp_topic_count_hidden":0,"_bbp_reply_count_hidden":0,"_bbp_forum_subforum_count":0,"footnotes":""},"class_list":["post-34","page","type-page","status-publish","hentry"],"post_mailing_queue_ids":[],"_links":{"self":[{"href":"https:\/\/agora.xtec.cat\/iemossenjoanbatlle\/wp-json\/wp\/v2\/pages\/34","targetHints":{"allow":["GET"]}}],"collection":[{"href":"https:\/\/agora.xtec.cat\/iemossenjoanbatlle\/wp-json\/wp\/v2\/pages"}],"about":[{"href":"https:\/\/agora.xtec.cat\/iemossenjoanbatlle\/wp-json\/wp\/v2\/types\/page"}],"author":[{"embeddable":true,"href":"https:\/\/agora.xtec.cat\/iemossenjoanbatlle\/wp-json\/wp\/v2\/users\/2"}],"replies":[{"embeddable":true,"href":"https:\/\/agora.xtec.cat\/iemossenjoanbatlle\/wp-json\/wp\/v2\/comments?post=34"}],"version-history":[{"count":6,"href":"https:\/\/agora.xtec.cat\/iemossenjoanbatlle\/wp-json\/wp\/v2\/pages\/34\/revisions"}],"predecessor-version":[{"id":20076,"href":"https:\/\/agora.xtec.cat\/iemossenjoanbatlle\/wp-json\/wp\/v2\/pages\/34\/revisions\/20076"}],"up":[{"embeddable":true,"href":"https:\/\/agora.xtec.cat\/iemossenjoanbatlle\/wp-json\/wp\/v2\/pages\/22"}],"wp:attachment":[{"href":"https:\/\/agora.xtec.cat\/iemossenjoanbatlle\/wp-json\/wp\/v2\/media?parent=34"}],"curies":[{"name":"wp","href":"https:\/\/api.w.org\/{rel}","templated":true}]}}