{"id":18920,"date":"2022-09-15T10:51:38","date_gmt":"2022-09-15T08:51:38","guid":{"rendered":"https:\/\/agora.xtec.cat\/iemossenjoanbatlle\/\/?page_id=18920"},"modified":"2025-09-16T09:40:44","modified_gmt":"2025-09-16T07:40:44","slug":"correus-tutories-i-especialistes","status":"publish","type":"page","link":"https:\/\/agora.xtec.cat\/iemossenjoanbatlle\/correus-tutories-i-especialistes\/","title":{"rendered":"Correus tutories"},"content":{"rendered":"<p><span style=\"color: #993300;\"><strong>Equip directiu (b7011042@xtec.cat)<\/strong><\/span><\/p>\n<p><strong>Directora<\/strong>: Lidia Pastor Sabench<\/p>\n<p style=\"text-align: justify;\"><strong>Cap d&#8217;estudis Prim\u00e0ria<\/strong>: Marga Calder\u00f3n Mena<\/p>\n<p><strong>Cap d&#8217;estudis Secund\u00e0ria<\/strong>: Jordi Llorens i Pla<\/p>\n<p><strong>Coordinadora pedag\u00f2gica:<\/strong> To\u00f1i Guill\u00e9n Ram\u00edrez<\/p>\n<p><strong>Secret\u00e0ria<\/strong>: Alba P\u00e9rez Mu\u00f1oz<\/p>\n<p><span style=\"color: #993300;\"><strong>Comunitat de PETITS<\/strong><\/span><\/p>\n<ul>\n<li><strong>Tutora I3A<\/strong>: S\u00edlvia Oya Ca\u00f1averas\u00a0 <span style=\"color: #993300;\"><strong>classei3a@mnjoanbatlle.cat<\/strong><\/span><\/li>\n<li><strong>Tutores I3B<\/strong>: Cristina Angl\u00e8s Cubero\u00a0 <span style=\"color: #993300;\"><strong>classei3b@mnjoanbatlle.cat<\/strong><\/span><\/li>\n<li><strong>Tutores I4A: <\/strong>Esther Abad Sanz\u00a0<span style=\"color: #993300;\"><strong>classei4a<span class=\"\">@mnjoanbatlle.c<\/span>at<\/strong><\/span><\/li>\n<li><strong>Tutora I4B<\/strong>: Anna Giron\u00e8s Gispert i Marta Camps L\u00f3pez <span style=\"color: #993300;\"><strong>classei4b<span class=\"\">@mnjoanbatlle.c<\/span>at<\/strong><\/span><\/li>\n<li><strong>Tutores I5A : <\/strong>Sandra Palau Exp\u00f3sito i Marina Mart\u00ednez Fern\u00e1ndez\u00a0<span style=\"color: #993300;\"><strong>classei5a<span class=\"\">@mnjoanbat<\/span>lle.cat<\/strong><\/span><\/li>\n<li><strong>Tutora I5B:<\/strong> M. \u00c0ngels Torregrosa Leal <span style=\"color: #993300;\"><strong>classei5b<span class=\"\">@mnjoanbat<\/span>lle.cat<\/strong><\/span><\/li>\n<\/ul>\n<p><span style=\"color: #993300;\"><strong>Comunitat de MITJANS<\/strong><\/span><\/p>\n<ul>\n<li><strong><strong style=\"font-family: inherit; font-size: 1em;\">Tutora 1rA:<\/strong><\/strong><span style=\"font-family: inherit; font-size: 1em;\"> Laura Serrano Garcia <span style=\"color: #993300;\"><strong>classe1ra@mnjoanbatlle.cat<\/strong><\/span><\/span><\/li>\n<li><strong><strong style=\"font-family: inherit; font-size: 1em;\">Tutores 1rB: <\/strong><\/strong><span style=\"font-family: inherit; font-size: 1em;\">Joana Sureda Gelabert i<\/span><span style=\"font-family: inherit; font-size: 1em;\"> Cristina Gonz\u00e0lez Zafra <span style=\"color: #993300;\"><strong>classe1rb@mnjoanbatlle.cat<\/strong><\/span><\/span><\/li>\n<li><strong>Tutores 2n<\/strong>: <span style=\"font-family: inherit; font-size: 1em;\"> Cristina Hern\u00e0ndez Salvad\u00f3 i Marga Calder\u00f3n Mena <span style=\"color: #993300;\"><strong>classe2n@mnjoanbatlle.cat<\/strong><\/span><\/span><\/li>\n<li><strong>Tutora 3r:<\/strong> Carolina Cord\u00f3n Bueno <span style=\"color: #993300;\"><strong>classe3r@mnjoanbatlle.cat<\/strong><\/span><\/li>\n<\/ul>\n<p><span style=\"color: #993300;\"><strong>Comunitat de GRANS<\/strong><\/span><\/p>\n<ul>\n<li><strong>Tutores 4t:<\/strong> Robert Bosch Sanz <span style=\"font-family: inherit; font-size: 1em; color: #993300;\"><strong>classe4t@mnjoanbatlle.cat<\/strong><\/span><\/li>\n<li><strong>Tutora 5\u00e8A:<\/strong> Laia Famada Nadal <span style=\"font-family: inherit; font-size: 1em; color: #993300;\"><strong>classe5ea@mnjoanbatlle.cat<\/strong><\/span><\/li>\n<li><strong>Tutora 5\u00e8B : <\/strong>Sandra Jim\u00e9nez Fern\u00e1ndez \u00a0<span style=\"color: #993300;\"><strong>classe5eb@mnjoanbatlle.cat<\/strong><\/span><\/li>\n<li><strong>Tutores 6\u00e8<\/strong>: J\u00e8ss Alguacil Canto <span style=\"color: #993300;\"><strong>classe6e<span class=\"\">@mnjoanbatlle.ca<\/span>t<\/strong><\/span><\/li>\n<\/ul>\n<p><span style=\"color: #993300;\"><strong>Comunitat de JOVES<\/strong><\/span><\/p>\n<ul>\n<li><strong>Tutor 1rA ESO:<\/strong> Ra\u00fcl Funosas Vela\u00a0 <strong><span style=\"color: #993300;\">tutoria1eso@mnjoanbatlle.cat\u00a0<\/span><\/strong><\/li>\n<li><strong>Tutor 2nA ESO: <\/strong>Clara G\u00f3mez Tormo <strong><span style=\"color: #993300;\">tutoria2esoa@mnjoanbatlle.cat\u00a0<\/span><\/strong><\/li>\n<li><strong>Tutora 2nB ESO:<\/strong> Merc\u00e8 Camarena V\u00e0zquez <strong><span style=\"color: #993300;\">tutoria2esob@mnjoanbatlle.cat<\/span><\/strong><\/li>\n<li><strong>Tutor 3rA ESO:<\/strong> Laura Ort\u00edz Exp\u00f2sito <strong><span style=\"color: #993300;\">tutoria3esoa@mnjoanbatlle.cat<\/span><\/strong><\/li>\n<li><strong>Tutor 3rB ESO:<\/strong> \u00cdker Gomez Tarazaga <strong><span style=\"color: #993300;\">tutoria3esob@mnjoanbatlle.cat<\/span><\/strong><\/li>\n<li><strong>Tutor 3rC ESO:<\/strong> Georgina Maynou Lombardo <strong><span style=\"color: #993300;\">tutoria3esoc@mnjoanbatlle.cat<\/span><\/strong><\/li>\n<\/ul>\n","protected":false},"excerpt":{"rendered":"<p>Equip directiu (b7011042@xtec.cat)<br \/>\nDirectora: Lidia Pastor Sabench<br \/>\nCap d&#8217;estudis Prim\u00e0ria: Marga Calder\u00f3n Mena<br \/>\nCap d&#8217;estudis Secund\u00e0ria: Jordi Llorens i Pla<br \/>\nCoordinadora pedag\u00f2gica: To\u00f1i Guill\u00e9n Ram\u00edrez<br \/>\nSecret\u00e0ria: Alba P\u00e9rez Mu\u00f1oz<br \/>\nComunitat de PETITS<\/p>\n<ul>\n<li>Tutora I3A: S\u00edlvia Oya Ca\u00f1averas\u00a0 classei3a@mnjoanbatlle.cat<\/li>\n<li>Tutores I3B: Cristina Angl\u00e8s Cubero\u00a0 classei3b@mnjoanbatlle.cat<\/li>\n<li>Tutores I4A: Esther Abad Sanz\u00a0classei4a@mnjoanbatlle.cat<\/li>\n<li>Tutora I4B: Anna Giron\u00e8s Gispert i&hellip;  <a href=\"https:\/\/agora.xtec.cat\/iemossenjoanbatlle\/correus-tutories-i-especialistes\/\" title=\"Read Correus tutories\">Llegeix m\u00e9s\u00bb<\/a><br \/>\n","protected":false},"author":1,"featured_media":0,"parent":0,"menu_order":0,"comment_status":"closed","ping_status":"closed","template":"page-templates\/side-menu.php","meta":{"_bbp_topic_count":0,"_bbp_reply_count":0,"_bbp_total_topic_count":0,"_bbp_total_reply_count":0,"_bbp_voice_count":0,"_bbp_anonymous_reply_count":0,"_bbp_topic_count_hidden":0,"_bbp_reply_count_hidden":0,"_bbp_forum_subforum_count":0,"footnotes":""},"class_list":["post-18920","page","type-page","status-publish","hentry"],"post_mailing_queue_ids":[],"_links":{"self":[{"href":"https:\/\/agora.xtec.cat\/iemossenjoanbatlle\/wp-json\/wp\/v2\/pages\/18920","targetHints":{"allow":["GET"]}}],"collection":[{"href":"https:\/\/agora.xtec.cat\/iemossenjoanbatlle\/wp-json\/wp\/v2\/pages"}],"about":[{"href":"https:\/\/agora.xtec.cat\/iemossenjoanbatlle\/wp-json\/wp\/v2\/types\/page"}],"author":[{"embeddable":true,"href":"https:\/\/agora.xtec.cat\/iemossenjoanbatlle\/wp-json\/wp\/v2\/users\/1"}],"replies":[{"embeddable":true,"href":"https:\/\/agora.xtec.cat\/iemossenjoanbatlle\/wp-json\/wp\/v2\/comments?post=18920"}],"version-history":[{"count":6,"href":"https:\/\/agora.xtec.cat\/iemossenjoanbatlle\/wp-json\/wp\/v2\/pages\/18920\/revisions"}],"predecessor-version":[{"id":20074,"href":"https:\/\/agora.xtec.cat\/iemossenjoanbatlle\/wp-json\/wp\/v2\/pages\/18920\/revisions\/20074"}],"wp:attachment":[{"href":"https:\/\/agora.xtec.cat\/iemossenjoanbatlle\/wp-json\/wp\/v2\/media?parent=18920"}],"curies":[{"name":"wp","href":"https:\/\/api.w.org\/{rel}","templated":true}]}}