{"id":84,"date":"2014-09-18T14:11:31","date_gmt":"2014-09-18T14:11:31","guid":{"rendered":"http:\/\/agora.xtec.cat\/iemorera\/\/?page_id=84"},"modified":"2023-09-26T16:26:57","modified_gmt":"2023-09-26T14:26:57","slug":"activitats-extraescolars","status":"publish","type":"page","link":"https:\/\/agora.xtec.cat\/iemorera\/serveis\/activitats-extraescolars\/","title":{"rendered":"Activitats extraescolars"},"content":{"rendered":"<table style=\"height: 122px; width: 766px;\" width=\"766\">\n<tbody>\n<tr style=\"height: 31px;\">\n<td style=\"width: 150px; height: 31px; text-align: center;\">\n<h5><span style=\"color: #cc99ff;\"><strong>DILLUNS<\/strong><\/span><\/h5>\n<\/td>\n<td style=\"width: 151px; height: 31px; text-align: center;\">\n<h5><span style=\"color: #cc99ff;\"><strong>DIMARTS<\/strong><\/span><\/h5>\n<\/td>\n<td style=\"width: 151px; height: 31px; text-align: center;\">\n<h5><span style=\"color: #cc99ff;\"><strong>DIMECRES<\/strong><\/span><\/h5>\n<\/td>\n<td style=\"width: 152px; height: 31px; text-align: center;\">\n<h5><span style=\"color: #cc99ff;\"><strong>DIJOUS<\/strong><\/span><\/h5>\n<\/td>\n<td style=\"width: 148px; height: 31px; text-align: center;\">\n<h5><span style=\"color: #cc99ff;\"><strong>DIVENDRES<\/strong><\/span><\/h5>\n<\/td>\n<\/tr>\n<tr style=\"height: 91px;\">\n<td style=\"width: 150px; height: 91px; vertical-align: top; text-align: center;\">\n<p style=\"text-align: left;\"><strong>I3, I4 i I5:<\/strong> Espai familiar (EducArts)<\/p>\n<p><strong>1r i 2n:<\/strong> Tangram<\/p>\n<p><strong>1r:<\/strong> Multiesport<\/p>\n<p><strong>2n i 3r:<\/strong> Menja llibres<\/p>\n<p><strong>4t, 5\u00e8 i 6\u00e8: <\/strong>Multiesport (FEEB)<\/p>\n<p><strong>5\u00e8 i 6\u00e8:<\/strong> \u00c8xit<\/td>\n<td style=\"width: 151px; height: 91px; vertical-align: top; text-align: center;\"><strong>1r i 2n:<\/strong> Tangram<\/p>\n<p><strong>4t, 5\u00e8 i 6\u00e8:<\/strong> Batucada (VOZES)<\/p>\n<p><strong>Prim\u00e0ria:<\/strong> Dansa (FEEB)<\/td>\n<td style=\"width: 151px; height: 91px; vertical-align: top; text-align: center;\"><strong>1r i 2n:<\/strong> Tangram<\/p>\n<p><strong>2n i 3r:<\/strong> Menja llibres<\/p>\n<p><strong>1r, 2n i 3r:<\/strong> Teatre (EducArts)<\/p>\n<p><strong>5\u00e8 i 6\u00e8:<\/strong> \u00c8xit<\/td>\n<td style=\"width: 152px; height: 91px; vertical-align: top; text-align: center;\"><strong>I3, I4 i I5:<\/strong> Iniciaci\u00f3 esportiva (FEEB)<\/p>\n<p><strong>1r i 2n: <\/strong>Tangram<\/p>\n<p><strong>1r, 2n i 3r:<\/strong> Multiesport (FEEB)<\/p>\n<p><strong>4t, 5\u00e8 i 6\u00e8:<\/strong> Teatre (EducArts)<\/p>\n<p>&nbsp;<\/p>\n<p>&nbsp;<\/td>\n<td style=\"width: 148px; height: 91px; vertical-align: top; text-align: center;\"><strong>1r i 2n:<\/strong> Tangram<\/td>\n<\/tr>\n<\/tbody>\n<\/table>\n<p>&nbsp;<\/p>\n","protected":false},"excerpt":{"rendered":"<p>DILLUNS DIMARTS DIMECRES DIJOUS DIVENDRES I3, I4 i I5: Espai familiar (EducArts) 1r i 2n: Tangram 1r: Multiesport 2n i 3r: Menja llibres 4t, 5\u00e8 i 6\u00e8: Multiesport (FEEB) 5\u00e8 i 6\u00e8: \u00c8xit 1r i 2n: Tangram 4t, 5\u00e8 i 6\u00e8: Batucada (VOZES) Prim\u00e0ria: Dansa (FEEB) 1r i 2n: Tangram 2n i 3r: Menja llibres [&hellip;]<\/p>\n","protected":false},"author":2,"featured_media":0,"parent":66,"menu_order":60,"comment_status":"closed","ping_status":"closed","template":"page-templates\/side-menu.php","meta":{"_bbp_topic_count":0,"_bbp_reply_count":0,"_bbp_total_topic_count":0,"_bbp_total_reply_count":0,"_bbp_voice_count":0,"_bbp_anonymous_reply_count":0,"_bbp_topic_count_hidden":0,"_bbp_reply_count_hidden":0,"_bbp_forum_subforum_count":0,"site-sidebar-layout":"default","site-content-layout":"","ast-site-content-layout":"","site-content-style":"default","site-sidebar-style":"default","ast-global-header-display":"","ast-banner-title-visibility":"","ast-main-header-display":"","ast-hfb-above-header-display":"","ast-hfb-below-header-display":"","ast-hfb-mobile-header-display":"","site-post-title":"","ast-breadcrumbs-content":"","ast-featured-img":"","footer-sml-layout":"","theme-transparent-header-meta":"","adv-header-id-meta":"","stick-header-meta":"","header-above-stick-meta":"","header-main-stick-meta":"","header-below-stick-meta":"","astra-migrate-meta-layouts":"default","ast-page-background-enabled":"default","ast-page-background-meta":{"desktop":{"background-color":"var(--ast-global-color-4)","background-image":"","background-repeat":"repeat","background-position":"center center","background-size":"auto","background-attachment":"scroll","background-type":"","background-media":"","overlay-type":"","overlay-color":"","overlay-opacity":"","overlay-gradient":""},"tablet":{"background-color":"","background-image":"","background-repeat":"repeat","background-position":"center center","background-size":"auto","background-attachment":"scroll","background-type":"","background-media":"","overlay-type":"","overlay-color":"","overlay-opacity":"","overlay-gradient":""},"mobile":{"background-color":"","background-image":"","background-repeat":"repeat","background-position":"center center","background-size":"auto","background-attachment":"scroll","background-type":"","background-media":"","overlay-type":"","overlay-color":"","overlay-opacity":"","overlay-gradient":""}},"ast-content-background-meta":{"desktop":{"background-color":"var(--ast-global-color-5)","background-image":"","background-repeat":"repeat","background-position":"center center","background-size":"auto","background-attachment":"scroll","background-type":"","background-media":"","overlay-type":"","overlay-color":"","overlay-opacity":"","overlay-gradient":""},"tablet":{"background-color":"var(--ast-global-color-5)","background-image":"","background-repeat":"repeat","background-position":"center center","background-size":"auto","background-attachment":"scroll","background-type":"","background-media":"","overlay-type":"","overlay-color":"","overlay-opacity":"","overlay-gradient":""},"mobile":{"background-color":"var(--ast-global-color-5)","background-image":"","background-repeat":"repeat","background-position":"center center","background-size":"auto","background-attachment":"scroll","background-type":"","background-media":"","overlay-type":"","overlay-color":"","overlay-opacity":"","overlay-gradient":""}},"footnotes":""},"class_list":["post-84","page","type-page","status-publish","hentry"],"post_mailing_queue_ids":[],"_links":{"self":[{"href":"https:\/\/agora.xtec.cat\/iemorera\/wp-json\/wp\/v2\/pages\/84","targetHints":{"allow":["GET"]}}],"collection":[{"href":"https:\/\/agora.xtec.cat\/iemorera\/wp-json\/wp\/v2\/pages"}],"about":[{"href":"https:\/\/agora.xtec.cat\/iemorera\/wp-json\/wp\/v2\/types\/page"}],"author":[{"embeddable":true,"href":"https:\/\/agora.xtec.cat\/iemorera\/wp-json\/wp\/v2\/users\/2"}],"replies":[{"embeddable":true,"href":"https:\/\/agora.xtec.cat\/iemorera\/wp-json\/wp\/v2\/comments?post=84"}],"version-history":[{"count":3,"href":"https:\/\/agora.xtec.cat\/iemorera\/wp-json\/wp\/v2\/pages\/84\/revisions"}],"predecessor-version":[{"id":9982,"href":"https:\/\/agora.xtec.cat\/iemorera\/wp-json\/wp\/v2\/pages\/84\/revisions\/9982"}],"up":[{"embeddable":true,"href":"https:\/\/agora.xtec.cat\/iemorera\/wp-json\/wp\/v2\/pages\/66"}],"wp:attachment":[{"href":"https:\/\/agora.xtec.cat\/iemorera\/wp-json\/wp\/v2\/media?parent=84"}],"curies":[{"name":"wp","href":"https:\/\/api.w.org\/{rel}","templated":true}]}}