{"id":6381,"date":"2020-06-29T13:14:00","date_gmt":"2020-06-29T11:14:00","guid":{"rendered":"https:\/\/agora.xtec.cat\/iemorera\/\/?page_id=6381"},"modified":"2020-07-01T18:55:47","modified_gmt":"2020-07-01T16:55:47","slug":"gaudir-de-lestiu-i-descobrir","status":"publish","type":"page","link":"https:\/\/agora.xtec.cat\/iemorera\/gaudir-de-lestiu-i-descobrir\/","title":{"rendered":"Gaudir de l&#8217;estiu i descobrir!"},"content":{"rendered":"<p>Benvolgudes i benvolguts moreres!<\/p>\n<p>L&#8217;estiu d\u00f3na moltes oportunitats de gaudir i aprendre! Us desitgem un estiu de 10 i per aix\u00f2 hem fet un llistat de recomanacions plenes de descobriments i aventures.<\/p>\n<h4>Us encoratgem a visitar aquests equipaments del barri:<\/h4>\n<ul>\n<li><a href=\"https:\/\/ajuntament.barcelona.cat\/ateneusdefabricacio\/ca\/ateneu-de-fabricacio-ciutat-meridiana\/\"><img loading=\"lazy\" decoding=\"async\" class=\"size-thumbnail wp-image-6386 alignright\" src=\"https:\/\/agora.xtec.cat\/iemorera\/\/wp-content\/uploads\/usu148\/2020\/06\/baixa-150x150.jpg\" alt=\"\" width=\"150\" height=\"150\" \/>Ateneu de fabricaci\u00f3 de ciutat meridiana<\/a>: un espai d\u2019aprenentatge en fabricaci\u00f3 digital on es poden crear, dissenyar i fabricar objectes amb tecnologia digital, com s\u00f3n la impressi\u00f3 3D, el tall\u00a0l\u00e0ser o la CNC. <a href=\"https:\/\/ajuntament.barcelona.cat\/ateneusdefabricacio\/ca\/programa-de-families\/\">El programa Fam\u00edlies<\/a> \u00e9s una iniciativa de divulgaci\u00f3 orientada a acostar el m\u00f3n de la tecnologia a tota la fam\u00edlia i en qu\u00e8 es pret\u00e9n tancar el cercle educatiu a la llar dels nois i les noies. L\u2019objectiu \u00e9s que la tecnologia i les noves formes d\u2019organitzaci\u00f3 s\u2019aprenguin en fam\u00edlia, de manera que es reforci el vincle entre els diferents membres d\u2019aquesta, i acompanyar l\u2019infant en el seu desenvolupament experiencial.<\/li>\n<li><a href=\"https:\/\/bibliotecavirtual.diba.cat\/barcelona-nou-barris-biblioteca-zona-nord\">Biblioteca p\u00fablica zona nord<\/a>: a l&#8217;estiu \u00e9s moment de llegir i viatjar a trav\u00e9s de les hist\u00f2ries, us deixem els horaris de la biblioteca del barri, aneu a descobrir i viatjar des de casa.<\/li>\n<\/ul>\n<p>Per donar-vos idees hem fet un recull de recomanacions de llibres per edats, aix\u00ed us ser\u00e0 m\u00e9s f\u00e0cil triar les aventures que voleu viure&#8230;<\/p>\n<p><a href=\"https:\/\/agora.xtec.cat\/iemorera\/\/wp-content\/uploads\/usu148\/2020\/06\/Recomanacions-lectures-mestre-morera.pdf\">Recomanacions lectures per edats Mestre Morera<\/a><\/p>\n<p>https:\/\/youtu.be\/vOqziD5uUW0<\/p>\n<h4><\/h4>\n<h4>A m\u00e9s, us deixem moltes altres recomanacions d&#8217;activitats per gaudir i aprendre:<\/h4>\n<ol>\n<li><span style=\"font-weight: 400;\">Anar al <strong>bosc de Collserola<\/strong>, provar diferent <strong>camins i senders<\/strong>, podeu trobar moltes a la seva <a href=\"https:\/\/www.parcnaturalcollserola.cat\/itineraris\/\">web<\/a><\/span><\/li>\n<li><span style=\"font-weight: 400;\">Crear un diari original, per exemple <em><strong>\u201cel diari curi\u00f3s\u201d<\/strong><\/em> on apuntar totes aquelles observacions que et generen preguntes, o descobriments que facis d\u2019observar i experimentar.<\/span><\/li>\n<li>En aquest diari pots escriure tot all\u00f2 que <strong>observes<\/strong> als espais naturals, ha hagut canvis?&#8230;<\/li>\n<li><span style=\"font-weight: 400;\">Descobriu <strong><a href=\"https:\/\/maresipares.cat\/webcams-animals\/\">les webcams d\u2019animals<\/a> <\/strong>m\u00e9s incre\u00efbles del m\u00f3n<\/span><\/li>\n<li><span style=\"font-weight: 400;\">Gaudim creant obres amb<strong> <a href=\"https:\/\/maresipares.cat\/land-art\/\">Land Art<\/a><\/strong><\/span><\/li>\n<li><span style=\"font-weight: 400;\">Fem <strong><a href=\"https:\/\/maresipares.cat\/fem-percussio-corporal-en-familia\/\">percussi\u00f3 corporal<\/a><\/strong> en fam\u00edlia<\/span><\/li>\n<li><span style=\"font-weight: 400;\"><a href=\"https:\/\/maresipares.cat\/experiments-per-fer-amb-aigua\/\">88 <strong>experiments<\/strong><\/a> per fer amb l\u2019aigua<\/span><\/li>\n<li><span style=\"font-weight: 400;\">Recursos virtuals per gaudir <strong><a href=\"https:\/\/maresipares.cat\/recursos-per-gaudir-aprenent-dels-animals\/\">aprenent dels animals<\/a>\u00a0<\/strong><\/span><\/li>\n<li><span style=\"font-weight: 400;\"><a href=\"https:\/\/maresipares.cat\/la-magia-de-les-ombres\/\">Aprendre la m\u00e0gia de les <strong>ombres<\/strong><\/a>\u00a0<\/span><\/li>\n<li><span style=\"font-weight: 400;\">Crear el vostre propi <strong><a href=\"http:\/\/creantieducant.blogspot.com\/2019\/01\/reciclus-versio-adaptada-de-virus.html\">joc de taula\u00a0<\/a><\/strong><\/span><\/li>\n<li><a href=\"https:\/\/agustoencasa.com\/pintar-piedras\/\"><span style=\"font-weight: 400;\"><strong>Pintar pedres<\/strong><\/span><\/a><\/li>\n<li><span style=\"font-weight: 400;\"><strong>Construir castells de sorra<\/strong> i preguntar-se perqu\u00e8 cauen?, qu\u00e8 necessiten per ser estables?&#8230;<\/span><\/li>\n<li><span style=\"font-weight: 400;\"><strong>Fer gelats<\/strong> amb fruita fresca.<\/span><\/li>\n<li><span style=\"font-weight: 400;\">Despertar-se un dia molt molt d\u2019hora per <strong>veure sortir el sol<\/strong><\/span><\/li>\n<li><span style=\"font-weight: 400;\"><strong>Fer alguna recepta casolana<\/strong> i pensar en tots els processos qu\u00edmics que es donen a la cuina\u2026 Escriu tots els teus descobriments al diari curi\u00f3s.<\/span><\/li>\n<li><span style=\"font-weight: 400;\"><strong>Observar els n\u00favols<\/strong> i buscar formes, observar com aquests van canviant poc a poc i es transformen, deixa volar la imaginaci\u00f3.<\/span><\/li>\n<li><span style=\"font-weight: 400;\">Sigueu valents i <strong>experimenteu un dia sense wifi!<\/strong> Segur que la imaginaci\u00f3 vola\u2026<\/span><\/li>\n<li><span style=\"font-weight: 400;\">Fes un <strong>recull fotogr\u00e0fic de les teves aventures<\/strong>, despr\u00e9s pots fer una narraci\u00f3 visual o fins i tot un muntatge de fotos digitals\u2026<\/span><\/li>\n<li><span style=\"font-weight: 400;\"><strong>Fes-te c\u00e0rrec d\u2019un \u00e9sser viu<\/strong>, un animal o una planta que tingueu a casa, sigues tu qui\u00a0 l\u2019alimenta i es preocupa per ella.\u00a0<\/span><\/li>\n<li><span style=\"font-weight: 400;\"><strong>Endre\u00e7a<\/strong> aquell armari que tens ple de <\/span><i><span style=\"font-weight: 400;\">trastos<\/span><\/i><span style=\"font-weight: 400;\"> i potser decideix si hi ha coses que poden passar als teus germans o cosins petits\u2026<\/span><\/li>\n<li><span style=\"font-weight: 400;\"><strong>Tasta algun aliment nou<\/strong>, o alguna combinaci\u00f3 d\u2019aliments que potser penses que no t\u2019agrada, els gustos canvien amb el temps\u2026<\/span><\/li>\n<li><span style=\"font-weight: 400;\"><strong>Escolta els sons de la natura<\/strong> i intenta descobrir d\u2019on provenen, si ho fas, apunta-ho al teu diari curi\u00f3s.<\/span><\/li>\n<li><span style=\"font-weight: 400;\"><strong>Visita algun <\/strong><a href=\"https:\/\/museus.cultura.gencat.cat\/\"><strong>museu<\/strong>,<\/a>\u00a0<\/span><span style=\"font-weight: 400;\">si no pots anar-hi presencialment, pots triar la seva <a href=\"http:\/\/xtec.gencat.cat\/ca\/recursos\/museus\/virtuals\/\">visita virtual<\/a><\/span><\/li>\n<li><span style=\"font-weight: 400;\"><strong><a href=\"https:\/\/www.youtube.com\/watch?time_continue=59&amp;v=zejJLhL4snE&amp;feature=emb_title\">Llegeix<\/a><\/strong>\u2026i <a href=\"https:\/\/www.youtube.com\/watch?v=ZF6cD5ap1_c&amp;feature=emb_title\">gaudeix de la lectura<\/a>&#8230;<\/span><\/li>\n<li>Per als m\u00e9s petits&#8230; <a href=\"https:\/\/agora.xtec.cat\/iemorera\/\/wp-content\/uploads\/usu148\/2020\/07\/ACTIVITATS-RETALLAR.pdf\"><strong>retalleu <\/strong><\/a><\/li>\n<li>Les mestres d&#8217;infantil han creat un <strong>recull <a href=\"https:\/\/agora.xtec.cat\/iemorera\/\/wp-content\/uploads\/usu148\/2020\/07\/Activitats-estiu-infantil.pdf\">activitats d&#8217;estiu per infantil<\/a><\/strong>, tambi\u00e9n en castellano, <a href=\"https:\/\/agora.xtec.cat\/iemorera\/\/wp-content\/uploads\/usu148\/2020\/07\/Actividades-verano-infantil.pdf\">actividades de verano<\/a>.<\/li>\n<li><strong><span style=\"font-weight: 400;\">Fer alguna <strong><a href=\"https:\/\/www.sortirambnens.com\/excursions-amb-nens\/rutes-en-bicicleta-per-a-nens\/\">ruta en bicicleta<\/a><\/strong><\/span><\/strong><\/li>\n<li><strong>Aprendre a <a href=\"https:\/\/agora.xtec.cat\/iemorera\/\/wp-content\/uploads\/usu148\/2020\/07\/Trenes.pdf\">fer trenes<\/a><\/strong> de moltes formes diferents&#8230; i crear collarets, polseres, trenar-se els cabells&#8230;.<\/li>\n<li>Aprendre a fer molts <strong><a href=\"https:\/\/agora.xtec.cat\/iemorera\/\/wp-content\/uploads\/usu148\/2020\/07\/Nusos.pdf\">nusos<\/a><\/strong> diferents, de mariners, d&#8217;escalada, de muntanya, de sabates&#8230;<\/li>\n<li>Hi ha dies tamb\u00e9 per quedar-se a casa i descobrir nous interessos amb aquests <strong>programes de televisi\u00f3<\/strong>:\n<ul>\n<li style=\"font-weight: 400;\"><strong>El noticiari infantil <a href=\"https:\/\/www.ccma.cat\/tv3\/super3\/infok\/\">InfoK<\/a><\/strong><span style=\"font-weight: 400;\"> del Super3. El donaran tamb\u00e9 al mat\u00ed aquestes setmanes.<\/span><\/li>\n<li style=\"font-weight: 400;\"><strong>El programa d\u2019experiments i ci\u00e8ncia <a href=\"https:\/\/www.ccma.cat\/tv3\/super3\/dinamiks\/\">Din\u00e0miks<\/a><\/strong><span style=\"font-weight: 400;\"> del super3. Ple d\u2019experiments interessants, alguns fins i tot els podeu provar a casa.<\/span><\/li>\n<li style=\"font-weight: 400;\"><strong>El programa cient\u00edfic <a href=\"https:\/\/www.ccma.cat\/tv3\/quequicom\/programa\/\">Qu\u00e8quicom<\/a><\/strong><span style=\"font-weight: 400;\"> de la tv3 on transporten la ci\u00e8ncia a la vida quotidiana. Podeu triar entre tots els cap\u00edtols disponibles les tem\u00e0tiques que m\u00e9s us interessen.<\/span><\/li>\n<li style=\"font-weight: 400;\"><strong>El programa <a href=\"https:\/\/www.ccma.cat\/tv3\/super3\/manduka\/\">Manduka<\/a><\/strong><span style=\"font-weight: 400;\"> del Super3 on aprendreu a cuinar com uns veritables chefs professionals, aix\u00ed podreu ajudar a casa aquests dies.<\/span><\/li>\n<li style=\"font-weight: 400;\"><strong>El programa <a style=\"font-family: inherit; font-size: 1em;\" href=\"https:\/\/www.ccma.cat\/tv3\/super3\/fish-and-chips\/\">Fish&amp;Chips<\/a><\/strong><span style=\"font-weight: 400;\"> del Super3 on dues escoles han de superar les proves del programa. I tu, les podries superar? Haurem d\u2019entrenar-nos!<\/span><\/li>\n<li><strong>Sabies qu\u00e8?<\/strong> <strong>Per als grans de l&#8217;escola<\/strong>, us deixem uns quants v\u00eddeos sobre curiositats que us poden interessar molt\u00edssim i despertar milions de preguntes!\n<ul>\n<li style=\"font-weight: 400;\"><a href=\"https:\/\/www.youtube.com\/watch?v=kw3FYvWT-Po\"><span style=\"font-weight: 400;\">El fascinante mundo que se esconde bajo tus pies<\/span><\/a><span style=\"font-weight: 400;\">\u00a0<\/span><\/li>\n<li style=\"font-weight: 400;\"><a href=\"https:\/\/www.youtube.com\/watch?v=K1yGOewtx5M\"><span style=\"font-weight: 400;\">El origen del universo explicado en 4 minutos<\/span><\/a><\/li>\n<li style=\"font-weight: 400;\"><a href=\"https:\/\/www.youtube.com\/watch?v=-O7sw3Pe5TI&amp;list=PLLhUyPZ7578fZ65u57ItelD3hm_p4eeup\"><span style=\"font-weight: 400;\">La rareza del agua<\/span><\/a><\/li>\n<li style=\"font-weight: 400;\"><a href=\"https:\/\/www.youtube.com\/watch?v=qd1YehNpbV4\"><span style=\"font-weight: 400;\">La revolucionaria teor\u00eda de Darwin<\/span><\/a><span style=\"font-weight: 400;\">\u00a0<\/span><\/li>\n<li style=\"font-weight: 400;\"><a href=\"https:\/\/www.youtube.com\/watch?v=oFbgfkh4cj8&amp;list=PLLhUyPZ7578fZ65u57ItelD3hm_p4eeup&amp;index=2\"><span style=\"font-weight: 400;\">Teor\u00eda de la relatividad de Einstein<\/span><\/a><\/li>\n<\/ul>\n<\/li>\n<\/ul>\n<\/li>\n<\/ol>\n<p>Gaudiu molt d&#8217;aquest temps en fam\u00edlia! Ens veiem al setembre!<\/p>\n","protected":false},"excerpt":{"rendered":"<p>Benvolgudes i benvolguts moreres! L&#8217;estiu d\u00f3na moltes oportunitats de gaudir i aprendre! Us desitgem un estiu de 10 i per aix\u00f2 hem fet un llistat de recomanacions plenes de descobriments i aventures. Us encoratgem a visitar aquests equipaments del barri: Ateneu de fabricaci\u00f3 de ciutat meridiana: un espai d\u2019aprenentatge en fabricaci\u00f3 digital on es poden [&hellip;]<\/p>\n","protected":false},"author":1,"featured_media":0,"parent":0,"menu_order":0,"comment_status":"closed","ping_status":"closed","template":"","meta":{"_bbp_topic_count":0,"_bbp_reply_count":0,"_bbp_total_topic_count":0,"_bbp_total_reply_count":0,"_bbp_voice_count":0,"_bbp_anonymous_reply_count":0,"_bbp_topic_count_hidden":0,"_bbp_reply_count_hidden":0,"_bbp_forum_subforum_count":0,"site-sidebar-layout":"default","site-content-layout":"","ast-site-content-layout":"","site-content-style":"default","site-sidebar-style":"default","ast-global-header-display":"","ast-banner-title-visibility":"","ast-main-header-display":"","ast-hfb-above-header-display":"","ast-hfb-below-header-display":"","ast-hfb-mobile-header-display":"","site-post-title":"","ast-breadcrumbs-content":"","ast-featured-img":"","footer-sml-layout":"","theme-transparent-header-meta":"","adv-header-id-meta":"","stick-header-meta":"","header-above-stick-meta":"","header-main-stick-meta":"","header-below-stick-meta":"","astra-migrate-meta-layouts":"default","ast-page-background-enabled":"default","ast-page-background-meta":{"desktop":{"background-color":"var(--ast-global-color-4)","background-image":"","background-repeat":"repeat","background-position":"center center","background-size":"auto","background-attachment":"scroll","background-type":"","background-media":"","overlay-type":"","overlay-color":"","overlay-opacity":"","overlay-gradient":""},"tablet":{"background-color":"","background-image":"","background-repeat":"repeat","background-position":"center center","background-size":"auto","background-attachment":"scroll","background-type":"","background-media":"","overlay-type":"","overlay-color":"","overlay-opacity":"","overlay-gradient":""},"mobile":{"background-color":"","background-image":"","background-repeat":"repeat","background-position":"center center","background-size":"auto","background-attachment":"scroll","background-type":"","background-media":"","overlay-type":"","overlay-color":"","overlay-opacity":"","overlay-gradient":""}},"ast-content-background-meta":{"desktop":{"background-color":"var(--ast-global-color-5)","background-image":"","background-repeat":"repeat","background-position":"center center","background-size":"auto","background-attachment":"scroll","background-type":"","background-media":"","overlay-type":"","overlay-color":"","overlay-opacity":"","overlay-gradient":""},"tablet":{"background-color":"var(--ast-global-color-5)","background-image":"","background-repeat":"repeat","background-position":"center center","background-size":"auto","background-attachment":"scroll","background-type":"","background-media":"","overlay-type":"","overlay-color":"","overlay-opacity":"","overlay-gradient":""},"mobile":{"background-color":"var(--ast-global-color-5)","background-image":"","background-repeat":"repeat","background-position":"center center","background-size":"auto","background-attachment":"scroll","background-type":"","background-media":"","overlay-type":"","overlay-color":"","overlay-opacity":"","overlay-gradient":""}},"footnotes":""},"class_list":["post-6381","page","type-page","status-publish","hentry"],"post_mailing_queue_ids":[],"_links":{"self":[{"href":"https:\/\/agora.xtec.cat\/iemorera\/wp-json\/wp\/v2\/pages\/6381","targetHints":{"allow":["GET"]}}],"collection":[{"href":"https:\/\/agora.xtec.cat\/iemorera\/wp-json\/wp\/v2\/pages"}],"about":[{"href":"https:\/\/agora.xtec.cat\/iemorera\/wp-json\/wp\/v2\/types\/page"}],"author":[{"embeddable":true,"href":"https:\/\/agora.xtec.cat\/iemorera\/wp-json\/wp\/v2\/users\/1"}],"replies":[{"embeddable":true,"href":"https:\/\/agora.xtec.cat\/iemorera\/wp-json\/wp\/v2\/comments?post=6381"}],"version-history":[{"count":4,"href":"https:\/\/agora.xtec.cat\/iemorera\/wp-json\/wp\/v2\/pages\/6381\/revisions"}],"predecessor-version":[{"id":6413,"href":"https:\/\/agora.xtec.cat\/iemorera\/wp-json\/wp\/v2\/pages\/6381\/revisions\/6413"}],"wp:attachment":[{"href":"https:\/\/agora.xtec.cat\/iemorera\/wp-json\/wp\/v2\/media?parent=6381"}],"curies":[{"name":"wp","href":"https:\/\/api.w.org\/{rel}","templated":true}]}}