{"id":6351,"date":"2020-06-27T18:22:47","date_gmt":"2020-06-27T16:22:47","guid":{"rendered":"https:\/\/agora.xtec.cat\/iemorera\/\/?page_id=6351"},"modified":"2020-07-07T14:40:23","modified_gmt":"2020-07-07T12:40:23","slug":"preinscripcio-i-matricula","status":"publish","type":"page","link":"https:\/\/agora.xtec.cat\/iemorera\/lescola\/secretaria\/preinscripcio-i-matricula\/","title":{"rendered":"Preinscripci\u00f3 i matr\u00edcula"},"content":{"rendered":"<header><\/header>\n<header><span style=\"color: #99cc00;\"><strong style=\"font-family: inherit; font-size: 1em;\">PUBLICACI\u00d3 LLISTAT ALUMNES ASSIGNATS AL CENTRE A 1 PETICI\u00d3. 7-7-20<\/strong><\/span><\/header>\n<header><\/header>\n<header><a href=\"https:\/\/agora.xtec.cat\/iemorera\/\/wp-content\/uploads\/usu148\/2020\/07\/INFORME_ASSIGNADES_INFORME_ASSIGNADES-2.pdf\">Llista alumnat adm\u00e8s 1a opci\u00f3<\/a><\/header>\n<header><\/header>\n<header><\/header>\n<header class=\"entry-header\"><span style=\"color: #99cc00;\"><strong style=\"font-family: inherit; font-size: 1em;\">PUBLICACI\u00d3 DEL BAREM PROVISIONAL<\/strong><\/span><\/header>\n<header><\/header>\n<header><\/header>\n<header><\/header>\n<header><\/header>\n<header><\/header>\n<header><\/header>\n<header class=\"entry-header\">S&#8217;ha publicat la llista de sol\u00b7licituds que han demanat el centre i l&#8217;ensenyament en primera petici\u00f3 amb el barem definitiu a 11\/06\/2020<\/header>\n<header><span style=\"color: #ffffff;\">.<\/span><\/header>\n<header><\/header>\n<header><\/header>\n<header><\/header>\n<header><\/header>\n<header><\/header>\n<header class=\"entry-header\"><a href=\"https:\/\/agora.xtec.cat\/iemorera\/\/wp-content\/uploads\/usu148\/2020\/06\/INFORME_BAREM_DEFINITIU_BAREM.pdf\">Llista barem definitiu<\/a>\u00a0<\/header>\n<header><span style=\"color: #ffffff;\">.<\/span><\/header>\n<header><\/header>\n<header class=\"entry-header\"><strong><i>Tamb\u00e9 s&#8217;ha publicat el n\u00famero de desempat: 33.386<\/i><\/strong><\/header>\n<header class=\"entry-header\"><span style=\"color: #ffffff;\">.<\/span>Ens podeu escriure al correu de l&#8217;escola a8002897@xtec.cat o trucar a 634.28.83.99 per qualsevol incid\u00e8ncia o dubte que tingueu.<\/header>\n<header class=\"entry-header\">\n<div class=\"FW_sArticleFoto\">\n<div class=\"FW_sEditPro\">\n<p>&nbsp;<\/p>\n<p><span style=\"color: #99cc00;\"><strong>CALENDARI\u00a0<\/strong><\/span><\/p>\n<ul>\n<li>Llista ordenada definitiva: 11 de juny de 2020<\/li>\n<li>Ampliaci\u00f3 de petici\u00f3 de centres per a les sol\u00b7licituds que no han obtingut cap assignaci\u00f3 (assignaci\u00f3 d&#8217;ofici): del del 26 al 29 de juny de 2020<\/li>\n<li>Oferta final de places escolars: 6 de juliol de 2020<\/li>\n<li>Llista d&#8217;alumnes admesos i llista d&#8217;espera: 7 de juliol de 2020<\/li>\n<\/ul>\n<p><span style=\"color: #99cc00;\"><strong style=\"font-family: inherit; font-size: 1em;\">BAREMS\u00a0<\/strong><\/span><\/p>\n<p>En tots els ensenyaments obligatoris, segons l\u2019ordenaci\u00f3 de les sol\u00b7licituds s\u2019apliquen els seg\u00fcents criteris generals de prioritat:<\/p>\n<ul>\n<li>Si actualment hi ha germans matriculats al centre o el pare, mare, tutor legal hi treballa: 40 punts.<\/li>\n<li>Per proximitat del domicili o del lloc de treball al centre sol\u00b7licitat en un lloc inicial (nom\u00e9s una opci\u00f3):\n<ul>\n<li>Domicili a una zona de proximitat del centre: 30 punts.<\/li>\n<li>Lloc de treball a zona de proximitat del centre: 20 punts.<\/li>\n<li>Domicili al mateix municipi del centre: 10 punts.<\/li>\n<li>A la ciutat de Barcelona, \u200b\u200bal mateix districte del centre: 15 punts.<\/li>\n<\/ul>\n<\/li>\n<li>Si el pare, mare o tutor reben l\u2019ajut de la renda garantida de ciutadania: 10 punts.<\/li>\n<li>Per discapacitat igual o superior al 33% de l\u2019alumne o d\u2019un familiar de primer grau: 10 punts.<\/li>\n<\/ul>\n<p>Com a criteris complementaris de desempat, hi \u00e9s la fam\u00edlia nombrosa o monoparental (15 punts).<\/p>\n<p><span style=\"color: #99cc00;\"><strong>PER\u00cdODE DE MATRICULACI\u00d3:<\/strong><\/span><\/p>\n<\/div>\n<\/div>\n<ul>\n<li>Alumnes preinscrits amb pla\u00e7a assignada a segon cicle d&#8217;educaci\u00f3 infantil, educaci\u00f3 prim\u00e0ria i ESO:\u00a0<strong>del 13 al 17 de juliol de 2020<\/strong><\/li>\n<\/ul>\n<p><em><strong><span style=\"color: #99cc00;\">Per a m\u00e9s informaci\u00f3 podeu consultar:<\/span><\/strong><\/em><\/p>\n<p>Departament d&#8217;educaci\u00f3: <a href=\"http:\/\/ensenyament.gencat.cat\/ca\/inici\/nota-premsa\/?id=385690\">Novetats Preinscripci\u00f3<\/a><\/p>\n<p>Consorci d&#8217;Educaci\u00f3 de Barcelona:\u00a0<a href=\"https:\/\/www.edubcn.cat\/ca\/alumnat_i_familia\/informacio_general_matriculacio\/preinscripcio\">Preinscripci\u00f3 2020-21<\/a><\/p>\n<\/header>\n<p>&nbsp;<\/p>\n","protected":false},"excerpt":{"rendered":"<p>PUBLICACI\u00d3 LLISTAT ALUMNES ASSIGNATS AL CENTRE A 1 PETICI\u00d3. 7-7-20 Llista alumnat adm\u00e8s 1a opci\u00f3 PUBLICACI\u00d3 DEL BAREM PROVISIONAL S&#8217;ha publicat la llista de sol\u00b7licituds que han demanat el centre i l&#8217;ensenyament en primera petici\u00f3 amb el barem definitiu a 11\/06\/2020 . Llista barem definitiu\u00a0 . Tamb\u00e9 s&#8217;ha publicat el n\u00famero de desempat: 33.386 .Ens [&hellip;]<\/p>\n","protected":false},"author":1,"featured_media":0,"parent":174,"menu_order":10,"comment_status":"closed","ping_status":"closed","template":"page-templates\/side-menu.php","meta":{"_bbp_topic_count":0,"_bbp_reply_count":0,"_bbp_total_topic_count":0,"_bbp_total_reply_count":0,"_bbp_voice_count":0,"_bbp_anonymous_reply_count":0,"_bbp_topic_count_hidden":0,"_bbp_reply_count_hidden":0,"_bbp_forum_subforum_count":0,"site-sidebar-layout":"default","site-content-layout":"","ast-site-content-layout":"","site-content-style":"default","site-sidebar-style":"default","ast-global-header-display":"","ast-banner-title-visibility":"","ast-main-header-display":"","ast-hfb-above-header-display":"","ast-hfb-below-header-display":"","ast-hfb-mobile-header-display":"","site-post-title":"","ast-breadcrumbs-content":"","ast-featured-img":"","footer-sml-layout":"","theme-transparent-header-meta":"","adv-header-id-meta":"","stick-header-meta":"","header-above-stick-meta":"","header-main-stick-meta":"","header-below-stick-meta":"","astra-migrate-meta-layouts":"default","ast-page-background-enabled":"default","ast-page-background-meta":{"desktop":{"background-color":"var(--ast-global-color-4)","background-image":"","background-repeat":"repeat","background-position":"center center","background-size":"auto","background-attachment":"scroll","background-type":"","background-media":"","overlay-type":"","overlay-color":"","overlay-opacity":"","overlay-gradient":""},"tablet":{"background-color":"","background-image":"","background-repeat":"repeat","background-position":"center center","background-size":"auto","background-attachment":"scroll","background-type":"","background-media":"","overlay-type":"","overlay-color":"","overlay-opacity":"","overlay-gradient":""},"mobile":{"background-color":"","background-image":"","background-repeat":"repeat","background-position":"center center","background-size":"auto","background-attachment":"scroll","background-type":"","background-media":"","overlay-type":"","overlay-color":"","overlay-opacity":"","overlay-gradient":""}},"ast-content-background-meta":{"desktop":{"background-color":"var(--ast-global-color-5)","background-image":"","background-repeat":"repeat","background-position":"center center","background-size":"auto","background-attachment":"scroll","background-type":"","background-media":"","overlay-type":"","overlay-color":"","overlay-opacity":"","overlay-gradient":""},"tablet":{"background-color":"var(--ast-global-color-5)","background-image":"","background-repeat":"repeat","background-position":"center center","background-size":"auto","background-attachment":"scroll","background-type":"","background-media":"","overlay-type":"","overlay-color":"","overlay-opacity":"","overlay-gradient":""},"mobile":{"background-color":"var(--ast-global-color-5)","background-image":"","background-repeat":"repeat","background-position":"center center","background-size":"auto","background-attachment":"scroll","background-type":"","background-media":"","overlay-type":"","overlay-color":"","overlay-opacity":"","overlay-gradient":""}},"footnotes":""},"class_list":["post-6351","page","type-page","status-publish","hentry"],"post_mailing_queue_ids":[],"_links":{"self":[{"href":"https:\/\/agora.xtec.cat\/iemorera\/wp-json\/wp\/v2\/pages\/6351","targetHints":{"allow":["GET"]}}],"collection":[{"href":"https:\/\/agora.xtec.cat\/iemorera\/wp-json\/wp\/v2\/pages"}],"about":[{"href":"https:\/\/agora.xtec.cat\/iemorera\/wp-json\/wp\/v2\/types\/page"}],"author":[{"embeddable":true,"href":"https:\/\/agora.xtec.cat\/iemorera\/wp-json\/wp\/v2\/users\/1"}],"replies":[{"embeddable":true,"href":"https:\/\/agora.xtec.cat\/iemorera\/wp-json\/wp\/v2\/comments?post=6351"}],"version-history":[{"count":3,"href":"https:\/\/agora.xtec.cat\/iemorera\/wp-json\/wp\/v2\/pages\/6351\/revisions"}],"predecessor-version":[{"id":6422,"href":"https:\/\/agora.xtec.cat\/iemorera\/wp-json\/wp\/v2\/pages\/6351\/revisions\/6422"}],"up":[{"embeddable":true,"href":"https:\/\/agora.xtec.cat\/iemorera\/wp-json\/wp\/v2\/pages\/174"}],"wp:attachment":[{"href":"https:\/\/agora.xtec.cat\/iemorera\/wp-json\/wp\/v2\/media?parent=6351"}],"curies":[{"name":"wp","href":"https:\/\/api.w.org\/{rel}","templated":true}]}}