{"id":5112,"date":"2020-03-18T16:44:39","date_gmt":"2020-03-18T15:44:39","guid":{"rendered":"https:\/\/agora.xtec.cat\/iemorera\/\/?page_id=5112"},"modified":"2020-05-11T17:57:11","modified_gmt":"2020-05-11T15:57:11","slug":"espai-infants","status":"publish","type":"page","link":"https:\/\/agora.xtec.cat\/iemorera\/espai-infants\/","title":{"rendered":"A m\u00e9s a m\u00e9s&#8230;"},"content":{"rendered":"<h3><span style=\"color: #ff6600;\">En aquesta p\u00e0gina trobareu moltes propostes que hem anat fent i considerem interessants per quan tingueu una estoneta lliure&#8230;<\/span><\/h3>\n<h6><span style=\"color: #ff9900;\">Voleu descobrir Barcelona com vertaders detectius? Aqu\u00ed us deixem <a href=\"http:\/\/gymkhana-barcelona.com\/wp-content\/uploads\/2020\/04\/Enigmes-Barcelonins-per-a-Detectius-Junior.pdf\">els enigmes barcelonins per a detectius j\u00fanior<\/a><\/span><\/h6>\n<h6><span style=\"color: #800080;\"><a style=\"color: #800080;\" href=\"https:\/\/www.eltricicle.cat\/index.php\/ca\/el-tricicle-pel-confinament\">El Tricicle: setmanari per a nenes i nens<\/a><\/span><\/h6>\n<h4><span style=\"color: #ff9900;\">Cos i moviment:<\/span><\/h4>\n<ul>\n<li>L&#8217;Andy de capoeira ha comen\u00e7at a fer les seves classes online, els dimarts i dijous a les 16h. amb l&#8217;app de videoconfer\u00e8ncies <a href=\"https:\/\/us04web.zoom.us\/j\/9907826412?pwd=SHVRS3I4T2I1bnFoTys5bnpIWGg5dz09\">zoom<\/a>!<\/li>\n<li>Practiqueu durant cinc minuts consci\u00e8ncia plena i podeu afegir aquests moviments de\u00a0<a href=\"https:\/\/www.youtube.com\/watch?v=7fHpf4A9P1I&amp;t=4s%C3%A7%C3%A7\">ioga.<\/a><\/li>\n<li><span style=\"font-weight: 400;\">Exercicis de <a href=\"https:\/\/www.youtube.com\/watch?v=w-6aJfs53c8\">gimn\u00e0stica<\/a> per a nens.<\/span><\/li>\n<li>Per estar en forma qu\u00e8 tal uns <a href=\"https:\/\/drive.google.com\/file\/d\/1XZczkJ1tp11q6FJ_MEWOfX_17KZBsdUc\/view?usp=sharing\">exercicis de flexibilitat <\/a>i per gaudir una mica us proposem el <a href=\"https:\/\/drive.google.com\/file\/d\/1KGEmQ8TI9F_5NelMaALCQW7nBAjkzZZe\/view?usp=sharing\">joc d&#8217;amagar tresors.<\/a><\/li>\n<li>Qu\u00e8 us sembla si fem diferents <a href=\"https:\/\/drive.google.com\/file\/d\/1KRDfK5cFOS8JVQf5QsXdI-T8OpHvHjt-\/view?usp=sharing\">jocs de moviment<\/a> per casa?<\/li>\n<li>Qu\u00e8 us pareix practicar una mica de capoeira? Mireu aquests <a href=\"https:\/\/www.youtube.com\/playlist?list=PLH8HQH1pJdplVUfnIE1un5J74ywEd6kpQ\">v\u00eddeos<\/a>!<\/li>\n<li>Qu\u00e8 us sembla si comencem el dia amb una <a href=\"https:\/\/www.youtube.com\/watch?v=gb094VtuCv4&amp;t=5s\">salutaci\u00f3 al sol<\/a>? L&#8217;\u00e0nim canvia&#8230;<\/li>\n<li>El Cristian d&#8217;EducArts ens planteja practicar <a href=\"https:\/\/www.youtube.com\/playlist?list=PLH8HQH1pJdplgjFAAsPPlwRW1HL3lZqU0\">dansa urbana<\/a> a casa.<\/li>\n<li>Qu\u00e8 tal si practiquem una coreografia d&#8217;una pel\u00b7l\u00edcula que ens agradi com <a href=\"https:\/\/www.youtube.com\/watch?v=jV2L2SZWsnc\">&#8220;Let it go&#8221;<\/a> de Frozen? Us deixem el v\u00eddeo, cliqueu al nom de la can\u00e7\u00f3.<\/li>\n<li>Us presentem el joc de <a href=\"https:\/\/drive.google.com\/file\/d\/1wW5B8wN9XNRlPqA7cKd9Gj2jPUZ8L1p0\/view?usp=sharing\">l&#8217;oca esportiva<\/a>! Ple de <a href=\"https:\/\/drive.google.com\/file\/d\/1Ye4EKgElyqskIAZJ9LLsNoxCy-gxvP70\/view?usp=sharing\">proves divertides<\/a> que et faran visitar tota la casa!<\/li>\n<li>Us proposem uns reptes per <a href=\"https:\/\/drive.google.com\/file\/d\/1bc5uwg7WU5b1yIAEIj93wStHsXFMlHFo\/view?usp=sharing\">desenvolupar habilitats<\/a>.<\/li>\n<li>Us portem un joc molt divertit, <a href=\"https:\/\/drive.google.com\/file\/d\/1ICjhHTtrimB2Frr2i9MUCIMuZZB06xRb\/view?usp=sharing\">el twister de dits<\/a>!<\/li>\n<li>Us portem m\u00e9s reptes f\u00edsics, mireu aquestes propostes de <a href=\"https:\/\/drive.google.com\/file\/d\/1DwHUz5VK0-dr0DVUcwO4oNRkKLU2ant5\/view?usp=sharing\">caminar enrere.<\/a><\/li>\n<\/ul>\n<h4><span style=\"color: #ff9900;\">Art\u00edstica i expressi\u00f3:<\/span><\/h4>\n<ul>\n<li>Feu un dibuix de l&#8217;experi\u00e8ncia que m\u00e9s us hagi agradat d&#8217;aquests dies a casa.<\/li>\n<li>Feu una figura <a href=\"https:\/\/comohacerorigami.net\/tag\/origami-para-ninos\/\">d&#8217;origami, l&#8217;art de la papirofl\u00e8xia<\/a> i despr\u00e9s decora-la, no oblides fer-te una foto i enviar-nos-la.<\/li>\n<li>Qu\u00e8 tal si fem un dibuix al natural: <a href=\"https:\/\/drive.google.com\/file\/d\/1wVmzHJpP60KrAVIFTsO8Ige7i0uJqZti\/view?usp=sharing\">Qu\u00e8 veig des de la meva finestra?<\/a><\/li>\n<li>Us proposem que feu de pintors amb aquesta <a href=\"https:\/\/drive.google.com\/open?id=1r-5x3QXqzwe9_1NtxkIKkHPt1_29c28i\">activitat<\/a>.<\/li>\n<li>Aqu\u00ed us deixem un <a href=\"https:\/\/youtu.be\/wXLNAdy7bIk\">proposta teatral<\/a> ben divertida!<\/li>\n<li>Us portem una activitat art\u00edstica de lo m\u00e9s estramb\u00f2tica, serieu capa\u00e7 de dibuixar gallib\u00f2ries amb la m\u00e0 no dominant? <a href=\"https:\/\/drive.google.com\/file\/d\/1U29Hjfh7QZic95nzObhIQSq7ju1y_ESm\/view?usp=sharing\">Cliqueu aqu\u00ed<\/a> i veureu quants reptes&#8230;<\/li>\n<li><a href=\"https:\/\/drive.google.com\/file\/d\/1xCCE8Vhf1R1qk2uAMOeKFPurF_6IZygF\/view?usp=sharing\">Endevina, endevinalla&#8230;<\/a><\/li>\n<li>Us proposem fer <a href=\"https:\/\/drive.google.com\/file\/d\/1MjdkfA91L_G3R7VoWeBFN-YijS00D11H\/view?usp=sharing\">pasta de sal<\/a> i modelar moltes figures que despr\u00e9s una vegada seques es poden pintar i decorar.<\/li>\n<li>A nivell art\u00edstic, us portem una activitat de teatre per jugar despr\u00e9s amb la fam\u00edlia: <a href=\"https:\/\/drive.google.com\/file\/d\/1ysYm0okEp8MCSi-nSjIlON9dELspd8Ca\/view?usp=sharing\">esbrina-ho<\/a>!<\/li>\n<li>Aprenem a fer <a href=\"https:\/\/drive.google.com\/file\/d\/1kwKVxDYq_xH8VB-DUCWG6DAIJbtlRSR5\/view?usp=sharing\">&#8220;la cadeneta&#8221;<\/a> un punt de teixit b\u00e0sic per fer polseres, clauers, i moltes m\u00e9s coses&#8230;.<\/li>\n<li>Us deixem el canal de youtube d&#8217;<a href=\"https:\/\/www.youtube.com\/channel\/UC6qdmf3ioVk39NbL1hOr6qw\/videos\">EducArtS<\/a> on podreu fer algunes coreografies de dansa urbana, ballar capoeira, veure petites obres de teatre, etc&#8230;<\/li>\n<\/ul>\n<h4><span style=\"color: #ff9900;\">Matem\u00e0tiques i ci\u00e8ncies:\u00a0<\/span><\/h4>\n<ul>\n<li>Hi veieu <a href=\"https:\/\/drive.google.com\/file\/d\/1YlEPUnwWakk-Ec3mBibEFX4ebJAW3Y3J\/view?usp=sharing\">ocells<\/a> per la finestra? segur que al costat de Collserola com esteu hi teniu una gran varietat, sortiu a la finestra o al balc\u00f3 i a observar!<\/li>\n<li>Qu\u00e8 tal si fem un experiment? Us proposem<a href=\"https:\/\/drive.google.com\/file\/d\/1bGrjg1k2RA6SUta5resy1j2rwgSNDRww\/view?usp=sharing\">\u00a0l&#8217;experiment <em>l&#8217;ou ballar\u00ed!<\/em><\/a><\/li>\n<li><a href=\"https:\/\/drive.google.com\/file\/d\/1teGXPalu7Yl3sKL-9pTGDohUFRDLt0YT\/view?usp=sharing\">Toca, toca i endevina<\/a>&#8230;Activitat per potenciar els sentits!<\/li>\n<li>Us proposem jocs de <a href=\"https:\/\/drive.google.com\/file\/d\/1_PwnLUTzZsmarKEHZnGNF83Yr-5n8wMg\/view?usp=sharing\">s\u00e8ries<\/a> amb material casol\u00e0.<\/li>\n<li>A m\u00e9s, esperem que estigueu reciclant molt aquests dies, aqu\u00ed us deixem uns <a href=\"https:\/\/drive.google.com\/open?id=1PxyNYrFqq5Q_lMV_Jsa8WP4U-7a7VKRA\">jocs de reciclatge<\/a> molt divertits.<\/li>\n<li>Qu\u00e8 tal si fem <a href=\"https:\/\/drive.google.com\/file\/d\/1pRbiaruK3s3KllBgosTZ3kgq9ambgwXs\/view?usp=sharing\">matem\u00e0tiques amb jocs de daus<\/a>?<\/li>\n<li>Sou capa\u00e7os de pelar una poma treient la pela tota sencera? Amb aquesta <a href=\"https:\/\/drive.google.com\/file\/d\/1cCWdBCuEWuxOoecFqI5pxFJAz-yn9RxV\/view?usp=sharing\">base d&#8217;orientaci\u00f3<\/a> en podeu aprendre i practiqueu, practiqueu!<\/li>\n<li>Us deixem uns <a href=\"https:\/\/drive.google.com\/file\/d\/1c7DsssCSw9keFwg7OovCyXJFaYc2JwsD\/view?usp=sharing\">problemes matem\u00e0tics casolans<\/a> i per si en voleu m\u00e9s uns <a href=\"https:\/\/drive.google.com\/file\/d\/1BQiz59tuHgxiI3bZMCkaQoewpM38EAAH\/view?usp=sharing\">jocs de c\u00e0lcul mental<\/a>.<\/li>\n<li>Qu\u00e8 tal si practiquem <a href=\"https:\/\/drive.google.com\/file\/d\/16QM6yLZrNmAMhCniboPu-j_2KuhXTJvF\/view?usp=sharing\">els nusos<\/a>, \u00e9s molt pr\u00e0ctic per al dia a dia, aqu\u00ed us deixem un <a href=\"https:\/\/www.youtube.com\/watch?v=kXMmuDetEWw\">tutorial.<\/a><\/li>\n<li>Qu\u00e8 tal si <a href=\"https:\/\/drive.google.com\/file\/d\/1bDIZzd7MQd5S9QwnrHYqEcco_87vJBkq\/view?usp=sharing\">reinventem els objectes<\/a> que tenim per casa? tot pot tenir m\u00faltiples utilitats&#8230;<\/li>\n<li>Agafeu uns daus que tingueu per casa i proveu alguna d&#8217;aquestes propostes de <a href=\"https:\/\/sites.google.com\/xtec.cat\/cesire-matematiques-campanyes\/inici\/laboratori-de-matem%C3%A0tiques\/daus-per-calcular\">jocs matem\u00e0tics<\/a>.<\/li>\n<li>Feu un\u00a0<a href=\"https:\/\/apps.apple.com\/us\/app\/jigsaw-puzzles-real-jigsaws\/id945885228\">puzle<\/a>\u00a0que tingueu a casa o jugueu als\u00a0<a href=\"https:\/\/www.chess.com\/ca\">escacs<\/a>, si no en teniu ho podeu fer a la tauleta.<\/li>\n<li>Problemes del <a href=\"https:\/\/clic.xtec.cat\/projects\/quinzet\/jclic.js\/index.html\">Quinzet.<\/a><\/li>\n<li><a href=\"https:\/\/drive.google.com\/drive\/folders\/1OTjJe8Xf37aWRdknokkPnEU8pv-yHgg6?usp=sharing\">L&#8217;escola d&#8217;escacs<\/a> ens ha proporcionat guies per seguir aprenent.<\/li>\n<li>Reptes sobre l&#8217;entorn natural de Catalunya que planteja <a href=\"https:\/\/www.instagram.com\/casadelaire_\/?igshid=yfqq5h0fd5bg\">la casa de l&#8217;aire.<\/a><\/li>\n<li>Planetari a casa: astronomia per totes les edats!\n<ul>\n<li>Mini sessi\u00f3 n\u00ba 1 del Sol: <a href=\"https:\/\/www.youtube.com\/watch?v=3kKlHPG2Q3Y&amp;feature=youtu.be\">part 1<\/a> i <a href=\"https:\/\/www.youtube.com\/watch?v=Cw_EsAHJcaE&amp;feature=youtu.be\">part 2<\/a><\/li>\n<li>Test del Sol: <a href=\"https:\/\/www.youtube.com\/watch?v=Bb5OWwjViSA&amp;feature=youtu.be\">Qu\u00e8 has apr\u00e8s?<\/a><\/li>\n<li><a href=\"https:\/\/www.youtube.com\/watch?v=wpnLKZeWm98&amp;feature=youtu.be\">Taller Infantil<\/a>: Taller de creativitat i Astronomia<\/li>\n<li><a href=\"https:\/\/www.youtube.com\/watch?v=8ul_3Lk4WoQ&amp;feature=youtu.be\">Taller Prim\u00e0ria<\/a>: Taller de creativitat i Astronomia<\/li>\n<\/ul>\n<\/li>\n<\/ul>\n<h4><span style=\"color: #ff9900;\">Programaci\u00f3 i Rob\u00f2tica:<\/span><\/h4>\n<ul>\n<li>Per l&#8217;alumnat de 5\u00e8 i 6\u00e8 que coneix l&#8217;Scratch i t\u00e9 usuaris per programar us recomanem aquest <a href=\"https:\/\/www.youtube.com\/channel\/UCI9LGKL31tnobzD-zc_Sv2w\">canal de youtube<\/a> amb idees per programar diferents jocs, vigileu que estan pensants per al 2.0 i nosaltres treballem al 3.0. A m\u00e9s, ac\u00ed us deixem les <a href=\"https:\/\/drive.google.com\/drive\/folders\/1rc4n33wc3rF5u2NPJ4pfVFN63cvPoAfH?usp=sharing\">targetes<\/a> per si voleu idees per a nous projectes. Si compartiu els projectes a l&#8217;estudi &#8220;Projectes creats&#8221; una vegada els tingueu fets els podreu veure <a href=\"https:\/\/agora.xtec.cat\/iemorera\/\/categoria\/tac\/\">aqu\u00ed<\/a>. Animeu-vos!<\/li>\n<li>Per als petits i mitjans us recomanem baixar alguna de les apps de programaci\u00f3 educatives com:\n<ul>\n<li><a href=\"https:\/\/toolbox.mobileworldcapital.com\/app\/lightbot-one-hour-coding-2\/27\">Lightbot<\/a><\/li>\n<li><a href=\"https:\/\/apps.apple.com\/es\/app\/bee-bot\/id500131639\">Bee-bot<\/a> o <a href=\"https:\/\/toolbox.mobileworldcapital.com\/app\/blue-bot\/678\">Blue-bot<\/a><\/li>\n<li><a href=\"https:\/\/apps.apple.com\/es\/app\/cargo-bot\/id519690804\">Cargo-bot<\/a><\/li>\n<li><a href=\"https:\/\/toolbox.mobileworldcapital.com\/app\/codespark-academy-at-home-kids-coding\/451\">codeSpark Academy<\/a><\/li>\n<\/ul>\n<\/li>\n<\/ul>\n<h4><span style=\"color: #ff9900;\">Comunicaci\u00f3 i Llenguatges:\u00a0<\/span><\/h4>\n<ul>\n<li>Comenceu un diari on escriure cada dia les activitats que feu, sols i en fam\u00edlia, educatives, de joc, d&#8217;oci i de cura de la llar i les persones amb les quals conviviu. Tamb\u00e9 podeu afegir dibuixos, com us sentiu, utilitzar imatges i paraules de retalls de revistes i diaris, etc&#8230;<\/li>\n<li>Llegir o escoltar aquest preci\u00f3s conte &#8220;<a href=\"https:\/\/lletresigargots.wordpress.com\/2020\/03\/13\/coronavirus\/\">Coronavirus<\/a>&#8221; de l&#8217;espai lletres i gargots i fer-ne una reflexi\u00f3 escrita sobre el que transmet el conte o un dibuix ben maco, o les dues.<\/li>\n<li>Proveu amb l&#8217;activitat:\u00a0<a href=\"https:\/\/drive.google.com\/file\/d\/1XsqdGFn8vBcr0b_gxkgoZoObTusXybzW\/view?usp=sharing\">Tria el teu color.<\/a><\/li>\n<li>Animeu-vos a jugar al joc de les <a href=\"https:\/\/drive.google.com\/file\/d\/11toS69AT9x78qEWZOjEm5H6k8yPWvmFK\/view?usp=sharing\">paraules encadenades.<\/a><\/li>\n<li>Una proposta per petits i mitjans: <a href=\"https:\/\/drive.google.com\/file\/d\/1kLC7P-VDV6wbzV1_EFNj6ovLKPSxxSAK\/view?usp=sharing\">all\u00e0 on viuen els monstres<\/a><\/li>\n<li>Una proposta pels grans de l&#8217;escola: <a href=\"https:\/\/drive.google.com\/open?id=13M1ZOi1i6QZbheTSyWMqgpd5AunTNume\">la maternitat d&#8217;Elna.<\/a><\/li>\n<li>Qu\u00e8 estem aprenent durant aquests dies a casa? Potser ara en som m\u00e9s pacients i ens prenem la vida amb m\u00e9s calma&#8230;\u00a0<a href=\"https:\/\/drive.google.com\/open?id=1oPqvlMmf_jgsi17dp9Kc7hFbBkf54PNP\">Dibuixa-ho\u00a0i reflexiona<\/a>! Aqu\u00ed us deixem una idea de com pot ser\u00a0<a href=\"https:\/\/drive.google.com\/file\/d\/1tQR79JYq3Xnt0-InD-AI_zbppHRRoeDD\/view?usp=sharing\">la plantilla<\/a> de la les reflexions i els dibuixos.<\/li>\n<li>Qu\u00e8 tal practicar english? Aqu\u00ed us deixem una proposta interessant sobre la primavera!\u00a0 <a href=\"https:\/\/drive.google.com\/file\/d\/1BW6twYo_eyu0WlqhLoe2G5JFNDq7NXbR\/view?usp=sharing\">When spring comes<\/a> per fer-la necessiteu veure aquest <a href=\"https:\/\/youtu.be\/_IMQguIVLL4\">v\u00eddeo<\/a> per fer-la. Us deixem algunes idees per fer la proposta: <a href=\"https:\/\/drive.google.com\/file\/d\/12u19ol3r-B1q35sUYa8_3iqEOlrgCiXU\/view?usp=sharing\">idea 1<\/a> i <a href=\"https:\/\/drive.google.com\/file\/d\/1TzQRprRxdPGyu_g3-PQ6HaaJ43ibO8fN\/view?usp=sharing\">idea 2<\/a>.<\/li>\n<li>Toca castellano! Vamos a leer un cuento para quedarse en casa <em><a href=\"https:\/\/drive.google.com\/open?id=14as8k9aYLEB9po7o4iNl8719L_OV0eAs\">La pulsera<\/a><\/em> i luego vamos a hacer una actividad muy treatral sobre el cuento, <a href=\"https:\/\/drive.google.com\/open?id=1gam4aaS88x0LfkGMYiN94qV47hcY_3Nm\">aqu\u00ed<\/a> os explicamos m\u00e1s.<\/li>\n<li>Qu\u00e8 tal fer de detectius buscant <a href=\"https:\/\/drive.google.com\/file\/d\/1cMVzWEIgMIeI0AJVFnprAD2hx3SiQz7U\/view?usp=sharing\">not\u00edcies enganyoses?<\/a>\u00a0les anomenades fake news!<\/li>\n<li><a href=\"https:\/\/drive.google.com\/file\/d\/1agZCQNynoJ2beRDWGpnzeKhrMGl1qscG\/view?usp=sharing\">Com us sentiu avui?<\/a> Mirant aquestes <a href=\"https:\/\/drive.google.com\/file\/d\/10XvkjrCmpjG-aE96xX-r97-2J1gph9uf\/view?usp=sharing\">emocions i necessitats<\/a> intenteu expressar-vos&#8230;<\/li>\n<li>Us portem una proposta de <a href=\"https:\/\/www.youtube.com\/watch?v=X655B4ISakg\">ioga en angl\u00e8s<\/a> i despr\u00e9s podeu <a href=\"https:\/\/drive.google.com\/file\/d\/13Pg8-fQaLuWmEqBbfWdUaW6aAmE6-Jqd\/view?usp=sharing\">dibuixar <\/a>la vostra postura preferida.<\/li>\n<li>Inventem hist\u00f2ries amb <a href=\"https:\/\/drive.google.com\/open?id=1G188RSpQkAlk4N27NlUY38SetFLCGoA0\">l&#8217;Invendaus<\/a>.<\/li>\n<li>Petits <a href=\"https:\/\/www.contes.cat\/escrits-contes\/\">contes per practicar la lectura<\/a>, dins de cadascun podeu triar entre:\n<ul>\n<li>contes en lletra de pal<\/li>\n<li>contes en lletra lligada<\/li>\n<li>contes en lletra d&#8217;impremta<\/li>\n<\/ul>\n<\/li>\n<li><a href=\"https:\/\/sites.google.com\/site\/recursosticinfantilmr\/llegeix-i-escriu\">Activitats de lectoescriptura<\/a> per anar practicant.<\/li>\n<li>Us deixem un fragment del llibre roig de Carl Jung&#8230; una del\u00edcia&#8230;<\/li>\n<\/ul>\n<div class=\"ast-oembed-container \" style=\"height: 100%;\"><iframe loading=\"lazy\" title=\"Mar\u00eda Esteve: fragmento del libro rojo de C G Jung\" width=\"500\" height=\"375\" src=\"https:\/\/www.youtube.com\/embed\/F375ontIBV0?feature=oembed\" frameborder=\"0\" allow=\"accelerometer; autoplay; clipboard-write; encrypted-media; gyroscope; picture-in-picture; web-share\" referrerpolicy=\"strict-origin-when-cross-origin\" allowfullscreen><\/iframe><\/div>\n<h6><span style=\"color: #808000;\">Recordeu que estem esperant saber not\u00edcies vostres, envieu-nos fotos i v\u00eddeos de les propostes que aneu fent a casa al mail <a href=\"mailto:confinament@escolamestremorera.cat\">confinament@escolamestremorera.cat<\/a><\/span><\/h6>\n<p><strong>Per explorar m\u00e9s&#8230;<\/strong><\/p>\n<p><a href=\"http:\/\/www.edu365.cat\/\"><img loading=\"lazy\" decoding=\"async\" class=\"alignleft wp-image-5165 size-medium\" src=\"https:\/\/agora.xtec.cat\/iemorera\/\/wp-content\/uploads\/usu148\/2020\/03\/unnamed-300x200.jpg\" alt=\"\" width=\"300\" height=\"200\" srcset=\"https:\/\/agora.xtec.cat\/iemorera\/wp-content\/uploads\/usu148\/2020\/03\/unnamed-300x200.jpg 300w, https:\/\/agora.xtec.cat\/iemorera\/wp-content\/uploads\/usu148\/2020\/03\/unnamed.jpg 512w\" sizes=\"auto, (max-width: 300px) 100vw, 300px\" \/><\/a><a href=\"https:\/\/www.ccma.cat\/tv3\/super3\/una-ma-de-contes\/\"><img loading=\"lazy\" decoding=\"async\" class=\"wp-image-5166 size-medium alignright\" src=\"https:\/\/agora.xtec.cat\/iemorera\/\/wp-content\/uploads\/usu148\/2020\/03\/baixa-300x153.jpg\" alt=\"\" width=\"300\" height=\"153\" srcset=\"https:\/\/agora.xtec.cat\/iemorera\/wp-content\/uploads\/usu148\/2020\/03\/baixa-300x153.jpg 300w, https:\/\/agora.xtec.cat\/iemorera\/wp-content\/uploads\/usu148\/2020\/03\/baixa.jpg 314w\" sizes=\"auto, (max-width: 300px) 100vw, 300px\" \/><\/a><\/p>\n<p>&nbsp;<\/p>\n<p>&nbsp;<\/p>\n<p>&nbsp;<\/p>\n<p>&nbsp;<\/p>\n<p>&nbsp;<\/p>\n<p><a href=\"https:\/\/www.ccma.cat\/tv3\/super3\/\"><img loading=\"lazy\" decoding=\"async\" class=\"wp-image-5206 size-medium alignnone\" src=\"https:\/\/agora.xtec.cat\/iemorera\/\/wp-content\/uploads\/usu148\/2020\/03\/logotip_super3-300x218.jpg\" alt=\"\" width=\"300\" height=\"218\" srcset=\"https:\/\/agora.xtec.cat\/iemorera\/wp-content\/uploads\/usu148\/2020\/03\/logotip_super3-300x218.jpg 300w, https:\/\/agora.xtec.cat\/iemorera\/wp-content\/uploads\/usu148\/2020\/03\/logotip_super3.jpg 550w\" sizes=\"auto, (max-width: 300px) 100vw, 300px\" \/>\u00a0<\/a><a href=\"https:\/\/www.rtve.es\/educlan\/\"><img loading=\"lazy\" decoding=\"async\" class=\"wp-image-5167 size-medium alignright\" src=\"https:\/\/agora.xtec.cat\/iemorera\/\/wp-content\/uploads\/usu148\/2020\/03\/educlan-300x169.jpg\" alt=\"\" width=\"300\" height=\"169\" srcset=\"https:\/\/agora.xtec.cat\/iemorera\/wp-content\/uploads\/usu148\/2020\/03\/educlan-300x169.jpg 300w, https:\/\/agora.xtec.cat\/iemorera\/wp-content\/uploads\/usu148\/2020\/03\/educlan.jpg 768w\" sizes=\"auto, (max-width: 300px) 100vw, 300px\" \/><\/a><\/p>\n<p>&nbsp;<\/p>\n","protected":false},"excerpt":{"rendered":"<p>En aquesta p\u00e0gina trobareu moltes propostes que hem anat fent i considerem interessants per quan tingueu una estoneta lliure&#8230; Voleu descobrir Barcelona com vertaders detectius? Aqu\u00ed us deixem els enigmes barcelonins per a detectius j\u00fanior El Tricicle: setmanari per a nenes i nens Cos i moviment: L&#8217;Andy de capoeira ha comen\u00e7at a fer les seves [&hellip;]<\/p>\n","protected":false},"author":1,"featured_media":0,"parent":0,"menu_order":0,"comment_status":"closed","ping_status":"closed","template":"","meta":{"_bbp_topic_count":0,"_bbp_reply_count":0,"_bbp_total_topic_count":0,"_bbp_total_reply_count":0,"_bbp_voice_count":0,"_bbp_anonymous_reply_count":0,"_bbp_topic_count_hidden":0,"_bbp_reply_count_hidden":0,"_bbp_forum_subforum_count":0,"site-sidebar-layout":"default","site-content-layout":"","ast-site-content-layout":"","site-content-style":"default","site-sidebar-style":"default","ast-global-header-display":"","ast-banner-title-visibility":"","ast-main-header-display":"","ast-hfb-above-header-display":"","ast-hfb-below-header-display":"","ast-hfb-mobile-header-display":"","site-post-title":"","ast-breadcrumbs-content":"","ast-featured-img":"","footer-sml-layout":"","theme-transparent-header-meta":"","adv-header-id-meta":"","stick-header-meta":"","header-above-stick-meta":"","header-main-stick-meta":"","header-below-stick-meta":"","astra-migrate-meta-layouts":"default","ast-page-background-enabled":"default","ast-page-background-meta":{"desktop":{"background-color":"var(--ast-global-color-4)","background-image":"","background-repeat":"repeat","background-position":"center center","background-size":"auto","background-attachment":"scroll","background-type":"","background-media":"","overlay-type":"","overlay-color":"","overlay-opacity":"","overlay-gradient":""},"tablet":{"background-color":"","background-image":"","background-repeat":"repeat","background-position":"center center","background-size":"auto","background-attachment":"scroll","background-type":"","background-media":"","overlay-type":"","overlay-color":"","overlay-opacity":"","overlay-gradient":""},"mobile":{"background-color":"","background-image":"","background-repeat":"repeat","background-position":"center center","background-size":"auto","background-attachment":"scroll","background-type":"","background-media":"","overlay-type":"","overlay-color":"","overlay-opacity":"","overlay-gradient":""}},"ast-content-background-meta":{"desktop":{"background-color":"var(--ast-global-color-5)","background-image":"","background-repeat":"repeat","background-position":"center center","background-size":"auto","background-attachment":"scroll","background-type":"","background-media":"","overlay-type":"","overlay-color":"","overlay-opacity":"","overlay-gradient":""},"tablet":{"background-color":"var(--ast-global-color-5)","background-image":"","background-repeat":"repeat","background-position":"center center","background-size":"auto","background-attachment":"scroll","background-type":"","background-media":"","overlay-type":"","overlay-color":"","overlay-opacity":"","overlay-gradient":""},"mobile":{"background-color":"var(--ast-global-color-5)","background-image":"","background-repeat":"repeat","background-position":"center center","background-size":"auto","background-attachment":"scroll","background-type":"","background-media":"","overlay-type":"","overlay-color":"","overlay-opacity":"","overlay-gradient":""}},"footnotes":""},"class_list":["post-5112","page","type-page","status-publish","hentry"],"post_mailing_queue_ids":[],"_links":{"self":[{"href":"https:\/\/agora.xtec.cat\/iemorera\/wp-json\/wp\/v2\/pages\/5112","targetHints":{"allow":["GET"]}}],"collection":[{"href":"https:\/\/agora.xtec.cat\/iemorera\/wp-json\/wp\/v2\/pages"}],"about":[{"href":"https:\/\/agora.xtec.cat\/iemorera\/wp-json\/wp\/v2\/types\/page"}],"author":[{"embeddable":true,"href":"https:\/\/agora.xtec.cat\/iemorera\/wp-json\/wp\/v2\/users\/1"}],"replies":[{"embeddable":true,"href":"https:\/\/agora.xtec.cat\/iemorera\/wp-json\/wp\/v2\/comments?post=5112"}],"version-history":[{"count":4,"href":"https:\/\/agora.xtec.cat\/iemorera\/wp-json\/wp\/v2\/pages\/5112\/revisions"}],"predecessor-version":[{"id":5969,"href":"https:\/\/agora.xtec.cat\/iemorera\/wp-json\/wp\/v2\/pages\/5112\/revisions\/5969"}],"wp:attachment":[{"href":"https:\/\/agora.xtec.cat\/iemorera\/wp-json\/wp\/v2\/media?parent=5112"}],"curies":[{"name":"wp","href":"https:\/\/api.w.org\/{rel}","templated":true}]}}