{"id":2072,"date":"2017-11-01T21:01:23","date_gmt":"2017-11-01T20:01:23","guid":{"rendered":"http:\/\/agora.xtec.cat\/iemorera\/\/?page_id=2072"},"modified":"2022-02-10T08:51:10","modified_gmt":"2022-02-10T07:51:10","slug":"festes-i-diades","status":"publish","type":"page","link":"https:\/\/agora.xtec.cat\/iemorera\/festes-i-diades\/","title":{"rendered":"Festes"},"content":{"rendered":"<p style=\"text-align: justify;\"><span style=\"font-weight: 400;\">Les festes \u00e9s una part rellevant del curr\u00edculum i la manifestaci\u00f3 per excel.lencia de la nostra identitat: p\u00fablica, laica, catalana i vivencial.\u00a0<\/span><span style=\"font-weight: 400;\">Tamb\u00e9 dels nostres objectius: que es coneixin a si mateixos, per a interaccionar i cooperar con\u00e8xient els altres i a l\u2019entorn de manera \u00e8tica i est\u00e8tica.\u00a0<\/span><span style=\"font-weight: 400;\">A trav\u00e9s de la viv\u00e8ncia de les festes es desenvolupa el nostre patrimoni cultural, la identitat cultural, que d&#8217;altra banda \u00e9s la millor manera d\u2019assumir-ho, i d\u2019integrar-ho.\u00a0<\/span><span style=\"font-weight: 400;\">A trav\u00e9s de les \u00a0festes s\u2019apr\u00e8n un gran contingut social i natural, tamb\u00e9 art\u00edstic, tant pl\u00e0stic com musical, saviesa popular i filosofia\u2026 i el m\u00e9s essencial: tots els requisits per l\u2019aprenentatge de conviure pac\u00edficament.<\/span><\/p>\n<p>Les diades, s\u2019estableixen a l\u2019escola com a tem\u00e0tiques de reflexi\u00f3 i coneixement endinsats en el treball competencial dels diferents \u00e0mbits.<\/p>\n<p style=\"text-align: justify;\"><span style=\"font-weight: 400;\">A l\u2019escola treballem molt des de les \u201cparaules UBUNTU\u201d: gr\u00e0cies, t\u2019estimo, si et plau, ho sento, perdona\u2019m.<\/span><\/p>\n","protected":false},"excerpt":{"rendered":"<p>Les festes \u00e9s una part rellevant del curr\u00edculum i la manifestaci\u00f3 per excel.lencia de la nostra identitat: p\u00fablica, laica, catalana i vivencial.\u00a0Tamb\u00e9 dels nostres objectius: que es coneixin a si mateixos, per a interaccionar i cooperar con\u00e8xient els altres i a l\u2019entorn de manera \u00e8tica i est\u00e8tica.\u00a0A trav\u00e9s de la viv\u00e8ncia de les festes es [&hellip;]<\/p>\n","protected":false},"author":1,"featured_media":0,"parent":0,"menu_order":28,"comment_status":"closed","ping_status":"closed","template":"page-templates\/side-menu.php","meta":{"_bbp_topic_count":0,"_bbp_reply_count":0,"_bbp_total_topic_count":0,"_bbp_total_reply_count":0,"_bbp_voice_count":0,"_bbp_anonymous_reply_count":0,"_bbp_topic_count_hidden":0,"_bbp_reply_count_hidden":0,"_bbp_forum_subforum_count":0,"site-sidebar-layout":"default","site-content-layout":"","ast-site-content-layout":"","site-content-style":"default","site-sidebar-style":"default","ast-global-header-display":"","ast-banner-title-visibility":"","ast-main-header-display":"","ast-hfb-above-header-display":"","ast-hfb-below-header-display":"","ast-hfb-mobile-header-display":"","site-post-title":"","ast-breadcrumbs-content":"","ast-featured-img":"","footer-sml-layout":"","theme-transparent-header-meta":"","adv-header-id-meta":"","stick-header-meta":"","header-above-stick-meta":"","header-main-stick-meta":"","header-below-stick-meta":"","astra-migrate-meta-layouts":"default","ast-page-background-enabled":"default","ast-page-background-meta":{"desktop":{"background-color":"var(--ast-global-color-4)","background-image":"","background-repeat":"repeat","background-position":"center center","background-size":"auto","background-attachment":"scroll","background-type":"","background-media":"","overlay-type":"","overlay-color":"","overlay-opacity":"","overlay-gradient":""},"tablet":{"background-color":"","background-image":"","background-repeat":"repeat","background-position":"center center","background-size":"auto","background-attachment":"scroll","background-type":"","background-media":"","overlay-type":"","overlay-color":"","overlay-opacity":"","overlay-gradient":""},"mobile":{"background-color":"","background-image":"","background-repeat":"repeat","background-position":"center center","background-size":"auto","background-attachment":"scroll","background-type":"","background-media":"","overlay-type":"","overlay-color":"","overlay-opacity":"","overlay-gradient":""}},"ast-content-background-meta":{"desktop":{"background-color":"var(--ast-global-color-5)","background-image":"","background-repeat":"repeat","background-position":"center center","background-size":"auto","background-attachment":"scroll","background-type":"","background-media":"","overlay-type":"","overlay-color":"","overlay-opacity":"","overlay-gradient":""},"tablet":{"background-color":"var(--ast-global-color-5)","background-image":"","background-repeat":"repeat","background-position":"center center","background-size":"auto","background-attachment":"scroll","background-type":"","background-media":"","overlay-type":"","overlay-color":"","overlay-opacity":"","overlay-gradient":""},"mobile":{"background-color":"var(--ast-global-color-5)","background-image":"","background-repeat":"repeat","background-position":"center center","background-size":"auto","background-attachment":"scroll","background-type":"","background-media":"","overlay-type":"","overlay-color":"","overlay-opacity":"","overlay-gradient":""}},"footnotes":""},"class_list":["post-2072","page","type-page","status-publish","hentry"],"post_mailing_queue_ids":[],"_links":{"self":[{"href":"https:\/\/agora.xtec.cat\/iemorera\/wp-json\/wp\/v2\/pages\/2072","targetHints":{"allow":["GET"]}}],"collection":[{"href":"https:\/\/agora.xtec.cat\/iemorera\/wp-json\/wp\/v2\/pages"}],"about":[{"href":"https:\/\/agora.xtec.cat\/iemorera\/wp-json\/wp\/v2\/types\/page"}],"author":[{"embeddable":true,"href":"https:\/\/agora.xtec.cat\/iemorera\/wp-json\/wp\/v2\/users\/1"}],"replies":[{"embeddable":true,"href":"https:\/\/agora.xtec.cat\/iemorera\/wp-json\/wp\/v2\/comments?post=2072"}],"version-history":[{"count":3,"href":"https:\/\/agora.xtec.cat\/iemorera\/wp-json\/wp\/v2\/pages\/2072\/revisions"}],"predecessor-version":[{"id":8862,"href":"https:\/\/agora.xtec.cat\/iemorera\/wp-json\/wp\/v2\/pages\/2072\/revisions\/8862"}],"wp:attachment":[{"href":"https:\/\/agora.xtec.cat\/iemorera\/wp-json\/wp\/v2\/media?parent=2072"}],"curies":[{"name":"wp","href":"https:\/\/api.w.org\/{rel}","templated":true}]}}