{"id":73,"date":"2014-09-18T14:01:51","date_gmt":"2014-09-18T13:01:51","guid":{"rendered":"http:\/\/agora.xtec.cat\/iemiquelmartipol\/\/?page_id=73"},"modified":"2025-10-07T13:03:12","modified_gmt":"2025-10-07T11:03:12","slug":"menjador-escolar","status":"publish","type":"page","link":"https:\/\/agora.xtec.cat\/iemiquelmartipol\/serveis\/menjador-escolar\/","title":{"rendered":"MENJADOR ESCOLAR"},"content":{"rendered":"<p><span style=\"font-weight: 400;\">Des del servei de menjador us donem la benvinguda a aquest nou curs escolar. Esperem que els vostres fills i filles hagin comen\u00e7at el curs amb ganes i il\u00b7lusi\u00f3 i que segueixin gaudint de l&#8217;espai de migdia com ho han fet als darrers anys! \u00a0<\/span><br style=\"font-weight: 400;\" \/><span style=\"font-weight: 400;\">\u00a0<\/span><br style=\"font-weight: 400;\" \/><span style=\"font-weight: 400;\">Primer de tot, us adjuntem el\u00a0<\/span><a href=\"https:\/\/drive.google.com\/file\/d\/1PvgKmwcKXs0amTzzVU8p3PLNSJbiNG6r\/view?usp=sharing\"><strong>&#8220;<u>Pla de gesti\u00f3 del menjador de l&#8217;institut escola &#8220;<\/u><\/strong><\/a><span style=\"font-weight: 400;\">\u00a0aqu\u00ed hi\u00a0\u00a0trobareu els horaris, els espais, funcionament b\u00e0sics i els protocols que des de l&#8217;empresa estem portant a terme.<\/span><br style=\"font-weight: 400;\" \/><span style=\"font-weight: 400;\">\u00a0<\/span><br style=\"font-weight: 400;\" \/><span style=\"font-weight: 400;\">A nivell pr\u00e0ctic, tamb\u00e9 us comentem els seg\u00fcents punts:<\/span><br style=\"font-weight: 400;\" \/><span style=\"font-weight: 400;\">\u00a0<\/span><br style=\"font-weight: 400;\" \/><span style=\"font-weight: 400;\">&#8211;\u00a0<\/span><strong>Dubtes administratius, de gesti\u00f3 i funcionament:<\/strong><span style=\"font-weight: 400;\">\u00a0<\/span><strong>93 860 75 73<\/strong><span style=\"font-weight: 400;\">\u00a0( demanar per la coordinadora Inma)<\/span><br style=\"font-weight: 400;\" \/><span style=\"font-weight: 400;\">\u00a0<\/span><br style=\"font-weight: 400;\" \/><span style=\"font-weight: 400;\">&#8211; Per\u00a0<\/span><strong>baixes puntuals<\/strong><span style=\"font-weight: 400;\">\u00a0de menjador:\u00a0<\/span><strong>93 860 75 73<\/strong><span style=\"font-weight: 400;\">. S&#8217;ha de notificar abans de les\u00a0<\/span><span style=\"font-weight: 400;\"><strong>10h del mat\u00ed del dia corresponent. (en cas contrari es facturar\u00e0 el dia).<\/strong><br \/>\n<\/span><br style=\"font-weight: 400;\" \/><span style=\"font-weight: 400;\">&#8211;\u00a0<\/span><strong>Nou m<\/strong><strong>\u00e8tode d&#8217;inscripci\u00f3 online.<\/strong><span style=\"font-weight: 400;\"> Cal que inscriviu els vostres fills\/es a trav\u00e9s de la p\u00e0gina de Menjacole, o clicant al seg\u00fcent enlla\u00e7:\u00a0 <a href=\"https:\/\/menjacole.com\/es\/web\/signup\" target=\"_blank\" rel=\"noopener\">INSCRIPCIONS AL SERVEI DE MENJADOR CURS 25-26<\/a><\/span><\/p>\n<div><\/div>\n<p style=\"font-weight: 400;\">&#8211; La\u00a0<strong>venda de tiquets espor\u00e0dics<\/strong>\u00a0es far\u00e0 des de la porta del menjador on la nostra monitora Carmen us atendr\u00e0 els<strong><u>\u00a0dimarts i dijous de 8:30h a 9:00h\u00a0<\/u><\/strong>i aquest curs es vendran els tiquets de 6 en 6. Els tiquets els podeu fer arribar a l&#8217;escola a trav\u00e9s del conserge o a la b\u00fastia de menjador.<\/p>\n<p style=\"font-weight: 400;\">&#8211; Durant el servei de menjador, se&#8217;ls hi oferir\u00e0 aigua, per\u00f2 durant l&#8217;estona de pati de l&#8217;espai de migdia,\u00a0<strong><u>HAURAN DE PORTAR LA SEVA AMPOLLA D&#8217;AIGUA<\/u><\/strong>.<\/p>\n<p style=\"font-weight: 400;\">&#8211; Els informes trimestrals tamb\u00e9 es faran arribar a les fam\u00edlies.<\/p>\n<p>El preu del curs 2025-2026 \u00e9s el seg\u00fcent:<\/p>\n<p>&#8211; Fixes (m\u00ednim 2 dies a la setmana i sempre els mateixos dies): <strong>7,50 \u20ac \/men\u00fa<\/strong><br \/>\n&#8211; Espor\u00e0dics: <strong>8,25\u00a0\u20ac \/ men\u00fa<\/strong><\/p>\n<p>Per m\u00e9s informaci\u00f3: <a href=\"https:\/\/menjacole.com\/es\">menjacole.com<\/a><\/p>\n<p><a href=\"https:\/\/agora.xtec.cat\/iemiquelmartipol\/\/wp-content\/uploads\/usu711\/2020\/04\/MMP-1.jpg\"><img loading=\"lazy\" decoding=\"async\" class=\"alignnone size-full wp-image-451\" src=\"https:\/\/agora.xtec.cat\/iemiquelmartipol\/\/wp-content\/uploads\/usu711\/2020\/04\/MMP-1.jpg\" alt=\"\" width=\"540\" height=\"650\" srcset=\"https:\/\/agora.xtec.cat\/iemiquelmartipol\/wp-content\/uploads\/usu711\/2020\/04\/MMP-1.jpg 540w, https:\/\/agora.xtec.cat\/iemiquelmartipol\/wp-content\/uploads\/usu711\/2020\/04\/MMP-1-249x300.jpg 249w\" sizes=\"auto, (max-width: 540px) 100vw, 540px\" \/><\/a><\/p>\n<p>&nbsp;<\/p>\n","protected":false},"excerpt":{"rendered":"<p>Des del servei de menjador us donem la benvinguda a aquest nou curs escolar. Esperem que els vostres fills i filles hagin comen\u00e7at el curs amb ganes i il\u00b7lusi\u00f3 i que segueixin gaudint de l&#8217;espai de migdia com ho han fet als darrers anys! \u00a0\u00a0Primer&hellip;  <a href=\"https:\/\/agora.xtec.cat\/iemiquelmartipol\/serveis\/menjador-escolar\/\" title=\"Read MENJADOR ESCOLAR\">Llegeix m\u00e9s\u00bb<\/a><\/p>\n","protected":false},"author":1,"featured_media":0,"parent":66,"menu_order":30,"comment_status":"closed","ping_status":"closed","template":"page-templates\/side-menu.php","meta":{"_bbp_topic_count":0,"_bbp_reply_count":0,"_bbp_total_topic_count":0,"_bbp_total_reply_count":0,"_bbp_voice_count":0,"_bbp_anonymous_reply_count":0,"_bbp_topic_count_hidden":0,"_bbp_reply_count_hidden":0,"_bbp_forum_subforum_count":0,"footnotes":""},"class_list":["post-73","page","type-page","status-publish","hentry"],"post_mailing_queue_ids":[],"_links":{"self":[{"href":"https:\/\/agora.xtec.cat\/iemiquelmartipol\/wp-json\/wp\/v2\/pages\/73","targetHints":{"allow":["GET"]}}],"collection":[{"href":"https:\/\/agora.xtec.cat\/iemiquelmartipol\/wp-json\/wp\/v2\/pages"}],"about":[{"href":"https:\/\/agora.xtec.cat\/iemiquelmartipol\/wp-json\/wp\/v2\/types\/page"}],"author":[{"embeddable":true,"href":"https:\/\/agora.xtec.cat\/iemiquelmartipol\/wp-json\/wp\/v2\/users\/1"}],"replies":[{"embeddable":true,"href":"https:\/\/agora.xtec.cat\/iemiquelmartipol\/wp-json\/wp\/v2\/comments?post=73"}],"version-history":[{"count":7,"href":"https:\/\/agora.xtec.cat\/iemiquelmartipol\/wp-json\/wp\/v2\/pages\/73\/revisions"}],"predecessor-version":[{"id":3855,"href":"https:\/\/agora.xtec.cat\/iemiquelmartipol\/wp-json\/wp\/v2\/pages\/73\/revisions\/3855"}],"up":[{"embeddable":true,"href":"https:\/\/agora.xtec.cat\/iemiquelmartipol\/wp-json\/wp\/v2\/pages\/66"}],"wp:attachment":[{"href":"https:\/\/agora.xtec.cat\/iemiquelmartipol\/wp-json\/wp\/v2\/media?parent=73"}],"curies":[{"name":"wp","href":"https:\/\/api.w.org\/{rel}","templated":true}]}}