{"id":3915,"date":"2025-11-17T09:20:01","date_gmt":"2025-11-17T08:20:01","guid":{"rendered":"https:\/\/agora.xtec.cat\/iemiquelmartipol\/?page_id=3915"},"modified":"2025-12-02T11:46:19","modified_gmt":"2025-12-02T10:46:19","slug":"centres-en-dansa-per-la-inclusio","status":"publish","type":"page","link":"https:\/\/agora.xtec.cat\/iemiquelmartipol\/centres-en-dansa-per-la-inclusio\/","title":{"rendered":"CENTRES EN DANSA PER LA INCLUSI\u00d3"},"content":{"rendered":"<p><img loading=\"lazy\" decoding=\"async\" class=\"aligncenter size-large wp-image-3994\" src=\"https:\/\/agora.xtec.cat\/iemiquelmartipol\/wp-content\/uploads\/usu711\/2025\/12\/20250110_155253-min-1024x478.jpg\" alt=\"\" width=\"1024\" height=\"478\" srcset=\"https:\/\/agora.xtec.cat\/iemiquelmartipol\/wp-content\/uploads\/usu711\/2025\/12\/20250110_155253-min-1024x478.jpg 1024w, https:\/\/agora.xtec.cat\/iemiquelmartipol\/wp-content\/uploads\/usu711\/2025\/12\/20250110_155253-min-300x140.jpg 300w, https:\/\/agora.xtec.cat\/iemiquelmartipol\/wp-content\/uploads\/usu711\/2025\/12\/20250110_155253-min-768x359.jpg 768w, https:\/\/agora.xtec.cat\/iemiquelmartipol\/wp-content\/uploads\/usu711\/2025\/12\/20250110_155253-min-1536x717.jpg 1536w, https:\/\/agora.xtec.cat\/iemiquelmartipol\/wp-content\/uploads\/usu711\/2025\/12\/20250110_155253-min-2048x956.jpg 2048w\" sizes=\"auto, (max-width: 1024px) 100vw, 1024px\" \/><\/p>\n<p><span data-contrast=\"auto\">Participem al projecte <\/span><a href=\"https:\/\/projectes.xtec.cat\/educacioinclusiva\/general\/centres-en-dansa-per-la-inclusio-cap-a-una-cultura-inclusiva\/\"><strong>Centres en dansa per la inclusi\u00f3 <\/strong><\/a>des del curs 23-24. Aquest<span data-contrast=\"auto\"> t\u00e9 com a objectiu fonamental la construcci\u00f3 d\u2019una cultura inclusiva en els centres educatius i entre l\u2019alumnat. Aquesta iniciativa, impulsada per la direcci\u00f3 general d\u2019Educaci\u00f3 Inclusiva del Departament d\u2019Educaci\u00f3, busca transformar els espais educatius mitjan\u00e7ant la participaci\u00f3 activa de tota la comunitat educativa.<\/span><\/p>\n<p><img loading=\"lazy\" decoding=\"async\" class=\"aligncenter size-full wp-image-3997\" src=\"https:\/\/agora.xtec.cat\/iemiquelmartipol\/wp-content\/uploads\/usu711\/2025\/12\/20250110_153432-min-scaled.jpg\" alt=\"\" width=\"2560\" height=\"1196\" srcset=\"https:\/\/agora.xtec.cat\/iemiquelmartipol\/wp-content\/uploads\/usu711\/2025\/12\/20250110_153432-min-scaled.jpg 2560w, https:\/\/agora.xtec.cat\/iemiquelmartipol\/wp-content\/uploads\/usu711\/2025\/12\/20250110_153432-min-300x140.jpg 300w, https:\/\/agora.xtec.cat\/iemiquelmartipol\/wp-content\/uploads\/usu711\/2025\/12\/20250110_153432-min-1024x478.jpg 1024w, https:\/\/agora.xtec.cat\/iemiquelmartipol\/wp-content\/uploads\/usu711\/2025\/12\/20250110_153432-min-768x359.jpg 768w, https:\/\/agora.xtec.cat\/iemiquelmartipol\/wp-content\/uploads\/usu711\/2025\/12\/20250110_153432-min-1536x717.jpg 1536w, https:\/\/agora.xtec.cat\/iemiquelmartipol\/wp-content\/uploads\/usu711\/2025\/12\/20250110_153432-min-2048x956.jpg 2048w\" sizes=\"auto, (max-width: 2560px) 100vw, 2560px\" \/><\/p>\n<p><img loading=\"lazy\" decoding=\"async\" class=\"aligncenter size-full wp-image-3995\" src=\"https:\/\/agora.xtec.cat\/iemiquelmartipol\/wp-content\/uploads\/usu711\/2025\/12\/20250110_153607-min-scaled.jpg\" alt=\"\" width=\"2560\" height=\"1196\" srcset=\"https:\/\/agora.xtec.cat\/iemiquelmartipol\/wp-content\/uploads\/usu711\/2025\/12\/20250110_153607-min-scaled.jpg 2560w, https:\/\/agora.xtec.cat\/iemiquelmartipol\/wp-content\/uploads\/usu711\/2025\/12\/20250110_153607-min-300x140.jpg 300w, https:\/\/agora.xtec.cat\/iemiquelmartipol\/wp-content\/uploads\/usu711\/2025\/12\/20250110_153607-min-1024x478.jpg 1024w, https:\/\/agora.xtec.cat\/iemiquelmartipol\/wp-content\/uploads\/usu711\/2025\/12\/20250110_153607-min-768x359.jpg 768w, https:\/\/agora.xtec.cat\/iemiquelmartipol\/wp-content\/uploads\/usu711\/2025\/12\/20250110_153607-min-1536x717.jpg 1536w, https:\/\/agora.xtec.cat\/iemiquelmartipol\/wp-content\/uploads\/usu711\/2025\/12\/20250110_153607-min-2048x956.jpg 2048w\" sizes=\"auto, (max-width: 2560px) 100vw, 2560px\" \/><\/p>\n<p><img loading=\"lazy\" decoding=\"async\" class=\"aligncenter size-full wp-image-3991\" src=\"https:\/\/agora.xtec.cat\/iemiquelmartipol\/wp-content\/uploads\/usu711\/2025\/12\/WhatsApp-Image-2024-12-10-at-18.32.27.jpeg\" alt=\"\" width=\"2000\" height=\"1500\" srcset=\"https:\/\/agora.xtec.cat\/iemiquelmartipol\/wp-content\/uploads\/usu711\/2025\/12\/WhatsApp-Image-2024-12-10-at-18.32.27.jpeg 2000w, https:\/\/agora.xtec.cat\/iemiquelmartipol\/wp-content\/uploads\/usu711\/2025\/12\/WhatsApp-Image-2024-12-10-at-18.32.27-300x225.jpeg 300w, https:\/\/agora.xtec.cat\/iemiquelmartipol\/wp-content\/uploads\/usu711\/2025\/12\/WhatsApp-Image-2024-12-10-at-18.32.27-1024x768.jpeg 1024w, https:\/\/agora.xtec.cat\/iemiquelmartipol\/wp-content\/uploads\/usu711\/2025\/12\/WhatsApp-Image-2024-12-10-at-18.32.27-768x576.jpeg 768w, https:\/\/agora.xtec.cat\/iemiquelmartipol\/wp-content\/uploads\/usu711\/2025\/12\/WhatsApp-Image-2024-12-10-at-18.32.27-1536x1152.jpeg 1536w, https:\/\/agora.xtec.cat\/iemiquelmartipol\/wp-content\/uploads\/usu711\/2025\/12\/WhatsApp-Image-2024-12-10-at-18.32.27-200x150.jpeg 200w\" sizes=\"auto, (max-width: 2000px) 100vw, 2000px\" \/><\/p>\n<p>&nbsp;<\/p>\n<p>&nbsp;<\/p>\n","protected":false},"excerpt":{"rendered":"<p>Participem al projecte <a href=\"https:\/\/projectes.xtec.cat\/educacioinclusiva\/general\/centres-en-dansa-per-la-inclusio-cap-a-una-cultura-inclusiva\/\">Centres en dansa per la inclusi\u00f3 <\/a>des del curs 23-24. Aquest t\u00e9 com a objectiu fonamental la construcci\u00f3 d\u2019una cultura inclusiva en els centres educatius i entre l\u2019alumnat. Aquesta iniciativa, impulsada per la direcci\u00f3 general d\u2019Educaci\u00f3 Inclusiva del Departament d\u2019Educaci\u00f3, busca&hellip;  <a href=\"https:\/\/agora.xtec.cat\/iemiquelmartipol\/centres-en-dansa-per-la-inclusio\/\" title=\"Read CENTRES EN DANSA PER LA INCLUSI\u00d3\">Llegeix m\u00e9s\u00bb<\/a><\/p>\n","protected":false},"author":1,"featured_media":0,"parent":0,"menu_order":0,"comment_status":"closed","ping_status":"closed","template":"","meta":{"_bbp_topic_count":0,"_bbp_reply_count":0,"_bbp_total_topic_count":0,"_bbp_total_reply_count":0,"_bbp_voice_count":0,"_bbp_anonymous_reply_count":0,"_bbp_topic_count_hidden":0,"_bbp_reply_count_hidden":0,"_bbp_forum_subforum_count":0,"footnotes":""},"class_list":["post-3915","page","type-page","status-publish","hentry"],"post_mailing_queue_ids":[],"_links":{"self":[{"href":"https:\/\/agora.xtec.cat\/iemiquelmartipol\/wp-json\/wp\/v2\/pages\/3915","targetHints":{"allow":["GET"]}}],"collection":[{"href":"https:\/\/agora.xtec.cat\/iemiquelmartipol\/wp-json\/wp\/v2\/pages"}],"about":[{"href":"https:\/\/agora.xtec.cat\/iemiquelmartipol\/wp-json\/wp\/v2\/types\/page"}],"author":[{"embeddable":true,"href":"https:\/\/agora.xtec.cat\/iemiquelmartipol\/wp-json\/wp\/v2\/users\/1"}],"replies":[{"embeddable":true,"href":"https:\/\/agora.xtec.cat\/iemiquelmartipol\/wp-json\/wp\/v2\/comments?post=3915"}],"version-history":[{"count":6,"href":"https:\/\/agora.xtec.cat\/iemiquelmartipol\/wp-json\/wp\/v2\/pages\/3915\/revisions"}],"predecessor-version":[{"id":3999,"href":"https:\/\/agora.xtec.cat\/iemiquelmartipol\/wp-json\/wp\/v2\/pages\/3915\/revisions\/3999"}],"wp:attachment":[{"href":"https:\/\/agora.xtec.cat\/iemiquelmartipol\/wp-json\/wp\/v2\/media?parent=3915"}],"curies":[{"name":"wp","href":"https:\/\/api.w.org\/{rel}","templated":true}]}}