{"id":38,"date":"2014-09-18T12:34:08","date_gmt":"2014-09-18T11:34:08","guid":{"rendered":"http:\/\/agora.xtec.cat\/iemiquelmartipol\/\/?page_id=38"},"modified":"2018-11-15T13:11:11","modified_gmt":"2018-11-15T12:11:11","slug":"salut","status":"publish","type":"page","link":"https:\/\/agora.xtec.cat\/iemiquelmartipol\/lescola\/salut\/","title":{"rendered":"Salut"},"content":{"rendered":"<p>&nbsp;<\/p>\n<p><strong>Vacunaci\u00f3 i revisions dent\u00e0ries:<\/strong><\/p>\n<p>Les campanyes de vacunaci\u00f3 i les revisions dent\u00e0ries que correspongui les comunicarem oportunament tan bon punt tinguem const\u00e0ncia de les dates.<\/p>\n<p><strong>Accidents escolars<\/strong><\/p>\n<p><strong>\u00a0<\/strong>En el cas que un alumne pateixi un accident a l &#8216;escola, es procedir\u00e0 de la seg\u00fcent manera:<\/p>\n<ol>\n<li>Si la ferida es lleu, la cura es far\u00e0 a la mateixa escola, netejant-la amb aigua i sab\u00f3, desinfectant-la i protegint-la<\/li>\n<li>Si l&#8217;accident \u00e9s de certa import\u00e0ncia (possible contusi\u00f3, fractura..) l\u2019 alumne ha de ser at\u00e8s en un centre sanitari (CAP o hospital). En aquest cas se seguir\u00e0 el seg\u00fcent proc\u00e9s:<\/li>\n<\/ol>\n<ul>\n<li>Fer la primera cura a l &#8216;escola, si procedeix.<\/li>\n<li>Avisar els pares per si poden traslladar l&#8217;accidentat al centre sanitari.<\/li>\n<li>Si els pares no es poden fer c\u00e0rrec o la gravetat del cas ho demana, s &#8216;avisar\u00e0 a una ambul\u00e0ncia que acompanyar\u00e0 a la directora i a l\u2019accidentat al centre hospitalari i si no \u00e9s molt greu s\u2019acompanyar\u00e0 a l\u2019alumne al CAP caminant.<\/li>\n<\/ul>\n<p><strong>Per aix\u00f2 \u00e9s imprescindible que l &#8216;escola tingui coneixement d\u2019 un o m\u00e9s tel\u00e8fons per poder localitzar els pares o d &#8216;altres persones que tinguin relaci\u00f3 amb el nen\/ nena.<\/strong><\/p>\n<p>&nbsp;<\/p>\n<p><strong>Malalties infecto -contagioses:<\/strong><\/p>\n<p><strong>\u00a0<\/strong>Els alumnes que durant el curs passin alguna malaltia d &#8216;aquest tipus (hepatitis, tuberculosi&#8230;) hauran de presentar un informe m\u00e8dic garantint que no existeix cap perill de contagi.<\/p>\n<p>En aquest mateix sentit, no pot venir a l &#8216;escola cap nen o nena que presenti febre, conjuntivitis, diarrea&#8230;&#8230;..<\/p>\n<p>Us recomanem que vigileu sovint el cabell dels vostres fills i filles i preneu les mesures necess\u00e0ries per tal d &#8216;evitar el contagi de par\u00e0sits (polls).<\/p>\n<p>Quan un alumne es trobi malament a les hores de classe o menjador s &#8216;avisar\u00e0 als pares perqu\u00e8 vinguin a recollir-lo.<\/p>\n<p>Els mestres han de con\u00e8ixer totes les dades que cregueu d &#8216;inter\u00e8s sobre la salut dels vostres fills (al\u00b7l\u00e8rgia, malalties cr\u00f2niques..)<\/p>\n<p>&nbsp;<\/p>\n<p><strong>Medicaments:<\/strong><\/p>\n<p><strong>\u00a0<\/strong>Per poder administrar medicaci\u00f3 als alumnes cal que el pare, mare o tutor\/a legal aporti <strong>una recepta<\/strong> o informe del metge o metgessa on\u00a0 consti el nom de l\u2019alumne\/a, la pauta i el nom del medicament que ha de prendre. Aix\u00ed mateix, el pare, mare o tutor legal ha <strong>d\u2019aportar un<\/strong> <strong>escrit<\/strong> on es demani i s\u2019autoritzi al personal del centre educatiu que administri al seu fill\/a la medicaci\u00f3 prescrita sempre que sigui imprescindible la seva administraci\u00f3 en horari lectiu.<\/p>\n<p>&nbsp;<\/p>\n<p>&nbsp;<\/p>\n<p>&nbsp;<\/p>\n<p>&nbsp;<\/p>\n","protected":false},"excerpt":{"rendered":"<p>&nbsp;<br \/>\nVacunaci\u00f3 i revisions dent\u00e0ries:<br \/>\nLes campanyes de vacunaci\u00f3 i les revisions dent\u00e0ries que correspongui les comunicarem oportunament tan bon punt tinguem const\u00e0ncia de les dates.<br \/>\nAccidents escolars<br \/>\n\u00a0En el cas que un alumne pateixi un accident a l &#8216;escola, es procedir\u00e0 de la seg\u00fcent manera:<\/p>\n<ol>\n<li>Si la ferida es&hellip;  <a href=\"https:\/\/agora.xtec.cat\/iemiquelmartipol\/lescola\/salut\/\" title=\"Read Salut\">Llegeix m\u00e9s\u00bb<\/a><br \/>\n","protected":false},"author":1,"featured_media":0,"parent":22,"menu_order":80,"comment_status":"closed","ping_status":"closed","template":"page-templates\/side-menu.php","meta":{"_bbp_topic_count":0,"_bbp_reply_count":0,"_bbp_total_topic_count":0,"_bbp_total_reply_count":0,"_bbp_voice_count":0,"_bbp_anonymous_reply_count":0,"_bbp_topic_count_hidden":0,"_bbp_reply_count_hidden":0,"_bbp_forum_subforum_count":0,"footnotes":""},"class_list":["post-38","page","type-page","status-publish","hentry"],"post_mailing_queue_ids":[],"_links":{"self":[{"href":"https:\/\/agora.xtec.cat\/iemiquelmartipol\/wp-json\/wp\/v2\/pages\/38","targetHints":{"allow":["GET"]}}],"collection":[{"href":"https:\/\/agora.xtec.cat\/iemiquelmartipol\/wp-json\/wp\/v2\/pages"}],"about":[{"href":"https:\/\/agora.xtec.cat\/iemiquelmartipol\/wp-json\/wp\/v2\/types\/page"}],"author":[{"embeddable":true,"href":"https:\/\/agora.xtec.cat\/iemiquelmartipol\/wp-json\/wp\/v2\/users\/1"}],"replies":[{"embeddable":true,"href":"https:\/\/agora.xtec.cat\/iemiquelmartipol\/wp-json\/wp\/v2\/comments?post=38"}],"version-history":[{"count":3,"href":"https:\/\/agora.xtec.cat\/iemiquelmartipol\/wp-json\/wp\/v2\/pages\/38\/revisions"}],"predecessor-version":[{"id":252,"href":"https:\/\/agora.xtec.cat\/iemiquelmartipol\/wp-json\/wp\/v2\/pages\/38\/revisions\/252"}],"up":[{"embeddable":true,"href":"https:\/\/agora.xtec.cat\/iemiquelmartipol\/wp-json\/wp\/v2\/pages\/22"}],"wp:attachment":[{"href":"https:\/\/agora.xtec.cat\/iemiquelmartipol\/wp-json\/wp\/v2\/media?parent=38"}],"curies":[{"name":"wp","href":"https:\/\/api.w.org\/{rel}","templated":true}]}}