{"id":28,"date":"2014-09-18T12:29:35","date_gmt":"2014-09-18T11:29:35","guid":{"rendered":"http:\/\/agora.xtec.cat\/iemiquelmartipol\/\/?page_id=28"},"modified":"2025-11-26T16:24:08","modified_gmt":"2025-11-26T15:24:08","slug":"consell-escolar","status":"publish","type":"page","link":"https:\/\/agora.xtec.cat\/iemiquelmartipol\/lescola\/consell-escolar\/","title":{"rendered":"Consell escolar"},"content":{"rendered":"<p>El\u00a0<strong>Consell Escola<\/strong>r (CE) \u00e9s \u00e9s el m\u00e0xim \u00f2rgan de govern de l\u2019escola on hi ha representats tots els estaments. Est\u00e0 integrat per 18 membres: el director que el presideix, el\/la secretari\/a del centre, els\/les caps d&#8217;estudis,\u00a0 6 representants del professorat, 2 representants de fam\u00edlies, 1 representant de l\u2019AFA, 3 representants de l&#8217;alumnat de secund\u00e0ria, 1 representant de l&#8217;Ajuntament i 1 representant del personal d&#8217;administraci\u00f3 i serveis.<\/p>\n<p>Un cop constitu\u00eft, el consell escolar del centre ha de designar una persona que impulsi mesures educatives de foment de la igualtat real i efectiva entre homes i dones, i constituir les comissions espec\u00edfiques:<\/p>\n<ul>\n<li>La comissi\u00f3 permanent<\/li>\n<li>La comissi\u00f3 econ\u00f2mica<\/li>\n<li>La comissi\u00f3 de conviv\u00e8ncia<\/li>\n<li>La comissi\u00f3 de coeducaci\u00f3<\/li>\n<\/ul>\n<p>Cada dos anys hi ha eleccions per a la renovaci\u00f3 de representants de cada sector. \u00c9s\u00a0 important la participaci\u00f3 dels pares i mares, tant presentant candidatures com\u00a0 venint a votar\u00a0 el dia de les eleccions.<\/p>\n<p><strong>Composici\u00f3\u00a0 Consell Escolar curs 2025-2029<\/strong><\/p>\n<table style=\"width: 67.1001%; height: 634px;\">\n<tbody>\n<tr style=\"height: 43px;\">\n<td style=\"height: 43px;\" width=\"292\"><strong>Director<\/strong><\/td>\n<td style=\"height: 43px;\" width=\"370\">Segundo Jim\u00e9nez Utrilla<\/td>\n<\/tr>\n<tr style=\"height: 96px;\">\n<td style=\"height: 10px;\" width=\"292\"><strong>Cap d\u2019 estudis d&#8217;infantil prim\u00e0ria<\/strong><\/td>\n<td style=\"height: 10px;\" width=\"370\">M\u00aa Montserrat Perich Bay\u00e0<\/td>\n<\/tr>\n<tr style=\"height: 32px;\">\n<td style=\"height: 32px;\"><strong>Cap d&#8217;estudis secund\u00e0ria<\/strong><\/td>\n<td style=\"height: 32px;\">Carme Trobal\u00f3n Miramanda<\/td>\n<\/tr>\n<tr style=\"height: 43px;\">\n<td style=\"height: 43px;\" width=\"292\"><strong>Secretari<\/strong><\/td>\n<td style=\"height: 43px;\" width=\"370\">Jordi Ciurans Mallorquin<\/td>\n<\/tr>\n<tr style=\"height: 43px;\">\n<td style=\"height: 43px;\" width=\"292\"><strong>Representant de l\u2019 Ajuntament<\/strong><\/td>\n<td style=\"height: 43px;\" width=\"370\">Fran S\u00e1nchez Castilla\/ Silvia Mateu Arnau<\/td>\n<\/tr>\n<tr style=\"height: 43px;\">\n<td style=\"height: 248px;\" rowspan=\"6\" width=\"292\"><strong>Representant del professorat<\/strong><br \/>\n<strong><br \/>\n<\/strong><\/td>\n<td style=\"height: 43px;\" width=\"370\">J\u00e9ssica Barbancho Garcia (2023-2027)<\/td>\n<\/tr>\n<tr style=\"height: 43px;\">\n<td style=\"height: 43px;\" width=\"370\">Lara Fern\u00e1ndez Ib\u00e1\u00f1ez (2023-2027)<\/td>\n<\/tr>\n<tr style=\"height: 43px;\">\n<td style=\"height: 43px; text-align: left;\" width=\"370\">Evelyn Jim\u00e9nez Ruiz (2023-2027)<\/td>\n<\/tr>\n<tr style=\"height: 43px;\">\n<td style=\"height: 43px; text-align: left;\" width=\"370\">Josep Maria Arnau Joan (2025-2029)<\/td>\n<\/tr>\n<tr style=\"height: 43px;\">\n<td style=\"height: 43px; text-align: left;\" width=\"370\">Rosa Marqu\u00e9s Gerpe (2025-2029)<\/td>\n<\/tr>\n<tr style=\"height: 33px;\">\n<td style=\"height: 33px; text-align: left;\">M\u00aa Carme Gonz\u00e1lez Puebla (2025-2029)<\/td>\n<\/tr>\n<tr style=\"height: 43px;\">\n<td style=\"height: 48px;\" rowspan=\"2\" width=\"292\"><strong>Representant de fam<\/strong><strong>\u00ed<\/strong><strong>lies<\/strong><br \/>\n<strong><br \/>\n<\/strong><\/td>\n<td style=\"height: 38px;\" width=\"370\">Anna Ayll\u00f3n Moreno (2023-2027)<\/td>\n<\/tr>\n<tr style=\"height: 64px;\">\n<td style=\"height: 10px;\" width=\"370\">Javier Morera Ib\u00e1\u00f1ez (2025-2029)<\/td>\n<\/tr>\n<tr style=\"height: 33px;\">\n<td style=\"height: 33px;\"><strong>Representant de l\u2019 AFA<\/strong><\/td>\n<td style=\"height: 33px;\">Marianna Indriago Rojas<\/td>\n<\/tr>\n<tr style=\"height: 33px;\">\n<td style=\"height: 101px;\" rowspan=\"3\"><strong>Representant de l&#8217;alumnat<\/strong><br \/>\n<strong><br \/>\n<\/strong><\/td>\n<td style=\"height: 33px;\">Alicia Rivero Elias (2025-2029)<\/td>\n<\/tr>\n<tr style=\"height: 30px;\">\n<td style=\"height: 36px;\">Nahia G\u00f3mez Becerra (2025-2029)<\/td>\n<\/tr>\n<tr style=\"height: 43px;\">\n<td style=\"height: 32px;\" width=\"370\">Ana Luc\u00eda Potentini Indriago (2025-2029)<\/td>\n<\/tr>\n<tr style=\"height: 43px;\">\n<td style=\"height: 33px;\" width=\"292\"><strong>Representant del PAS<\/strong><\/td>\n<td style=\"height: 33px;\" width=\"370\">M\u00f2nica Molina Sanz (2025-2029)<\/td>\n<\/tr>\n<\/tbody>\n<\/table>\n<p><strong>Les funcions del Consell Escolar:<\/strong><\/p>\n<ul>\n<li style=\"font-weight: 400;\" aria-level=\"1\"><span style=\"font-weight: 400;\">Aprovar el projecte educatiu i les modificacions corresponents per una majoria de tres cinquenes parts dels membres.<\/span><\/li>\n<li style=\"font-weight: 400;\" aria-level=\"1\"><span style=\"font-weight: 400;\">Aprovar la programaci\u00f3 general anual del centre i avaluar-ne el desenvolupament i els resultats a la mem\u00f2ria anual.<\/span><\/li>\n<li style=\"font-weight: 400;\" aria-level=\"1\"><span style=\"font-weight: 400;\">Aprovar les propostes d&#8217;acords de corresponsabilitat, convenis i altres acords de col\u00b7laboraci\u00f3 del centre amb entitats o institucions.<\/span><\/li>\n<li style=\"font-weight: 400;\" aria-level=\"1\"><span style=\"font-weight: 400;\">Aprovar les normes d&#8217;organitzaci\u00f3 i funcionament i les modificacions corresponents.<\/span><\/li>\n<li style=\"font-weight: 400;\" aria-level=\"1\"><span style=\"font-weight: 400;\">Aprovar la carta de comprom\u00eds educatiu.<\/span><\/li>\n<li style=\"font-weight: 400;\" aria-level=\"1\"><span style=\"font-weight: 400;\">Aprovar el pressupost del centre i el retiment de comptes.<\/span><\/li>\n<li style=\"font-weight: 400;\" aria-level=\"1\"><span style=\"font-weight: 400;\">Participar en el procediment de selecci\u00f3 i en la proposta de cessament del director o directora.<\/span><\/li>\n<li style=\"font-weight: 400;\" aria-level=\"1\"><span style=\"font-weight: 400;\">Participar en les an\u00e0lisis i les avaluacions del funcionament general del centre i con\u00e8ixer l&#8217;evoluci\u00f3 del rendiment escolar.<\/span><\/li>\n<li style=\"font-weight: 400;\" aria-level=\"1\"><span style=\"font-weight: 400;\">Promoure l&#8217;optimitzaci\u00f3 de l&#8217;\u00fas de les instal\u00b7lacions i del material escolar, i la seva renovaci\u00f3, aix\u00ed com vetllar per la seva conservaci\u00f3.<\/span><\/li>\n<li style=\"font-weight: 400;\" aria-level=\"1\"><span style=\"font-weight: 400;\">Promoure la conviv\u00e8ncia en l\u2019institut escola i vetllar pel compliment dels drets i deures de l\u2019alumnat.<\/span><\/li>\n<li style=\"font-weight: 400;\" aria-level=\"1\"><span style=\"font-weight: 400;\">Qualsevol altra que li sigui atribu\u00efda per les normes legals o reglament\u00e0ries.<\/span><\/li>\n<\/ul>\n<p><strong>Acords del Consell Escolar curs 2024-2025<\/strong><\/p>\n<p><a href=\"https:\/\/drive.google.com\/file\/d\/1U-KK7Z_Tsj2GOHnH3BCfHALE-JlwVFZ5\/view?usp=sharing\">Sessi\u00f3 1: 24 de setembre de 2024<\/a><\/p>\n<p><a href=\"https:\/\/drive.google.com\/file\/d\/17lYXlb7x8jpcHe5VGHinzhAVtXrXPoUO\/view?usp=sharing\">Sessi\u00f3 2: 15 d&#8217;octubre de 2024<\/a><\/p>\n<p><a href=\"https:\/\/drive.google.com\/file\/d\/17Jbhr_UdmM4lHIg3W4G0c7a3itdzcUzH\/view?usp=sharing\">Sessi\u00f3 3: 28 de gener de 2025<\/a><\/p>\n<p><a href=\"https:\/\/drive.google.com\/file\/d\/1cam6Uf91qg_Kr6CGEP3gHgOcmckQPvZe\/view?usp=sharing\">Sessi\u00f3 4: 17 de juny de 2025<\/a><\/p>\n<p><strong>Acords del Consell Escolar curs 2025-2026<\/strong><\/p>\n<p><a href=\"https:\/\/drive.google.com\/file\/d\/148ljPa9_gsSz8Ya2raG2VDKbZNOVlfGB\/view?usp=sharing\">Sessi\u00f3 1: 29 de setembre de 2025<\/a><\/p>\n<p>&nbsp;<\/p>\n<p>&nbsp;<\/p>\n<p>&nbsp;<\/p>\n<p>&nbsp;<\/p>\n<p>&nbsp;<\/p>\n<p>&nbsp;<\/p>\n<p>&nbsp;<\/p>\n<p>&nbsp;<\/p>\n<p>&nbsp;<\/p>\n<p>&nbsp;<\/p>\n<p>&nbsp;<\/p>\n<p>&nbsp;<\/p>\n","protected":false},"excerpt":{"rendered":"<p>El\u00a0Consell Escolar (CE) \u00e9s \u00e9s el m\u00e0xim \u00f2rgan de govern de l\u2019escola on hi ha representats tots els estaments. Est\u00e0 integrat per 18 membres: el director que el presideix, el\/la secretari\/a del centre, els\/les caps d&#8217;estudis,\u00a0 6 representants del professorat, 2 representants de fam\u00edlies, 1&hellip;  <a href=\"https:\/\/agora.xtec.cat\/iemiquelmartipol\/lescola\/consell-escolar\/\" title=\"Read Consell escolar\">Llegeix m\u00e9s\u00bb<\/a><\/p>\n","protected":false},"author":1,"featured_media":0,"parent":22,"menu_order":30,"comment_status":"closed","ping_status":"closed","template":"page-templates\/side-menu.php","meta":{"_bbp_topic_count":0,"_bbp_reply_count":0,"_bbp_total_topic_count":0,"_bbp_total_reply_count":0,"_bbp_voice_count":0,"_bbp_anonymous_reply_count":0,"_bbp_topic_count_hidden":0,"_bbp_reply_count_hidden":0,"_bbp_forum_subforum_count":0,"footnotes":""},"class_list":["post-28","page","type-page","status-publish","hentry"],"post_mailing_queue_ids":[],"_links":{"self":[{"href":"https:\/\/agora.xtec.cat\/iemiquelmartipol\/wp-json\/wp\/v2\/pages\/28","targetHints":{"allow":["GET"]}}],"collection":[{"href":"https:\/\/agora.xtec.cat\/iemiquelmartipol\/wp-json\/wp\/v2\/pages"}],"about":[{"href":"https:\/\/agora.xtec.cat\/iemiquelmartipol\/wp-json\/wp\/v2\/types\/page"}],"author":[{"embeddable":true,"href":"https:\/\/agora.xtec.cat\/iemiquelmartipol\/wp-json\/wp\/v2\/users\/1"}],"replies":[{"embeddable":true,"href":"https:\/\/agora.xtec.cat\/iemiquelmartipol\/wp-json\/wp\/v2\/comments?post=28"}],"version-history":[{"count":6,"href":"https:\/\/agora.xtec.cat\/iemiquelmartipol\/wp-json\/wp\/v2\/pages\/28\/revisions"}],"predecessor-version":[{"id":3987,"href":"https:\/\/agora.xtec.cat\/iemiquelmartipol\/wp-json\/wp\/v2\/pages\/28\/revisions\/3987"}],"up":[{"embeddable":true,"href":"https:\/\/agora.xtec.cat\/iemiquelmartipol\/wp-json\/wp\/v2\/pages\/22"}],"wp:attachment":[{"href":"https:\/\/agora.xtec.cat\/iemiquelmartipol\/wp-json\/wp\/v2\/media?parent=28"}],"curies":[{"name":"wp","href":"https:\/\/api.w.org\/{rel}","templated":true}]}}