{"id":26,"date":"2014-09-18T12:24:32","date_gmt":"2014-09-18T11:24:32","guid":{"rendered":"http:\/\/agora.xtec.cat\/iemiquelmartipol\/\/?page_id=26"},"modified":"2026-02-10T11:55:26","modified_gmt":"2026-02-10T10:55:26","slug":"historia","status":"publish","type":"page","link":"https:\/\/agora.xtec.cat\/iemiquelmartipol\/lescola\/historia\/","title":{"rendered":"Hist\u00f2ria"},"content":{"rendered":"<p><b>L&#8217;Escola Miquel Mart\u00ed i Pol <\/b>va n\u00e9ixer el curs 2000-2001 al centre urb\u00e0 de Lli\u00e7\u00e0 d&#8217;Amunt producte del creixement demogr\u00e0fic d&#8217;aquells anys. Va sorgir del desglossament de l&#8217;escola San Baldiri i va comen\u00e7ar essent un centre petit amb nom\u00e9s 11 grups. Va estar ubicat a un edifici municipal del carrer Folch i Torres al centre urb\u00e0 de Lli\u00e7\u00e0 d&#8217;Amunt fins l&#8217;any 2005.<\/p>\n<figure class=\"figure wp-caption aligncenter\"><a href=\"https:\/\/agora.xtec.cat\/iemiquelmartipol\/\/wp-content\/uploads\/usu711\/2020\/12\/IMG_20201202_110129_1.jpg\"><img loading=\"lazy\" decoding=\"async\" class=\"wp-image-703\" src=\"https:\/\/agora.xtec.cat\/iemiquelmartipol\/\/wp-content\/uploads\/usu711\/2020\/12\/IMG_20201202_110129_1-1024x701.jpg\" alt=\"\" width=\"627\" height=\"429\" srcset=\"https:\/\/agora.xtec.cat\/iemiquelmartipol\/wp-content\/uploads\/usu711\/2020\/12\/IMG_20201202_110129_1-1024x701.jpg 1024w, https:\/\/agora.xtec.cat\/iemiquelmartipol\/wp-content\/uploads\/usu711\/2020\/12\/IMG_20201202_110129_1-300x205.jpg 300w, https:\/\/agora.xtec.cat\/iemiquelmartipol\/wp-content\/uploads\/usu711\/2020\/12\/IMG_20201202_110129_1-768x526.jpg 768w\" sizes=\"auto, (max-width: 627px) 100vw, 627px\" \/><\/a><figcaption class=\"wp-caption-text\"><em>Carta de resposta del poeta al primer director del centre.<\/em><\/figcaption><\/figure>\n<figure class=\"figure wp-caption alignleft\"><a href=\"https:\/\/agora.xtec.cat\/iemiquelmartipol\/\/wp-content\/uploads\/usu711\/2020\/12\/IMG_20201202_110317.jpg\"><img loading=\"lazy\" decoding=\"async\" class=\"wp-image-704\" src=\"https:\/\/agora.xtec.cat\/iemiquelmartipol\/\/wp-content\/uploads\/usu711\/2020\/12\/IMG_20201202_110317-637x1024.jpg\" alt=\"\" width=\"459\" height=\"738\" srcset=\"https:\/\/agora.xtec.cat\/iemiquelmartipol\/wp-content\/uploads\/usu711\/2020\/12\/IMG_20201202_110317-637x1024.jpg 637w, https:\/\/agora.xtec.cat\/iemiquelmartipol\/wp-content\/uploads\/usu711\/2020\/12\/IMG_20201202_110317-187x300.jpg 187w, https:\/\/agora.xtec.cat\/iemiquelmartipol\/wp-content\/uploads\/usu711\/2020\/12\/IMG_20201202_110317-768x1235.jpg 768w\" sizes=\"auto, (max-width: 459px) 100vw, 459px\" \/><\/a><figcaption class=\"wp-caption-text\"><em>Foto de Miquel Mart\u00ed i Pol el dia de la inauguraci\u00f3 de l&#8217;escola.<\/em><\/figcaption><\/figure>\n<figure class=\"figure wp-caption alignright\"><img loading=\"lazy\" decoding=\"async\" class=\"wp-image-706\" src=\"https:\/\/agora.xtec.cat\/iemiquelmartipol\/\/wp-content\/uploads\/usu711\/2020\/12\/IMG_20201202_110429_1_opt.jpg\" alt=\"\" width=\"550\" height=\"735\" srcset=\"https:\/\/agora.xtec.cat\/iemiquelmartipol\/wp-content\/uploads\/usu711\/2020\/12\/IMG_20201202_110429_1_opt.jpg 400w, https:\/\/agora.xtec.cat\/iemiquelmartipol\/wp-content\/uploads\/usu711\/2020\/12\/IMG_20201202_110429_1_opt-224x300.jpg 224w\" sizes=\"auto, (max-width: 550px) 100vw, 550px\" \/><figcaption class=\"wp-caption-text\"><em>Carta del poeta a l&#8217;escola.<\/em><\/figcaption><\/figure>\n<p>&nbsp;<\/p>\n<p>&nbsp;<\/p>\n<p>&nbsp;<\/p>\n<p>&nbsp;<\/p>\n<p>&nbsp;<\/p>\n<p>&nbsp;<\/p>\n<p>&nbsp;<\/p>\n<p>&nbsp;<\/p>\n<p>&nbsp;<\/p>\n<p>&nbsp;<\/p>\n<p>&nbsp;<\/p>\n<p>&nbsp;<\/p>\n<p>&nbsp;<\/p>\n<p>&nbsp;<\/p>\n<p>&nbsp;<\/p>\n<p>&nbsp;<\/p>\n<p>&nbsp;<\/p>\n<p style=\"text-align: left;\"><em>\u00a0 \u00a0 \u00a0 \u00a0 \u00a0<\/em><\/p>\n<p>&nbsp;<\/p>\n<figure class=\"figure wp-caption aligncenter\"><a href=\"https:\/\/agora.xtec.cat\/iemiquelmartipol\/\/wp-content\/uploads\/usu711\/2020\/12\/IMG_20201202_110643_opt.jpg\"><img loading=\"lazy\" decoding=\"async\" class=\"wp-image-707\" src=\"https:\/\/agora.xtec.cat\/iemiquelmartipol\/\/wp-content\/uploads\/usu711\/2020\/12\/IMG_20201202_110643_opt.jpg\" alt=\"\" width=\"465\" height=\"518\" srcset=\"https:\/\/agora.xtec.cat\/iemiquelmartipol\/wp-content\/uploads\/usu711\/2020\/12\/IMG_20201202_110643_opt.jpg 400w, https:\/\/agora.xtec.cat\/iemiquelmartipol\/wp-content\/uploads\/usu711\/2020\/12\/IMG_20201202_110643_opt-269x300.jpg 269w\" sizes=\"auto, (max-width: 465px) 100vw, 465px\" \/><\/a><figcaption class=\"wp-caption-text\"><em>Placa commemorativa.<\/em><\/figcaption><\/figure>\n<p>&nbsp;<\/p>\n<p>El curs 2005-2006 \u00e9s va inaugurar el aquest edifici a la urbanitzaci\u00f3 de Can Roure. Al traslladar-se al nou centre situat entre diverses urbanitzacions de les afores del poble, va haver un increment d&#8217;alumnat. El curs 2011-2012 l&#8217;escola va arribar a tenir un total de 20 grups amb 449 alumnes i 33 mestres. A partir d&#8217;aquell curs ha anat disminuint la matr\u00edcula a causa de la estabilitzaci\u00f3 del creixement demogr\u00e0fic a Lli\u00e7\u00e0.<\/p>\n<p>&nbsp;<\/p>\n<figure class=\"figure wp-caption alignleft\"><a href=\"https:\/\/agora.xtec.cat\/iemiquelmartipol\/\/wp-content\/uploads\/usu711\/2017\/02\/FOTO-ESCOLA.jpg\"><img loading=\"lazy\" decoding=\"async\" class=\"wp-image-196\" src=\"https:\/\/agora.xtec.cat\/iemiquelmartipol\/\/wp-content\/uploads\/usu711\/2017\/02\/FOTO-ESCOLA-1024x683.jpg\" alt=\"\" width=\"527\" height=\"351\" srcset=\"https:\/\/agora.xtec.cat\/iemiquelmartipol\/wp-content\/uploads\/usu711\/2017\/02\/FOTO-ESCOLA-1024x683.jpg 1024w, https:\/\/agora.xtec.cat\/iemiquelmartipol\/wp-content\/uploads\/usu711\/2017\/02\/FOTO-ESCOLA-300x200.jpg 300w, https:\/\/agora.xtec.cat\/iemiquelmartipol\/wp-content\/uploads\/usu711\/2017\/02\/FOTO-ESCOLA-768x512.jpg 768w\" sizes=\"auto, (max-width: 527px) 100vw, 527px\" \/><\/a><figcaption class=\"wp-caption-text\"><em>Foto de la fa\u00e7ana.<\/em><\/figcaption><\/figure>\n<p>&nbsp;<\/p>\n<figure class=\"figure wp-caption alignnone\"><a href=\"https:\/\/agora.xtec.cat\/iemiquelmartipol\/\/wp-content\/uploads\/usu711\/2020\/12\/DJI_0105_opt.jpg\"><img loading=\"lazy\" decoding=\"async\" class=\"wp-image-709\" src=\"https:\/\/agora.xtec.cat\/iemiquelmartipol\/\/wp-content\/uploads\/usu711\/2020\/12\/DJI_0105_opt.jpg\" alt=\"\" width=\"527\" height=\"395\" srcset=\"https:\/\/agora.xtec.cat\/iemiquelmartipol\/wp-content\/uploads\/usu711\/2020\/12\/DJI_0105_opt.jpg 400w, https:\/\/agora.xtec.cat\/iemiquelmartipol\/wp-content\/uploads\/usu711\/2020\/12\/DJI_0105_opt-300x225.jpg 300w, https:\/\/agora.xtec.cat\/iemiquelmartipol\/wp-content\/uploads\/usu711\/2020\/12\/DJI_0105_opt-200x150.jpg 200w\" sizes=\"auto, (max-width: 527px) 100vw, 527px\" \/><\/a><figcaption class=\"wp-caption-text\"><em>Foto a\u00e8ria.<\/em><\/figcaption><\/figure>\n<p>&nbsp;<\/p>\n<p>El curs 2020-2021 es va celebrar el 20\u00e8 aniversari de l&#8217;escola, amb la not\u00edcia de que hi havia un projecte per al nostre centre: passar\u00edem a ser Institut Escola.<\/p>\n<p><img loading=\"lazy\" decoding=\"async\" class=\"aligncenter size-full wp-image-3912\" src=\"https:\/\/agora.xtec.cat\/iemiquelmartipol\/wp-content\/uploads\/usu711\/2025\/11\/pano.jpg\" alt=\"\" width=\"2048\" height=\"1057\" srcset=\"https:\/\/agora.xtec.cat\/iemiquelmartipol\/wp-content\/uploads\/usu711\/2025\/11\/pano.jpg 2048w, https:\/\/agora.xtec.cat\/iemiquelmartipol\/wp-content\/uploads\/usu711\/2025\/11\/pano-300x155.jpg 300w, https:\/\/agora.xtec.cat\/iemiquelmartipol\/wp-content\/uploads\/usu711\/2025\/11\/pano-1024x529.jpg 1024w, https:\/\/agora.xtec.cat\/iemiquelmartipol\/wp-content\/uploads\/usu711\/2025\/11\/pano-768x396.jpg 768w, https:\/\/agora.xtec.cat\/iemiquelmartipol\/wp-content\/uploads\/usu711\/2025\/11\/pano-1536x793.jpg 1536w\" sizes=\"auto, (max-width: 2048px) 100vw, 2048px\" \/><\/p>\n<pre><em>Mural commemoratiu del Joan Turu al pati de prim\u00e0ria.\r\n\r\n\r\n<\/em><\/pre>\n<p>El curs 2022-2023 arrenca amb la nova titularitat: Institut Escola Miquel Mart\u00ed i Pol. El Projecte Educatiu de l\u2019institut escola s\u2019ha dissenyat a partir de la fusi\u00f3 d\u2019acord amb el projectes educatius vigents de l\u2019escola Miquel Mart\u00ed i Pol i l\u2019institut Hip\u00e0tia d\u2019Alexandria.<\/p>\n<p>El divendres 10 de febrer de 2023 es posa la primera pedra del nou edifici de secund\u00e0ria amb la presencia del conseller d&#8217;educaci\u00f3 Josep Gonzalez Cambray.<\/p>\n<p><img loading=\"lazy\" decoding=\"async\" class=\"aligncenter size-full wp-image-4070\" src=\"https:\/\/agora.xtec.cat\/iemiquelmartipol\/wp-content\/uploads\/usu711\/2026\/02\/Noticia-primera-pedra.jpg\" alt=\"\" width=\"299\" height=\"386\" srcset=\"https:\/\/agora.xtec.cat\/iemiquelmartipol\/wp-content\/uploads\/usu711\/2026\/02\/Noticia-primera-pedra.jpg 299w, https:\/\/agora.xtec.cat\/iemiquelmartipol\/wp-content\/uploads\/usu711\/2026\/02\/Noticia-primera-pedra-232x300.jpg 232w\" sizes=\"auto, (max-width: 299px) 100vw, 299px\" \/><\/p>\n<p>&nbsp;<\/p>\n<p>El divendres 17 de juny s&#8217;inaugura de manera oficial el nou edifici de l&#8217;institut escola amb la presencia de la consellera d&#8217;educaci\u00f3 Esther Niub\u00f3.<\/p>\n<p><img loading=\"lazy\" decoding=\"async\" class=\"aligncenter size-full wp-image-4072\" src=\"https:\/\/agora.xtec.cat\/iemiquelmartipol\/wp-content\/uploads\/usu711\/2026\/02\/Noticia-inauguracio.jpg\" alt=\"\" width=\"737\" height=\"391\" srcset=\"https:\/\/agora.xtec.cat\/iemiquelmartipol\/wp-content\/uploads\/usu711\/2026\/02\/Noticia-inauguracio.jpg 737w, https:\/\/agora.xtec.cat\/iemiquelmartipol\/wp-content\/uploads\/usu711\/2026\/02\/Noticia-inauguracio-300x159.jpg 300w\" sizes=\"auto, (max-width: 737px) 100vw, 737px\" \/><\/p>\n<p>&nbsp;<\/p>\n<p><img loading=\"lazy\" decoding=\"async\" class=\"wp-image-3825 alignleft\" src=\"https:\/\/agora.xtec.cat\/iemiquelmartipol\/wp-content\/uploads\/usu711\/2025\/09\/logo-e1759155548391.jpg\" alt=\"\" width=\"200\" height=\"141\" \/><\/p>\n<p>Aquest logotip representa visualment l\u2019ess\u00e8ncia de l&#8217;Institut Escola Miquel Mart\u00ed i Pol. La silueta del centre educatiu destaca com a element central i identitari, connectant directament amb l&#8217;entorn f\u00edsic i emocional de la comunitat escolar. A sota, tres cercles de diferents mides i colors simbolitzen les etapes educatives: el\u00a0<strong>cercle lila<\/strong>, petit, representa l\u2019<strong>educaci\u00f3\u00a0infantil<\/strong>; el\u00a0<strong>cercle mitj\u00e0<\/strong>, blau, fa refer\u00e8ncia a l\u2019<strong>educaci\u00f3\u00a0prim\u00e0ria<\/strong>; i el cercle gran,\u00a0<strong>verd<\/strong>, simbolitza l\u2019<strong>educaci\u00f3 secund\u00e0ria<\/strong>.<\/p>\n<p>&nbsp;<\/p>\n<pre><em>Logo institut escola.\r\n\r\n<\/em><\/pre>\n<p>Aquesta composici\u00f3 transmet la\u00a0<strong>idea de creixement i continu\u00eftat<\/strong>, reflectint el\u00a0<strong>pas de l&#8217;alumnat per les diferents etapes<\/strong>\u00a0dins d&#8217;un\u00a0<strong>mateix projecte educatiu<\/strong>. L\u2019<strong>\u00fas de colors vius i equilibrats refor\u00e7a valors com la diversitat, l\u2019energia i el comprom\u00eds amb una educaci\u00f3 integral i cohesionada.<\/strong>&#8221;<\/p>\n<p><em><img loading=\"lazy\" decoding=\"async\" class=\"aligncenter size-full wp-image-4071\" src=\"https:\/\/agora.xtec.cat\/iemiquelmartipol\/wp-content\/uploads\/usu711\/2026\/02\/noticia-cap-gros.jpg\" alt=\"\" width=\"758\" height=\"390\" srcset=\"https:\/\/agora.xtec.cat\/iemiquelmartipol\/wp-content\/uploads\/usu711\/2026\/02\/noticia-cap-gros.jpg 758w, https:\/\/agora.xtec.cat\/iemiquelmartipol\/wp-content\/uploads\/usu711\/2026\/02\/noticia-cap-gros-300x154.jpg 300w\" sizes=\"auto, (max-width: 758px) 100vw, 758px\" \/><\/em><\/p>\n<p>&nbsp;<\/p>\n<p>&nbsp;<\/p>\n<p>&nbsp;<\/p>\n<p>&nbsp;<\/p>\n","protected":false},"excerpt":{"rendered":"<p>L&#8217;Escola Miquel Mart\u00ed i Pol va n\u00e9ixer el curs 2000-2001 al centre urb\u00e0 de Lli\u00e7\u00e0 d&#8217;Amunt producte del creixement demogr\u00e0fic d&#8217;aquells anys. Va sorgir del desglossament de l&#8217;escola San Baldiri i va comen\u00e7ar essent un centre petit amb nom\u00e9s 11 grups. Va estar ubicat a&hellip;  <a href=\"https:\/\/agora.xtec.cat\/iemiquelmartipol\/lescola\/historia\/\" title=\"Read Hist\u00f2ria\">Llegeix m\u00e9s\u00bb<\/a><\/p>\n","protected":false},"author":1,"featured_media":0,"parent":22,"menu_order":20,"comment_status":"closed","ping_status":"closed","template":"page-templates\/side-menu.php","meta":{"_bbp_topic_count":0,"_bbp_reply_count":0,"_bbp_total_topic_count":0,"_bbp_total_reply_count":0,"_bbp_voice_count":0,"_bbp_anonymous_reply_count":0,"_bbp_topic_count_hidden":0,"_bbp_reply_count_hidden":0,"_bbp_forum_subforum_count":0,"footnotes":""},"class_list":["post-26","page","type-page","status-publish","hentry"],"post_mailing_queue_ids":[],"_links":{"self":[{"href":"https:\/\/agora.xtec.cat\/iemiquelmartipol\/wp-json\/wp\/v2\/pages\/26","targetHints":{"allow":["GET"]}}],"collection":[{"href":"https:\/\/agora.xtec.cat\/iemiquelmartipol\/wp-json\/wp\/v2\/pages"}],"about":[{"href":"https:\/\/agora.xtec.cat\/iemiquelmartipol\/wp-json\/wp\/v2\/types\/page"}],"author":[{"embeddable":true,"href":"https:\/\/agora.xtec.cat\/iemiquelmartipol\/wp-json\/wp\/v2\/users\/1"}],"replies":[{"embeddable":true,"href":"https:\/\/agora.xtec.cat\/iemiquelmartipol\/wp-json\/wp\/v2\/comments?post=26"}],"version-history":[{"count":8,"href":"https:\/\/agora.xtec.cat\/iemiquelmartipol\/wp-json\/wp\/v2\/pages\/26\/revisions"}],"predecessor-version":[{"id":4073,"href":"https:\/\/agora.xtec.cat\/iemiquelmartipol\/wp-json\/wp\/v2\/pages\/26\/revisions\/4073"}],"up":[{"embeddable":true,"href":"https:\/\/agora.xtec.cat\/iemiquelmartipol\/wp-json\/wp\/v2\/pages\/22"}],"wp:attachment":[{"href":"https:\/\/agora.xtec.cat\/iemiquelmartipol\/wp-json\/wp\/v2\/media?parent=26"}],"curies":[{"name":"wp","href":"https:\/\/api.w.org\/{rel}","templated":true}]}}