{"id":7366,"date":"2022-06-27T12:51:22","date_gmt":"2022-06-27T10:51:22","guid":{"rendered":"https:\/\/agora.xtec.cat\/iemediterranicampclar\/?page_id=7366"},"modified":"2024-08-03T11:32:09","modified_gmt":"2024-08-03T09:32:09","slug":"edc-diagnostic","status":"publish","type":"page","link":"https:\/\/agora.xtec.cat\/iemediterranicampclar\/documents-de-centre\/edc-estrategia-digital-de-centre\/edc-diagnostic\/","title":{"rendered":"EDC &#8211; Diagnosi"},"content":{"rendered":"<h2 style=\"text-align: center;\"><span style=\"color: #666699;\">PROC\u00c9S<\/span><\/h2>\n<p>El curs 2021-2022 hem iniciat l&#8217;elaboraci\u00f3 de la nostra estrat\u00e8gia digital docent. Al llarg del curs s&#8217;ha fet una recollida de dades buscant que fos representativa de totes les persones que formem part de la nostra comunitat d&#8217;aprenentatge. Per aix\u00f2, s&#8217;han fet les seg\u00fcents accions:<\/p>\n<p>&#8211; Q\u00fcestionari SELFIE dirigit a l&#8217;alumnat d&#8217;educaci\u00f3 prim\u00e0ria i secund\u00e0ria.<br \/>\n&#8211; Q\u00fcestionari SELFIE als docents.<br \/>\n&#8211; Q\u00fcestionari i entrevistes fam\u00edlies de cada curs i etapa.<\/p>\n<h2 style=\"text-align: center;\"><span style=\"color: #666699;\">RESULTATS<\/span><\/h2>\n<p><a href=\"https:\/\/agora.xtec.cat\/iemediterranicampclar\/wp-content\/uploads\/usu1772\/2022\/06\/Punts-forts-Estrategia-Digital-de-centre.png\"><img loading=\"lazy\" decoding=\"async\" class=\"aligncenter size-large wp-image-7427\" src=\"https:\/\/agora.xtec.cat\/iemediterranicampclar\/wp-content\/uploads\/usu1772\/2022\/06\/Punts-forts-Estrategia-Digital-de-centre-1024x576.png\" alt=\"Punts forts\" width=\"1024\" height=\"576\" srcset=\"https:\/\/agora.xtec.cat\/iemediterranicampclar\/wp-content\/uploads\/usu1772\/2022\/06\/Punts-forts-Estrategia-Digital-de-centre-1024x576.png 1024w, https:\/\/agora.xtec.cat\/iemediterranicampclar\/wp-content\/uploads\/usu1772\/2022\/06\/Punts-forts-Estrategia-Digital-de-centre-300x169.png 300w, https:\/\/agora.xtec.cat\/iemediterranicampclar\/wp-content\/uploads\/usu1772\/2022\/06\/Punts-forts-Estrategia-Digital-de-centre-768x432.png 768w, https:\/\/agora.xtec.cat\/iemediterranicampclar\/wp-content\/uploads\/usu1772\/2022\/06\/Punts-forts-Estrategia-Digital-de-centre-1536x864.png 1536w, https:\/\/agora.xtec.cat\/iemediterranicampclar\/wp-content\/uploads\/usu1772\/2022\/06\/Punts-forts-Estrategia-Digital-de-centre.png 1920w\" sizes=\"auto, (max-width: 1024px) 100vw, 1024px\" \/><\/a><\/p>\n<p>&nbsp;<\/p>\n<p>&nbsp;<\/p>\n","protected":false},"excerpt":{"rendered":"<p>PROC\u00c9S<br \/>\nEl curs 2021-2022 hem iniciat l&#8217;elaboraci\u00f3 de la nostra estrat\u00e8gia digital docent. Al llarg del curs s&#8217;ha fet una recollida de dades buscant que fos representativa de totes les persones que formem part de la nostra comunitat d&#8217;aprenentatge. Per aix\u00f2, s&#8217;han fet les seg\u00fcents accions:<br \/>\n&#8211;&hellip;  <a href=\"https:\/\/agora.xtec.cat\/iemediterranicampclar\/documents-de-centre\/edc-estrategia-digital-de-centre\/edc-diagnostic\/\" title=\"Read EDC &#8211; Diagnosi\">Llegeix m\u00e9s\u00bb<\/a><\/p>\n","protected":false},"author":29,"featured_media":0,"parent":7360,"menu_order":0,"comment_status":"closed","ping_status":"closed","template":"","meta":{"_bbp_topic_count":0,"_bbp_reply_count":0,"_bbp_total_topic_count":0,"_bbp_total_reply_count":0,"_bbp_voice_count":0,"_bbp_anonymous_reply_count":0,"_bbp_topic_count_hidden":0,"_bbp_reply_count_hidden":0,"_bbp_forum_subforum_count":0,"footnotes":""},"class_list":["post-7366","page","type-page","status-publish","hentry"],"post_mailing_queue_ids":[],"_links":{"self":[{"href":"https:\/\/agora.xtec.cat\/iemediterranicampclar\/wp-json\/wp\/v2\/pages\/7366","targetHints":{"allow":["GET"]}}],"collection":[{"href":"https:\/\/agora.xtec.cat\/iemediterranicampclar\/wp-json\/wp\/v2\/pages"}],"about":[{"href":"https:\/\/agora.xtec.cat\/iemediterranicampclar\/wp-json\/wp\/v2\/types\/page"}],"author":[{"embeddable":true,"href":"https:\/\/agora.xtec.cat\/iemediterranicampclar\/wp-json\/wp\/v2\/users\/29"}],"replies":[{"embeddable":true,"href":"https:\/\/agora.xtec.cat\/iemediterranicampclar\/wp-json\/wp\/v2\/comments?post=7366"}],"version-history":[{"count":3,"href":"https:\/\/agora.xtec.cat\/iemediterranicampclar\/wp-json\/wp\/v2\/pages\/7366\/revisions"}],"predecessor-version":[{"id":8271,"href":"https:\/\/agora.xtec.cat\/iemediterranicampclar\/wp-json\/wp\/v2\/pages\/7366\/revisions\/8271"}],"up":[{"embeddable":true,"href":"https:\/\/agora.xtec.cat\/iemediterranicampclar\/wp-json\/wp\/v2\/pages\/7360"}],"wp:attachment":[{"href":"https:\/\/agora.xtec.cat\/iemediterranicampclar\/wp-json\/wp\/v2\/media?parent=7366"}],"curies":[{"name":"wp","href":"https:\/\/api.w.org\/{rel}","templated":true}]}}