{"id":1304,"date":"2019-03-21T22:34:20","date_gmt":"2019-03-21T21:34:20","guid":{"rendered":"http:\/\/agora.xtec.cat\/iemediterranicampclar\/?page_id=1304"},"modified":"2019-11-13T19:30:42","modified_gmt":"2019-11-13T18:30:42","slug":"norma-de-centre","status":"publish","type":"page","link":"https:\/\/agora.xtec.cat\/iemediterranicampclar\/comunitats-daprenentatge\/model-dialogic-de-prevencio-i-solucio-de-conflictes\/norma-de-centre\/","title":{"rendered":"Norma de centre"},"content":{"rendered":"<p>&nbsp;<\/p>\n<table style=\"border-collapse: collapse; width: 100%;\" border=\"0\">\n<tbody>\n<tr>\n<td style=\"width: 100%; text-align: center;\">\n<p style=\"margin: 12px auto 6px auto; font-family: Helvetica,Arial,Sans-serif; font-style: normal; font-variant: normal; font-weight: normal; font-size: 14px; line-height: normal; font-size-adjust: none; font-stretch: normal; -x-system-font: none; display: block;\"><a style=\"text-decoration: underline;\" title=\"View Creaci\u00f3 Norma de Centre on Scribd\" href=\"https:\/\/www.scribd.com\/document\/402927207\/Creacio-Norma-de-Centre#from_embed\">Creaci\u00f3 Norma de Centre<\/a> by <a style=\"text-decoration: underline;\" title=\"View escolamediterrani's profile on Scribd\" href=\"https:\/\/www.scribd.com\/user\/122661670\/escolamediterrani#from_embed\">escolamediterrani<\/a> on Scribd<\/p>\n<p><iframe loading=\"lazy\" id=\"doc_18632\" class=\"scribd_iframe_embed\" title=\"Creaci\u00f3 Norma de Centre\" src=\"https:\/\/www.scribd.com\/embeds\/402927207\/content?start_page=1&amp;view_mode=scroll&amp;access_key=key-jiOleH8Y2AZ7QAW1l5Hd&amp;show_recommendations=true\" width=\"600\" height=\"800\" frameborder=\"0\" scrolling=\"no\" data-auto-height=\"false\" data-aspect-ratio=\"1.3323485967503692\"><\/iframe><\/td>\n<\/tr>\n<\/tbody>\n<\/table>\n<h4 style=\"text-align: center;\">\u00a0V\u00eddeo on es veu com cada classe presenta la Norma de Centre<\/h4>\n<p style=\"text-align: center;\"><a href=\"https:\/\/photos.google.com\/share\/AF1QipP28JYnvi43LEge1-hrJgngz59dCsFWq2I9rgrzPcWfddP8qv-R8Q-q3jtWGz4txA\/photo\/AF1QipMN_stck8dtKTqfIDvOhDReF5yp_tvoJmSu_Dis?key=N3BZRThMazEzdnl4V2NDa0IzSHp6RlJxcFQtb0F3\" target=\"_blank\" rel=\"noopener noreferrer\"><img loading=\"lazy\" decoding=\"async\" class=\"aligncenter wp-image-1095\" src=\"https:\/\/agora.xtec.cat\/iemediterranicampclar\/wp-content\/uploads\/usu1772\/2018\/11\/IMG_1617-1024x657.jpg\" alt=\"\" width=\"511\" height=\"328\" srcset=\"https:\/\/agora.xtec.cat\/iemediterranicampclar\/wp-content\/uploads\/usu1772\/2018\/11\/IMG_1617-1024x657.jpg 1024w, https:\/\/agora.xtec.cat\/iemediterranicampclar\/wp-content\/uploads\/usu1772\/2018\/11\/IMG_1617-300x193.jpg 300w, https:\/\/agora.xtec.cat\/iemediterranicampclar\/wp-content\/uploads\/usu1772\/2018\/11\/IMG_1617-768x493.jpg 768w, https:\/\/agora.xtec.cat\/iemediterranicampclar\/wp-content\/uploads\/usu1772\/2018\/11\/IMG_1617.jpg 1536w\" sizes=\"auto, (max-width: 511px) 100vw, 511px\" \/><\/a><\/p>\n<h4>Assemblees de delegats.<\/h4>\n<p style=\"text-align: left;\">Els dilluns a la tarda hem portat a terme les Assemblees de delegats.<\/p>\n<p style=\"text-align: left;\">En aquestes participen els delegats de Prim\u00e0ria i Secund\u00e0ria, i hem estat treballant la norma de centre. Vam elaborar un Dec\u00e0leg entre tots, que despr\u00e9s van explicar a les classes.<\/p>\n<p style=\"text-align: left;\">I, finalment, el van traslladar i explicar a la Comissi\u00f3 Mixta d&#8217;Aprenentatge.<\/p>\n<table style=\"height: 541px; width: 907px;\" width=\"1286\">\n<tbody>\n<tr>\n<td style=\"width: 393.5px; text-align: center;\"><iframe loading=\"lazy\" class=\"giphy-embed\" src=\"https:\/\/giphy.com\/embed\/hSG59D2V4ktVZMX3Hi\" width=\"320\" height=\"460\" frameborder=\"0\" allowfullscreen=\"allowfullscreen\"><\/iframe><\/p>\n<p>&nbsp;<\/p>\n<p>&nbsp;<\/td>\n<td style=\"width: 505.5px; text-align: center;\"><iframe loading=\"lazy\" class=\"giphy-embed\" src=\"https:\/\/giphy.com\/embed\/YlG8Iykhay2jhvjNCC\" width=\"460\" height=\"300 \" frameborder=\"0\" allowfullscreen=\"allowfullscreen\"><span style=\"display: inline-block; width: 0px; overflow: hidden; line-height: 0;\" data-mce-type=\"bookmark\" class=\"mce_SELRES_start\">\ufeff<\/span><\/iframe><\/p>\n<p>&nbsp;<\/td>\n<\/tr>\n<\/tbody>\n<\/table>\n<p>&nbsp;<\/p>\n","protected":false},"excerpt":{"rendered":"<p>&nbsp;<\/p>\n<p><a style=\"text-decoration: underline;\" title=\"View Creaci\u00f3 Norma de Centre on Scribd\" href=\"https:\/\/www.scribd.com\/document\/402927207\/Creacio-Norma-de-Centre#from_embed\">Creaci\u00f3 Norma de Centre<\/a> by <a style=\"text-decoration: underline;\" title=\"View escolamediterrani's profile on Scribd\" href=\"https:\/\/www.scribd.com\/user\/122661670\/escolamediterrani#from_embed\">escolamediterrani<\/a> on Scribd<\/p>\n<p>\u00a0V\u00eddeo on es veu com cada classe presenta la Norma de Centre<br \/>\n<a href=\"https:\/\/photos.google.com\/share\/AF1QipP28JYnvi43LEge1-hrJgngz59dCsFWq2I9rgrzPcWfddP8qv-R8Q-q3jtWGz4txA\/photo\/AF1QipMN_stck8dtKTqfIDvOhDReF5yp_tvoJmSu_Dis?key=N3BZRThMazEzdnl4V2NDa0IzSHp6RlJxcFQtb0F3\" target=\"_blank\" rel=\"noopener noreferrer\"><\/a><br \/>\nAssemblees de delegats.<br \/>\nEls dilluns a&hellip;  <a href=\"https:\/\/agora.xtec.cat\/iemediterranicampclar\/comunitats-daprenentatge\/model-dialogic-de-prevencio-i-solucio-de-conflictes\/norma-de-centre\/\" title=\"Read Norma de centre\">Llegeix m\u00e9s\u00bb<\/a><\/p>\n","protected":false},"author":1,"featured_media":0,"parent":1303,"menu_order":0,"comment_status":"closed","ping_status":"closed","template":"page-templates\/side-menu.php","meta":{"_bbp_topic_count":0,"_bbp_reply_count":0,"_bbp_total_topic_count":0,"_bbp_total_reply_count":0,"_bbp_voice_count":0,"_bbp_anonymous_reply_count":0,"_bbp_topic_count_hidden":0,"_bbp_reply_count_hidden":0,"_bbp_forum_subforum_count":0,"footnotes":""},"class_list":["post-1304","page","type-page","status-publish","hentry"],"post_mailing_queue_ids":[],"_links":{"self":[{"href":"https:\/\/agora.xtec.cat\/iemediterranicampclar\/wp-json\/wp\/v2\/pages\/1304","targetHints":{"allow":["GET"]}}],"collection":[{"href":"https:\/\/agora.xtec.cat\/iemediterranicampclar\/wp-json\/wp\/v2\/pages"}],"about":[{"href":"https:\/\/agora.xtec.cat\/iemediterranicampclar\/wp-json\/wp\/v2\/types\/page"}],"author":[{"embeddable":true,"href":"https:\/\/agora.xtec.cat\/iemediterranicampclar\/wp-json\/wp\/v2\/users\/1"}],"replies":[{"embeddable":true,"href":"https:\/\/agora.xtec.cat\/iemediterranicampclar\/wp-json\/wp\/v2\/comments?post=1304"}],"version-history":[{"count":3,"href":"https:\/\/agora.xtec.cat\/iemediterranicampclar\/wp-json\/wp\/v2\/pages\/1304\/revisions"}],"predecessor-version":[{"id":1369,"href":"https:\/\/agora.xtec.cat\/iemediterranicampclar\/wp-json\/wp\/v2\/pages\/1304\/revisions\/1369"}],"up":[{"embeddable":true,"href":"https:\/\/agora.xtec.cat\/iemediterranicampclar\/wp-json\/wp\/v2\/pages\/1303"}],"wp:attachment":[{"href":"https:\/\/agora.xtec.cat\/iemediterranicampclar\/wp-json\/wp\/v2\/media?parent=1304"}],"curies":[{"name":"wp","href":"https:\/\/api.w.org\/{rel}","templated":true}]}}