{"id":1302,"date":"2019-03-21T22:34:19","date_gmt":"2019-03-21T21:34:19","guid":{"rendered":"http:\/\/agora.xtec.cat\/iemediterranicampclar\/?page_id=1302"},"modified":"2019-10-02T11:39:47","modified_gmt":"2019-10-02T09:39:47","slug":"formacio-de-familiars","status":"publish","type":"page","link":"https:\/\/agora.xtec.cat\/iemediterranicampclar\/comunitats-daprenentatge\/formacio-de-familiars\/","title":{"rendered":"Formaci\u00f3 de Familiars"},"content":{"rendered":"<p style=\"text-align: center;\">\n<p  style=\" margin: 12px auto 6px auto; font-family: Helvetica,Arial,Sans-serif; font-style: normal; font-variant: normal; font-weight: normal; font-size: 14px; line-height: normal; font-size-adjust: none; font-stretch: normal; -x-system-font: none; display: block;\">   <a title=\"View Formaci\u00f3 Familiars on Scribd\" href=\"https:\/\/www.scribd.com\/document\/428406410\/Formacio-Familiars#from_embed\"  style=\"text-decoration: underline;\" >Formaci\u00f3 Familiars<\/a> by <a title=\"View Institutescolamediterrani's profile on Scribd\" href=\"https:\/\/www.scribd.com\/user\/122661670\/Institutescolamediterrani#from_embed\"  style=\"text-decoration: underline;\" >Institutescolamediterrani<\/a> on Scribd<\/p>\n<p><iframe loading=\"lazy\" class=\"scribd_iframe_embed\" title=\"Formaci\u00f3 Familiars\" src=\"https:\/\/www.scribd.com\/embeds\/428406410\/content?start_page=1&#038;view_mode=scroll&#038;access_key=key-b8lSO5XTf13h9YpQKDqD&#038;show_recommendations=true\" data-auto-height=\"false\" data-aspect-ratio=\"1.3323485967503692\" scrolling=\"no\" id=\"doc_3499\" width=\"600\" height=\"800\" frameborder=\"0\"><\/iframe><br \/>\n<strong><span style=\"color: #000000;\">Formaci\u00f3 a les fam\u00edlies, que augmenta la confian\u00e7a a l\u2019escola i en el professorat. T\u00e9 els seg\u00fcents avantatges: major comprensi\u00f3 de la labor que desenvolupa el professorat, l\u2019alumnat sent que es preocupen d\u2019ells, hi ha m\u00e9s acostament amb les fam\u00edlies d\u2019altres cultures, augmenta la toler\u00e0ncia i la comprensi\u00f3\u2026. I tot aix\u00f2 es tradueix en la millora dels resultats acad\u00e8mics.<\/span><\/strong><br \/>\n<strong><span style=\"color: #000000;\">Comentari que \u00e9s va fer a la Xerrada URV 16\/12\/13,<\/span><\/strong><br \/>\nWEB: <a class=\"ot-anchor aaTEdf\" dir=\"ltr\" href=\"https:\/\/comunitatlacanaleta.wordpress.com\/2013\/12\/21\/xerrada-urv-161213\/\" target=\"_blank\" rel=\"nofollow noopener noreferrer\">https:\/\/comunitatlacanaleta.wordpress.com\/2013\/12\/21\/xerrada-urv-161213\/<\/a><\/p>\n<p style=\"text-align: center;\"><iframe loading=\"lazy\" title=\"Formaci\u00f3 de fam\u00edlies\" width=\"500\" height=\"375\" src=\"https:\/\/www.youtube.com\/embed\/Lud0dJYkxK4?feature=oembed\" frameborder=\"0\" allow=\"accelerometer; autoplay; clipboard-write; encrypted-media; gyroscope; picture-in-picture; web-share\" referrerpolicy=\"strict-origin-when-cross-origin\" allowfullscreen><\/iframe><\/p>\n","protected":false},"excerpt":{"rendered":"<p>   <a title=\"View Formaci\u00f3 Familiars on Scribd\" href=\"https:\/\/www.scribd.com\/document\/428406410\/Formacio-Familiars#from_embed\"  style=\"text-decoration: underline;\" >Formaci\u00f3 Familiars<\/a> by <a title=\"View Institutescolamediterrani's profile on Scribd\" href=\"https:\/\/www.scribd.com\/user\/122661670\/Institutescolamediterrani#from_embed\"  style=\"text-decoration: underline;\" >Institutescolamediterrani<\/a> on Scribd<\/p>\n<p>Formaci\u00f3 a les fam\u00edlies, que augmenta la confian\u00e7a a l\u2019escola i en el professorat. T\u00e9 els seg\u00fcents&hellip;  <a href=\"https:\/\/agora.xtec.cat\/iemediterranicampclar\/comunitats-daprenentatge\/formacio-de-familiars\/\" title=\"Read Formaci\u00f3 de Familiars\">Llegeix m\u00e9s\u00bb<\/a><\/p>\n","protected":false},"author":1,"featured_media":0,"parent":1263,"menu_order":5,"comment_status":"closed","ping_status":"closed","template":"page-templates\/side-menu.php","meta":{"_bbp_topic_count":0,"_bbp_reply_count":0,"_bbp_total_topic_count":0,"_bbp_total_reply_count":0,"_bbp_voice_count":0,"_bbp_anonymous_reply_count":0,"_bbp_topic_count_hidden":0,"_bbp_reply_count_hidden":0,"_bbp_forum_subforum_count":0,"footnotes":""},"class_list":["post-1302","page","type-page","status-publish","hentry"],"post_mailing_queue_ids":[],"_links":{"self":[{"href":"https:\/\/agora.xtec.cat\/iemediterranicampclar\/wp-json\/wp\/v2\/pages\/1302","targetHints":{"allow":["GET"]}}],"collection":[{"href":"https:\/\/agora.xtec.cat\/iemediterranicampclar\/wp-json\/wp\/v2\/pages"}],"about":[{"href":"https:\/\/agora.xtec.cat\/iemediterranicampclar\/wp-json\/wp\/v2\/types\/page"}],"author":[{"embeddable":true,"href":"https:\/\/agora.xtec.cat\/iemediterranicampclar\/wp-json\/wp\/v2\/users\/1"}],"replies":[{"embeddable":true,"href":"https:\/\/agora.xtec.cat\/iemediterranicampclar\/wp-json\/wp\/v2\/comments?post=1302"}],"version-history":[{"count":4,"href":"https:\/\/agora.xtec.cat\/iemediterranicampclar\/wp-json\/wp\/v2\/pages\/1302\/revisions"}],"predecessor-version":[{"id":1680,"href":"https:\/\/agora.xtec.cat\/iemediterranicampclar\/wp-json\/wp\/v2\/pages\/1302\/revisions\/1680"}],"up":[{"embeddable":true,"href":"https:\/\/agora.xtec.cat\/iemediterranicampclar\/wp-json\/wp\/v2\/pages\/1263"}],"wp:attachment":[{"href":"https:\/\/agora.xtec.cat\/iemediterranicampclar\/wp-json\/wp\/v2\/media?parent=1302"}],"curies":[{"name":"wp","href":"https:\/\/api.w.org\/{rel}","templated":true}]}}