{"id":1278,"date":"2019-03-21T22:11:09","date_gmt":"2019-03-21T21:11:09","guid":{"rendered":"http:\/\/agora.xtec.cat\/iemediterranicampclar\/?page_id=1278"},"modified":"2021-12-03T11:06:26","modified_gmt":"2021-12-03T10:06:26","slug":"grups-interactius","status":"publish","type":"page","link":"https:\/\/agora.xtec.cat\/iemediterranicampclar\/comunitats-daprenentatge\/grups-interactius\/","title":{"rendered":"Grups Interactius"},"content":{"rendered":"<p>&nbsp;<\/p>\n<h1 style=\"text-align: center;\"><span style=\"color: #00ff00;\">GRUPS INTERACTIUS<\/span><\/h1>\n<p style=\"margin: 12px auto 6px; font: 14px Helvetica, Arial, sans-serif; display: block; text-align: center;\">En aquesta p\u00e0gina trobareu informaci\u00f3 sobre qu\u00e8 s\u00f3n i com treballem en grups interactius. Aqu\u00ed en teniu una mostra:<\/p>\n<p><iframe loading=\"lazy\" title=\"YouTube video player\" src=\"https:\/\/www.youtube.com\/embed\/cQR1F-TfVR0\" width=\"560\" height=\"315\" frameborder=\"0\" allowfullscreen=\"allowfullscreen\"><\/iframe><\/p>\n<p><a style=\"text-decoration: underline;\" title=\"View Grups Interactius on Scribd\" href=\"https:\/\/www.scribd.com\/document\/428407403\/Grups-Interactius#from_embed\">Grups Interactius<\/a> by <a style=\"text-decoration: underline;\" title=\"View Institutescolamediterrani's profile on Scribd\" href=\"https:\/\/www.scribd.com\/user\/122661670\/Institutescolamediterrani#from_embed\">Institutescolamediterrani<\/a> on Scribd<\/p>\n<p><iframe loading=\"lazy\" id=\"doc_35052\" class=\"scribd_iframe_embed\" title=\"Grups Interactius\" src=\"https:\/\/www.scribd.com\/embeds\/428407403\/content?start_page=1&amp;view_mode=scroll&amp;access_key=key-k1tKfKtjyJbuJ3EuRten&amp;show_recommendations=true\" width=\"600\" height=\"800\" frameborder=\"0\" scrolling=\"no\" data-auto-height=\"false\" data-aspect-ratio=\"1.3323485967503692\"><\/iframe><\/p>\n<p><strong><span style=\"color: #000000;\">Els Grups Interactius \u00e9s una forma d\u2019organitzar l\u2019aula en grups heterogenis que compten amb persones adultes volunt\u00e0ries de la comunitat. Aix\u00f2 fa que s\u2019accelerin els aprenentatges de tot l\u2019alumnat i fomentar els valors les emocions i els sentiments\u2026.<\/span><\/strong><\/p>\n<p><strong><span style=\"color: #000000;\">\u00c9S UNA ACTUACI\u00d3 EDUCATIVA D&#8217;\u00c8XIT<\/span><\/strong><\/p>\n<p style=\"text-align: center;\"><iframe loading=\"lazy\" title=\"GRUPS INTERACTIUS a L&#039;ESCOLA MEDITERRANI -CAMPCLAR-\" width=\"500\" height=\"375\" src=\"https:\/\/www.youtube.com\/embed\/74v0qDGM6bI?feature=oembed\" frameborder=\"0\" allow=\"accelerometer; autoplay; clipboard-write; encrypted-media; gyroscope; picture-in-picture; web-share\" referrerpolicy=\"strict-origin-when-cross-origin\" allowfullscreen><\/iframe><\/p>\n","protected":false},"excerpt":{"rendered":"<p>&nbsp;<br \/>\nGRUPS INTERACTIUS<br \/>\nEn aquesta p\u00e0gina trobareu informaci\u00f3 sobre qu\u00e8 s\u00f3n i com treballem en grups interactius. Aqu\u00ed en teniu una mostra:<\/p>\n<p><a style=\"text-decoration: underline;\" title=\"View Grups Interactius on Scribd\" href=\"https:\/\/www.scribd.com\/document\/428407403\/Grups-Interactius#from_embed\">Grups Interactius<\/a> by <a style=\"text-decoration: underline;\" title=\"View Institutescolamediterrani's profile on Scribd\" href=\"https:\/\/www.scribd.com\/user\/122661670\/Institutescolamediterrani#from_embed\">Institutescolamediterrani<\/a> on Scribd<\/p>\n<p>Els Grups Interactius \u00e9s una&hellip;  <a href=\"https:\/\/agora.xtec.cat\/iemediterranicampclar\/comunitats-daprenentatge\/grups-interactius\/\" title=\"Read Grups Interactius\">Llegeix m\u00e9s\u00bb<\/a><\/p>\n","protected":false},"author":1,"featured_media":0,"parent":1263,"menu_order":1,"comment_status":"closed","ping_status":"closed","template":"page-templates\/side-menu.php","meta":{"_bbp_topic_count":0,"_bbp_reply_count":0,"_bbp_total_topic_count":0,"_bbp_total_reply_count":0,"_bbp_voice_count":0,"_bbp_anonymous_reply_count":0,"_bbp_topic_count_hidden":0,"_bbp_reply_count_hidden":0,"_bbp_forum_subforum_count":0,"footnotes":""},"class_list":["post-1278","page","type-page","status-publish","hentry"],"post_mailing_queue_ids":[],"_links":{"self":[{"href":"https:\/\/agora.xtec.cat\/iemediterranicampclar\/wp-json\/wp\/v2\/pages\/1278","targetHints":{"allow":["GET"]}}],"collection":[{"href":"https:\/\/agora.xtec.cat\/iemediterranicampclar\/wp-json\/wp\/v2\/pages"}],"about":[{"href":"https:\/\/agora.xtec.cat\/iemediterranicampclar\/wp-json\/wp\/v2\/types\/page"}],"author":[{"embeddable":true,"href":"https:\/\/agora.xtec.cat\/iemediterranicampclar\/wp-json\/wp\/v2\/users\/1"}],"replies":[{"embeddable":true,"href":"https:\/\/agora.xtec.cat\/iemediterranicampclar\/wp-json\/wp\/v2\/comments?post=1278"}],"version-history":[{"count":3,"href":"https:\/\/agora.xtec.cat\/iemediterranicampclar\/wp-json\/wp\/v2\/pages\/1278\/revisions"}],"predecessor-version":[{"id":6733,"href":"https:\/\/agora.xtec.cat\/iemediterranicampclar\/wp-json\/wp\/v2\/pages\/1278\/revisions\/6733"}],"up":[{"embeddable":true,"href":"https:\/\/agora.xtec.cat\/iemediterranicampclar\/wp-json\/wp\/v2\/pages\/1263"}],"wp:attachment":[{"href":"https:\/\/agora.xtec.cat\/iemediterranicampclar\/wp-json\/wp\/v2\/media?parent=1278"}],"curies":[{"name":"wp","href":"https:\/\/api.w.org\/{rel}","templated":true}]}}