{"id":554,"date":"2024-07-24T10:52:26","date_gmt":"2024-07-24T08:52:26","guid":{"rendered":"https:\/\/agora.xtec.cat\/iemasllui\/?page_id=554"},"modified":"2025-02-22T12:14:38","modified_gmt":"2025-02-22T11:14:38","slug":"espais-daprenentatge","status":"publish","type":"page","link":"https:\/\/agora.xtec.cat\/iemasllui\/projectes\/espais-daprenentatge\/","title":{"rendered":"Espais d&#8217;aprenentatge"},"content":{"rendered":"\n<p style=\"text-align: justify;\"><span style=\"font-weight: 400;\"><a href=\"https:\/\/agora.xtec.cat\/iemasllui\/wp-content\/uploads\/usu3055\/2025\/01\/Captura-de-pantalla-2025-01-12-182602-modified.png\"><img loading=\"lazy\" decoding=\"async\" class=\"wp-image-817 alignright\" src=\"https:\/\/agora.xtec.cat\/iemasllui\/wp-content\/uploads\/usu3055\/2025\/01\/Captura-de-pantalla-2025-01-12-182602-modified.png\" alt=\"\" width=\"363\" height=\"509\" srcset=\"https:\/\/agora.xtec.cat\/iemasllui\/wp-content\/uploads\/usu3055\/2025\/01\/Captura-de-pantalla-2025-01-12-182602-modified.png 611w, https:\/\/agora.xtec.cat\/iemasllui\/wp-content\/uploads\/usu3055\/2025\/01\/Captura-de-pantalla-2025-01-12-182602-modified-214x300.png 214w\" sizes=\"auto, (max-width: 363px) 100vw, 363px\" \/><\/a>Els espais d\u2019aprenentatge s\u00f3n propostes creades per l&#8217;equip docent, per tal d&#8217;oferir als infants diverses experi\u00e8ncies d\u2019aprenentatge. Durant aquests moments els infants poden escollir de forma lliure aquestes propostes, les quals tenen un objectiu did\u00e0ctic darrera, justificat i reflexionat per l\u2019equip docent. Normalment s\u00f3n propostes aut\u00f2nomes que els infants poden fer sols i soles.<\/span><\/p>\n<p style=\"text-align: justify;\"><span style=\"font-weight: 400;\">L&#8217;equip docent \u00e9s l&#8217;encarregat de posar a l\u2019abast dels infants materials, objectes i propostes, per captar la seva atenci\u00f3 i perqu\u00e8 puguin aix\u00ed interactuar amb aquests i amb els seus companys i companyes. Aix\u00ed, estimulem la relaci\u00f3 i la comunicaci\u00f3, l\u2019\u00fas de la llengua, el raonament l\u00f2gic, la creativitat, la gesti\u00f3 de les emocions\u2026<\/span><span style=\"font-weight: 400;\">\u00a0<\/span><\/p>\n<p style=\"text-align: justify;\"><span style=\"font-weight: 400;\">Actualment disposem de cinc espais d\u2019aprenentatge diferents: <\/span><span style=\"font-weight: 400;\">l\u2019espai de llengua, l\u2019espai de matem\u00e0tiques, el de motricitat fina i l\u2019espai d\u2019experimentaci\u00f3 o construccions<\/span><i><span style=\"font-weight: 400;\"> (<\/span><\/i><span style=\"font-weight: 400;\">que varia segons la necessitats de les sessions). Sempre hi ha dos docents a l&#8217;aula fent codoc\u00e8ncia, aix\u00ed la mestra tutora del grup pot acompanyar l&#8217;espai de llengua o de matem\u00e0tiques, aix\u00f2 ens permet una atenci\u00f3 m\u00e9s individualitzada amb l\u2019alumnat i la mestra pot observar per on va el seu proc\u00e9s d\u2019aprenentatge. L&#8217;altre docent acompanya la resta d&#8217;espais que, normalment, s\u00f3n m\u00e9s aut\u00f2noms.<\/span><\/p>\n<p style=\"text-align: justify;\"><span style=\"font-weight: 400;\"> Cada espai estimula i desenvolupa el creixement global de l\u2019alumnat, potenciant diferents talents en un ambient m\u00e0gic per a descobrir i relacionar-se.<\/span><\/p>\n<h2>\u00a0<\/h2>\n","protected":false},"excerpt":{"rendered":"<p><a href=\"https:\/\/agora.xtec.cat\/iemasllui\/wp-content\/uploads\/usu3055\/2025\/01\/Captura-de-pantalla-2025-01-12-182602-modified.png\"><\/a>Els espais d\u2019aprenentatge s\u00f3n propostes creades per l&#8217;equip docent, per tal d&#8217;oferir als infants diverses experi\u00e8ncies d\u2019aprenentatge. Durant aquests moments els infants poden escollir de forma lliure aquestes propostes, les quals tenen un objectiu did\u00e0ctic darrera, justificat i reflexionat per l\u2019equip docent. Normalment s\u00f3n&hellip;  <a href=\"https:\/\/agora.xtec.cat\/iemasllui\/projectes\/espais-daprenentatge\/\" title=\"Read Espais d&#8217;aprenentatge\">Llegeix m\u00e9s\u00bb<\/a><\/p>\n","protected":false},"author":1,"featured_media":0,"parent":2,"menu_order":0,"comment_status":"closed","ping_status":"close","template":"page-templates\/side-menu.php","meta":{"footnotes":""},"class_list":["post-554","page","type-page","status-publish","hentry"],"post_mailing_queue_ids":[],"_links":{"self":[{"href":"https:\/\/agora.xtec.cat\/iemasllui\/wp-json\/wp\/v2\/pages\/554","targetHints":{"allow":["GET"]}}],"collection":[{"href":"https:\/\/agora.xtec.cat\/iemasllui\/wp-json\/wp\/v2\/pages"}],"about":[{"href":"https:\/\/agora.xtec.cat\/iemasllui\/wp-json\/wp\/v2\/types\/page"}],"author":[{"embeddable":true,"href":"https:\/\/agora.xtec.cat\/iemasllui\/wp-json\/wp\/v2\/users\/1"}],"replies":[{"embeddable":true,"href":"https:\/\/agora.xtec.cat\/iemasllui\/wp-json\/wp\/v2\/comments?post=554"}],"version-history":[{"count":5,"href":"https:\/\/agora.xtec.cat\/iemasllui\/wp-json\/wp\/v2\/pages\/554\/revisions"}],"predecessor-version":[{"id":858,"href":"https:\/\/agora.xtec.cat\/iemasllui\/wp-json\/wp\/v2\/pages\/554\/revisions\/858"}],"up":[{"embeddable":true,"href":"https:\/\/agora.xtec.cat\/iemasllui\/wp-json\/wp\/v2\/pages\/2"}],"wp:attachment":[{"href":"https:\/\/agora.xtec.cat\/iemasllui\/wp-json\/wp\/v2\/media?parent=554"}],"curies":[{"name":"wp","href":"https:\/\/api.w.org\/{rel}","templated":true}]}}