{"id":549,"date":"2024-07-24T10:48:03","date_gmt":"2024-07-24T08:48:03","guid":{"rendered":"https:\/\/agora.xtec.cat\/iemasllui\/?page_id=549"},"modified":"2025-09-17T20:15:17","modified_gmt":"2025-09-17T18:15:17","slug":"normes-de-funcionament","status":"publish","type":"page","link":"https:\/\/agora.xtec.cat\/iemasllui\/projecte-educatiu\/normes-de-funcionament\/","title":{"rendered":"Normes de funcionament"},"content":{"rendered":"\n<p><strong>HORARI<img loading=\"lazy\" decoding=\"async\" class=\" wp-image-385 alignright\" src=\"http:\/\/agora.xtec.cat\/ceip-paucasals-sjdespi\/wp-content\/uploads\/usu477\/2015\/09\/rellotge-150x150.jpg\" sizes=\"auto, (max-width: 154px) 100vw, 154px\" srcset=\"https:\/\/agora.xtec.cat\/ceip-paucasals-sjdespi\/wp-content\/uploads\/usu477\/2015\/09\/rellotge-150x150.jpg 150w, https:\/\/agora.xtec.cat\/ceip-paucasals-sjdespi\/wp-content\/uploads\/usu477\/2015\/09\/rellotge.jpg 160w\" alt=\"rellotge\" width=\"154\" height=\"154\" \/><\/strong><\/p>\n<table width=\"483\">\n<tbody>\n<tr>\n<td>LECTIU<\/td>\n<td>de 9:00 a 12:30h. i de 15:00 a 16:30h.<\/td>\n<\/tr>\n<tr>\n<td>MENJADOR<\/td>\n<td>De 12:30 a 15:00h.<\/td>\n<\/tr>\n<\/tbody>\n<\/table>\n<p><span style=\"text-decoration: underline;\"><strong>ENTRADES I SORTIDES<\/strong><\/span><\/p>\n<p><strong><span style=\"text-decoration: underline;\">-ENTRADES<\/span>:<\/strong><\/p>\n<p class=\"cvGsUA direction-ltr align-start para-style-body\">&#8211;<strong>I3:<\/strong> Les entrades a les 9:00 es faran per la porta d\u2019entrada B. L\u2019alumnat podr\u00e0 anar acompanyat fins a l\u2019aula i podreu gaudir de l\u2019entrada relaxada fins les 9:15h. A partir d\u2019aquell moment les fam\u00edlies us haureu d\u2019acomiadar i sortir per la mateixa porta d\u2019acc\u00e9s. El conserge tancar\u00e0 la porta a les 9:20h.<br \/>A les 15:00h, ser\u00e0 la mestra qui recollir\u00e0 l\u2019alumnat a la porta d\u2019acc\u00e9s exterior i, per tant, qui acompanyi l\u2019infant fins a l\u2019aula. La fam\u00edlia o acompanyant no podr\u00e0 accedir al recinte del centre (ni a l\u2019aula).<br \/>&#8211;<strong>I4:<\/strong> L\u2019entrada de l\u2019alumnat d\u2019I4 es far\u00e0 per la porta A. Els infants poden anar acompanyats fins l\u2019aula, per\u00f2 les fam\u00edlies o acompanyants s\u2019hauran d\u2019acomiadar a la porta perqu\u00e8 l\u2019infant entri i segui a la rotllana. En aquest cas no hi haur\u00e0 propostes de mat\u00ed.<\/p>\n<p class=\"cvGsUA direction-ltr align-start para-style-body\">*Si porteu cotxets per l\u2019alumnat del centre (I3 o I4) els haureu de deixar a la plataforma de ciment al costat de l\u2019entrada al recinte escolar. En cas de cotxets de germans\/es m\u00e9s petits\/es els podreu entrar al passad\u00eds, per\u00f2 no dins l\u2019aula.<\/p>\n<p><strong>&#8211;<span style=\"text-decoration: underline;\">SORTIDES<\/span>:<\/strong><\/p>\n<p>Les sortides, a les 12:30 i a les 16:30h, es realitzaran per la mateixa porta que les entrades (Porta B per I3 i porta A per I4). A les 12:30h, seran les mestres qui acompanyaran l\u2019alumnat fins a la porta i all\u00e0 us faran entrega del vostre fill o filla. El Sergi (conserge) obrir\u00e0 la porta a les 12:25h i la tancar\u00e0 a les 12:40h.<br \/>A les 16:30h, les fam\u00edlies podreu esperar a la porta A o B, segons correspongui al vostre curs i, per ordre d\u2019arribada, la mestra us far\u00e0 entrega de l\u2019infant. El conserge obrir\u00e0 la porta a les 16:25h i la tancar\u00e0 a les 16:40h.<br \/>Pel bon funcionament general, us preguem puntualitat en les entrades i sortides.<\/p>\n<p><strong>&#8211;<span style=\"text-decoration: underline;\">ENTRADA O SORTIDA DE L\u2019ESCOLA FORA DE L\u2019HORARI HABITUAL<\/span>:<\/strong><\/p>\n<p>Si per qualsevol motiu, no podeu entrar o sortir en els horaris establerts i ho heu de fer quan les classes ja estan en funcionament (dins de l\u2019horari lectiu), el funcionament ser\u00e0 el seg\u00fcent:<br \/>-En cas d\u2019entrada, haureu de trucar al timbre de la porta d\u2019acc\u00e9s al recinte escolar i esperar que el conserge vingui a buscar l\u2019infant i l\u2019acompanyar\u00e0 a l\u2019aula. En aquest cas us haureu d\u2019acomiadar de l\u2019infant all\u00e0 mateix i no podreu accedir al recinte escolar.<br \/>-En cas de sortida, caldr\u00e0 avisar de l\u2019hora de sortida pr\u00e8viament a la tutora per Dinantia o a la coordinadora del menjador en cas que sigui en aquest horari. Si \u00e9s una situaci\u00f3 imprevista podeu trucar al tel\u00e8fon de l\u2019escola. Haureu de trucar al timbre de la porta d\u2019acc\u00e9s al recinte escolar i esperar que el conserge vingui amb el vostre fill o filla i us faci entrega de l\u2019infant.<\/p>\n<p><strong>&#8211;<span style=\"text-decoration: underline;\">MEDICAMENTS I MALALTIES:<\/span><\/strong><\/p>\n<p>En cas que el vostre fill o filla hagi de prendre algun medicament dins de l&#8217;horari escolar heu de donar-lo a la tutora amb la recepta del metge i una autoritzaci\u00f3 vostra per escrit indicant el nom de l&#8217;alumne\/a, l&#8217;hora que se l&#8217;ha de prendre i la dosi corresponent. En cas contrari no es podr\u00e0 administrar el medicament.<br \/>Si el vostre fill o filla t\u00e9 m\u00e9s de 37,5 graus de temperatura corporal us trucarem perqu\u00e8 el vingueu a buscar i haur\u00e0 d\u2019estar a casa fins que hagin passat 24 hores sense febre.<\/p>\n<p><strong>RECORDATORIS<\/strong><\/p>\n<ul>\n<li>\u00c9s important que els nens i nenes no portin portin joguines, ja que sovint s\u00f3n un punt de conflictes.<\/li>\n<li>Per poder administrar un medicament dins l\u2019horari escolar, cal que porteu la recepta del metge i una autoritzaci\u00f3 vostra.<\/li>\n<li>Quan vulgueu convidar a una festa companys i companyes dels vostres fills\/es,\u00a0l\u2019heu de fer fora de l\u2019horari escolar.<\/li>\n<\/ul>\n","protected":false},"excerpt":{"rendered":"<p>HORARI<\/p>\n<p>LECTIU<br \/>\nde 9:00 a 12:30h. i de 15:00 a 16:30h.<\/p>\n<p>MENJADOR<br \/>\nDe 12:30 a 15:00h.<\/p>\n<p>ENTRADES I SORTIDES<br \/>\n-ENTRADES:<br \/>\n&#8211;I3: Les entrades a les 9:00 es faran per la porta d\u2019entrada B. L\u2019alumnat podr\u00e0 anar acompanyat fins a l\u2019aula i podreu gaudir de l\u2019entrada relaxada fins les 9:15h. A partir d\u2019aquell&hellip;  <a href=\"https:\/\/agora.xtec.cat\/iemasllui\/projecte-educatiu\/normes-de-funcionament\/\" title=\"Read Normes de funcionament\">Llegeix m\u00e9s\u00bb<\/a><\/p>\n","protected":false},"author":1,"featured_media":0,"parent":64,"menu_order":1,"comment_status":"closed","ping_status":"close","template":"page-templates\/side-menu.php","meta":{"footnotes":""},"class_list":["post-549","page","type-page","status-publish","hentry"],"post_mailing_queue_ids":[],"_links":{"self":[{"href":"https:\/\/agora.xtec.cat\/iemasllui\/wp-json\/wp\/v2\/pages\/549","targetHints":{"allow":["GET"]}}],"collection":[{"href":"https:\/\/agora.xtec.cat\/iemasllui\/wp-json\/wp\/v2\/pages"}],"about":[{"href":"https:\/\/agora.xtec.cat\/iemasllui\/wp-json\/wp\/v2\/types\/page"}],"author":[{"embeddable":true,"href":"https:\/\/agora.xtec.cat\/iemasllui\/wp-json\/wp\/v2\/users\/1"}],"replies":[{"embeddable":true,"href":"https:\/\/agora.xtec.cat\/iemasllui\/wp-json\/wp\/v2\/comments?post=549"}],"version-history":[{"count":3,"href":"https:\/\/agora.xtec.cat\/iemasllui\/wp-json\/wp\/v2\/pages\/549\/revisions"}],"predecessor-version":[{"id":1066,"href":"https:\/\/agora.xtec.cat\/iemasllui\/wp-json\/wp\/v2\/pages\/549\/revisions\/1066"}],"up":[{"embeddable":true,"href":"https:\/\/agora.xtec.cat\/iemasllui\/wp-json\/wp\/v2\/pages\/64"}],"wp:attachment":[{"href":"https:\/\/agora.xtec.cat\/iemasllui\/wp-json\/wp\/v2\/media?parent=549"}],"curies":[{"name":"wp","href":"https:\/\/api.w.org\/{rel}","templated":true}]}}