{"id":2250,"date":"2021-11-06T21:50:12","date_gmt":"2021-11-06T20:50:12","guid":{"rendered":"https:\/\/agora.xtec.cat\/iemarmediterrania\/wp-content\/uploads\/usu1896\/2021\/11\/WhatsApp-Image-2021-11-06-at-21.44.18.jpeg"},"modified":"2021-11-06T21:52:38","modified_gmt":"2021-11-06T20:52:38","slug":"whatsapp-image-2021-11-06-at-21-44-18","status":"inherit","type":"attachment","link":"https:\/\/agora.xtec.cat\/iemarmediterrania\/whatsapp-image-2021-11-06-at-21-44-18\/","title":{"rendered":"IE MarMediterr\u00e0nia contra les agressions"},"author":1,"featured_media":0,"comment_status":"open","ping_status":"closed","template":"","meta":{"_bbp_topic_count":0,"_bbp_reply_count":0,"_bbp_total_topic_count":0,"_bbp_total_reply_count":0,"_bbp_voice_count":0,"_bbp_anonymous_reply_count":0,"_bbp_topic_count_hidden":0,"_bbp_reply_count_hidden":0,"_bbp_forum_subforum_count":0},"class_list":["post-2250","attachment","type-attachment","status-inherit","hentry"],"description":{"rendered":"<p class=\"attachment\"><a href='https:\/\/agora.xtec.cat\/iemarmediterrania\/wp-content\/uploads\/usu1896\/2021\/11\/WhatsApp-Image-2021-11-06-at-21.44.18.jpeg'><img loading=\"lazy\" decoding=\"async\" width=\"272\" height=\"300\" src=\"https:\/\/agora.xtec.cat\/iemarmediterrania\/wp-content\/uploads\/usu1896\/2021\/11\/WhatsApp-Image-2021-11-06-at-21.44.18-272x300.jpeg\" class=\"attachment-medium size-medium\" alt=\"Alumnat i docents IE Mar Mediterr\u00e0nia\" srcset=\"https:\/\/agora.xtec.cat\/iemarmediterrania\/wp-content\/uploads\/usu1896\/2021\/11\/WhatsApp-Image-2021-11-06-at-21.44.18-272x300.jpeg 272w, https:\/\/agora.xtec.cat\/iemarmediterrania\/wp-content\/uploads\/usu1896\/2021\/11\/WhatsApp-Image-2021-11-06-at-21.44.18-929x1024.jpeg 929w, https:\/\/agora.xtec.cat\/iemarmediterrania\/wp-content\/uploads\/usu1896\/2021\/11\/WhatsApp-Image-2021-11-06-at-21.44.18-768x846.jpeg 768w, https:\/\/agora.xtec.cat\/iemarmediterrania\/wp-content\/uploads\/usu1896\/2021\/11\/WhatsApp-Image-2021-11-06-at-21.44.18-1394x1536.jpeg 1394w, https:\/\/agora.xtec.cat\/iemarmediterrania\/wp-content\/uploads\/usu1896\/2021\/11\/WhatsApp-Image-2021-11-06-at-21.44.18.jpeg 1452w\" sizes=\"auto, (max-width: 272px) 100vw, 272px\" \/><\/a><\/p>\n<p>Alumnes de 5\u00e8, 6\u00e8, secund\u00e0ria i docents del centre.<\/p>\n"},"caption":{"rendered":"<p>Imatge original IE Mar Mediterr\u00e0nia&hellip;  <a href=\"https:\/\/agora.xtec.cat\/iemarmediterrania\/whatsapp-image-2021-11-06-at-21-44-18\/\" title=\"Read IE MarMediterr\u00e0nia contra les agressions\">Llegeix m\u00e9s\u00bb<\/a><\/p>\n"},"alt_text":"Alumnat i docents IE Mar Mediterr\u00e0nia","media_type":"image","mime_type":"image\/jpeg","media_details":{"width":1452,"height":1600,"file":"2021\/11\/WhatsApp-Image-2021-11-06-at-21.44.18.jpeg","sizes":{"medium":{"file":"WhatsApp-Image-2021-11-06-at-21.44.18-272x300.jpeg","width":272,"height":300,"mime_type":"image\/jpeg","source_url":"https:\/\/agora.xtec.cat\/iemarmediterrania\/wp-content\/uploads\/usu1896\/2021\/11\/WhatsApp-Image-2021-11-06-at-21.44.18-272x300.jpeg"},"large":{"file":"WhatsApp-Image-2021-11-06-at-21.44.18-929x1024.jpeg","width":929,"height":1024,"mime_type":"image\/jpeg","source_url":"https:\/\/agora.xtec.cat\/iemarmediterrania\/wp-content\/uploads\/usu1896\/2021\/11\/WhatsApp-Image-2021-11-06-at-21.44.18-929x1024.jpeg"},"thumbnail":{"file":"WhatsApp-Image-2021-11-06-at-21.44.18-150x150.jpeg","width":150,"height":150,"mime_type":"image\/jpeg","source_url":"https:\/\/agora.xtec.cat\/iemarmediterrania\/wp-content\/uploads\/usu1896\/2021\/11\/WhatsApp-Image-2021-11-06-at-21.44.18-150x150.jpeg"},"medium_large":{"file":"WhatsApp-Image-2021-11-06-at-21.44.18-768x846.jpeg","width":768,"height":846,"mime_type":"image\/jpeg","source_url":"https:\/\/agora.xtec.cat\/iemarmediterrania\/wp-content\/uploads\/usu1896\/2021\/11\/WhatsApp-Image-2021-11-06-at-21.44.18-768x846.jpeg"},"1536x1536":{"file":"WhatsApp-Image-2021-11-06-at-21.44.18-1394x1536.jpeg","width":1394,"height":1536,"mime_type":"image\/jpeg","source_url":"https:\/\/agora.xtec.cat\/iemarmediterrania\/wp-content\/uploads\/usu1896\/2021\/11\/WhatsApp-Image-2021-11-06-at-21.44.18-1394x1536.jpeg"},"thumb-300":{"file":"WhatsApp-Image-2021-11-06-at-21.44.18-300x250.jpeg","width":300,"height":250,"mime_type":"image\/jpeg","source_url":"https:\/\/agora.xtec.cat\/iemarmediterrania\/wp-content\/uploads\/usu1896\/2021\/11\/WhatsApp-Image-2021-11-06-at-21.44.18-300x250.jpeg"},"thumb-200":{"file":"WhatsApp-Image-2021-11-06-at-21.44.18-200x150.jpeg","width":200,"height":150,"mime_type":"image\/jpeg","source_url":"https:\/\/agora.xtec.cat\/iemarmediterrania\/wp-content\/uploads\/usu1896\/2021\/11\/WhatsApp-Image-2021-11-06-at-21.44.18-200x150.jpeg"},"full":{"file":"WhatsApp-Image-2021-11-06-at-21.44.18.jpeg","width":1452,"height":1600,"mime_type":"image\/jpeg","source_url":"https:\/\/agora.xtec.cat\/iemarmediterrania\/wp-content\/uploads\/usu1896\/2021\/11\/WhatsApp-Image-2021-11-06-at-21.44.18.jpeg"}},"image_meta":{"aperture":"0","credit":"","camera":"","caption":"","created_timestamp":"0","copyright":"","focal_length":"0","iso":"0","shutter_speed":"0","title":"","orientation":"0","keywords":[]}},"post":null,"source_url":"https:\/\/agora.xtec.cat\/iemarmediterrania\/wp-content\/uploads\/usu1896\/2021\/11\/WhatsApp-Image-2021-11-06-at-21.44.18.jpeg","_links":{"self":[{"href":"https:\/\/agora.xtec.cat\/iemarmediterrania\/wp-json\/wp\/v2\/media\/2250","targetHints":{"allow":["GET"]}}],"collection":[{"href":"https:\/\/agora.xtec.cat\/iemarmediterrania\/wp-json\/wp\/v2\/media"}],"about":[{"href":"https:\/\/agora.xtec.cat\/iemarmediterrania\/wp-json\/wp\/v2\/types\/attachment"}],"author":[{"embeddable":true,"href":"https:\/\/agora.xtec.cat\/iemarmediterrania\/wp-json\/wp\/v2\/users\/1"}],"replies":[{"embeddable":true,"href":"https:\/\/agora.xtec.cat\/iemarmediterrania\/wp-json\/wp\/v2\/comments?post=2250"}]}}

IE MarMediterrània contra les agressions

<p class="attachment"><a href='https://agora.xtec.cat/iemarmediterrania/wp-content/uploads/usu1896/2021/11/WhatsApp-Image-2021-11-06-at-21.44.18.jpeg'><img loading="lazy" decoding="async" width="272" height="300" src="https://agora.xtec.cat/iemarmediterrania/wp-content/uploads/usu1896/2021/11/WhatsApp-Image-2021-11-06-at-21.44.18-272x300.jpeg" class="attachment-medium size-medium" alt="Alumnat i docents IE Mar Mediterrània" srcset="https://agora.xtec.cat/iemarmediterrania/wp-content/uploads/usu1896/2021/11/WhatsApp-Image-2021-11-06-at-21.44.18-272x300.jpeg 272w, https://agora.xtec.cat/iemarmediterrania/wp-content/uploads/usu1896/2021/11/WhatsApp-Image-2021-11-06-at-21.44.18-929x1024.jpeg 929w, https://agora.xtec.cat/iemarmediterrania/wp-content/uploads/usu1896/2021/11/WhatsApp-Image-2021-11-06-at-21.44.18-768x846.jpeg 768w, https://agora.xtec.cat/iemarmediterrania/wp-content/uploads/usu1896/2021/11/WhatsApp-Image-2021-11-06-at-21.44.18-1394x1536.jpeg 1394w, https://agora.xtec.cat/iemarmediterrania/wp-content/uploads/usu1896/2021/11/WhatsApp-Image-2021-11-06-at-21.44.18.jpeg 1452w" sizes="auto, (max-width: 272px) 100vw, 272px" /></a></p>
<p>Alumnes de 5è, 6è, secundària i docents del centre.</p>

<p>Imatge original IE Mar Mediterrània&hellip;  <a href="https://agora.xtec.cat/iemarmediterrania/whatsapp-image-2021-11-06-at-21-44-18/" title="Read IE MarMediterrània contra les agressions">Llegeix més»</a></p>

Alumnat i docents IE Mar Mediterrània
