{"id":18222,"date":"2024-09-27T13:25:21","date_gmt":"2024-09-27T11:25:21","guid":{"rendered":"https:\/\/agora.xtec.cat\/iemariamiret\/?page_id=18222"},"modified":"2026-01-07T10:22:30","modified_gmt":"2026-01-07T09:22:30","slug":"qui-som-2","status":"publish","type":"page","link":"https:\/\/agora.xtec.cat\/iemariamiret\/lescola\/qui-som-2\/","title":{"rendered":"Qui som?"},"content":{"rendered":"\n<div class=\"wp-block-columns is-layout-flex wp-container-core-columns-is-layout-1 wp-block-columns-is-layout-flex\" style=\"margin-top:0;margin-bottom:0;padding-top:0;padding-right:0;padding-bottom:0;padding-left:0\">\n<div class=\"wp-block-column is-layout-flow wp-block-column-is-layout-flow\" style=\"flex-basis:5%\">\n<figure class=\"wp-block-image size-thumbnail is-resized\"><a href=\"https:\/\/agora.xtec.cat\/iemariamiret\/wp-content\/uploads\/usu2321\/2024\/09\/direccion.png\"><img loading=\"lazy\" decoding=\"async\" width=\"150\" height=\"150\" src=\"https:\/\/agora.xtec.cat\/iemariamiret\/wp-content\/uploads\/usu2321\/2024\/09\/direccion-150x150.png\" alt=\"\" class=\"wp-image-18249\" style=\"width:50px\" srcset=\"https:\/\/agora.xtec.cat\/iemariamiret\/wp-content\/uploads\/usu2321\/2024\/09\/direccion-150x150.png 150w, https:\/\/agora.xtec.cat\/iemariamiret\/wp-content\/uploads\/usu2321\/2024\/09\/direccion-300x300.png 300w, https:\/\/agora.xtec.cat\/iemariamiret\/wp-content\/uploads\/usu2321\/2024\/09\/direccion.png 512w\" sizes=\"auto, (max-width: 150px) 100vw, 150px\" \/><\/a><\/figure>\n<\/div>\n\n\n\n<div class=\"wp-block-column is-vertically-aligned-center is-layout-flow wp-block-column-is-layout-flow\" style=\"flex-basis:95%\">\n<h5 class=\"wp-block-heading\"><strong style=\"color: #ff3257; font-size: 1.4375em;\">Equip directiu<\/strong><\/h5>\n<\/div>\n<\/div>\n\n\n\n<div class=\"wp-block-getwid-advanced-spacer\" style=\"height:21px\" aria-hidden=\"true\"><\/div>\n\n\n\n<p><strong>Direcci\u00f3:<\/strong> Marga Zarcero<br><strong>Cap d&#8217;estudis d&#8217;Infantil, Prim\u00e0ria i Secund\u00e0ria:<\/strong> Rosanna Frasquet<br><strong>Coordinador pedag\u00f2gic:<\/strong> Franciso Carrascosa<br><strong>Secretaria:<\/strong> Laura Linares<\/p>\n\n\n\n<div class=\"wp-block-getwid-advanced-spacer\" style=\"height:21px\" aria-hidden=\"true\"><\/div>\n\n\n\n<div class=\"wp-block-columns is-layout-flex wp-container-core-columns-is-layout-2 wp-block-columns-is-layout-flex\" style=\"margin-top:0;margin-bottom:0;padding-top:0;padding-right:0;padding-bottom:0;padding-left:0\">\n<div class=\"wp-block-column is-layout-flow wp-block-column-is-layout-flow\" style=\"flex-basis:5%\">\n<figure class=\"wp-block-image size-thumbnail is-resized\"><a href=\"https:\/\/agora.xtec.cat\/iemariamiret\/wp-content\/uploads\/usu2321\/2024\/04\/Secretaria.png\"><img loading=\"lazy\" decoding=\"async\" width=\"150\" height=\"150\" src=\"https:\/\/agora.xtec.cat\/iemariamiret\/wp-content\/uploads\/usu2321\/2024\/04\/Secretaria-150x150.png\" alt=\"\" class=\"wp-image-18166\" style=\"width:50px\" srcset=\"https:\/\/agora.xtec.cat\/iemariamiret\/wp-content\/uploads\/usu2321\/2024\/04\/Secretaria-150x150.png 150w, https:\/\/agora.xtec.cat\/iemariamiret\/wp-content\/uploads\/usu2321\/2024\/04\/Secretaria-300x297.png 300w, https:\/\/agora.xtec.cat\/iemariamiret\/wp-content\/uploads\/usu2321\/2024\/04\/Secretaria.png 591w\" sizes=\"auto, (max-width: 150px) 100vw, 150px\" \/><\/a><\/figure>\n<\/div>\n\n\n\n<div class=\"wp-block-column is-vertically-aligned-center is-layout-flow wp-block-column-is-layout-flow\" style=\"flex-basis:95%\">\n<h5 class=\"wp-block-heading\"><strong style=\"color: #ff3257; font-size: 1.4375em;\">Administraci\u00f3 i serveis<\/strong><\/h5>\n<\/div>\n<\/div>\n\n\n\n<div class=\"wp-block-getwid-advanced-spacer\" style=\"height:21px\" aria-hidden=\"true\"><\/div>\n\n\n\n<p><strong>Secretaria administrativa:<\/strong> S\u00f2nia Moreno<br><strong>Consergeria:<\/strong> Carme Forcadell i Jordi Arb\u00f3s<br><strong>Responsable del menjador:<\/strong> Maite Flores<br><strong>Coordinadora digital: <\/strong>Clara Mart\u00edn<\/p>\n\n\n\n<div class=\"wp-block-getwid-advanced-spacer\" style=\"height:21px\" aria-hidden=\"true\"><\/div>\n\n\n\n<div class=\"wp-block-columns is-layout-flex wp-container-core-columns-is-layout-3 wp-block-columns-is-layout-flex\" style=\"margin-top:0;margin-bottom:0;padding-top:0;padding-right:0;padding-bottom:0;padding-left:0\">\n<div class=\"wp-block-column is-layout-flow wp-block-column-is-layout-flow\" style=\"flex-basis:5%\">\n<figure class=\"wp-block-image size-thumbnail is-resized\"><a href=\"https:\/\/agora.xtec.cat\/iemariamiret\/wp-content\/uploads\/usu2321\/2024\/04\/Infatil.png\"><img loading=\"lazy\" decoding=\"async\" width=\"150\" height=\"150\" src=\"https:\/\/agora.xtec.cat\/iemariamiret\/wp-content\/uploads\/usu2321\/2024\/04\/Infatil-150x150.png\" alt=\"\" class=\"wp-image-18110\" style=\"width:50px\" srcset=\"https:\/\/agora.xtec.cat\/iemariamiret\/wp-content\/uploads\/usu2321\/2024\/04\/Infatil-150x150.png 150w, https:\/\/agora.xtec.cat\/iemariamiret\/wp-content\/uploads\/usu2321\/2024\/04\/Infatil-300x297.png 300w, https:\/\/agora.xtec.cat\/iemariamiret\/wp-content\/uploads\/usu2321\/2024\/04\/Infatil.png 591w\" sizes=\"auto, (max-width: 150px) 100vw, 150px\" \/><\/a><\/figure>\n<\/div>\n\n\n\n<div class=\"wp-block-column is-vertically-aligned-center is-layout-flow wp-block-column-is-layout-flow\" style=\"flex-basis:95%\">\n<h5 class=\"wp-block-heading\"><strong style=\"color: #ff3257; font-size: 1.4375em;\">Educaci\u00f3 infantil<\/strong><\/h5>\n<\/div>\n<\/div>\n\n\n\n<div class=\"wp-block-getwid-advanced-spacer\" style=\"height:21px\" aria-hidden=\"true\"><\/div>\n\n\n\n<div class=\"wp-block-columns is-layout-flex wp-container-core-columns-is-layout-4 wp-block-columns-is-layout-flex\" style=\"padding-top:var(--wp--preset--spacing--20);padding-right:0;padding-bottom:var(--wp--preset--spacing--20);padding-left:0\">\n<div class=\"wp-block-column is-layout-flow wp-block-column-is-layout-flow\">\n<h6 class=\"wp-block-heading has-ast-global-color-0-color has-text-color has-link-color wp-elements-4f746914706ec157ff0f28968b44af36\">Coordinaci\u00f3<\/h6>\n\n\n\n<p><strong>Coordinadora d&#8217;infantil:<\/strong> Ingrid L\u00f3pez<\/p>\n<\/div>\n\n\n\n<div class=\"wp-block-column is-layout-flow wp-block-column-is-layout-flow\">\n<h6 class=\"wp-block-heading has-ast-global-color-0-color has-text-color has-link-color wp-elements-304f76bc76cc03c27a5d6be15e21d318\">Tutories<\/h6>\n\n\n\n<p style=\"padding-top:0;padding-bottom:0\"><strong>I3: <\/strong>Chelo Parada<\/p>\n\n\n\n<p style=\"padding-top:0;padding-bottom:0\"><strong>I4: <\/strong>Arantxa Mart\u00edn i Marta Alonso<\/p>\n\n\n\n<p><strong>I5:<\/strong> Mar Di Russo<\/p>\n<\/div>\n\n\n\n<div class=\"wp-block-column is-layout-flow wp-block-column-is-layout-flow\">\n<h6 class=\"wp-block-heading has-ast-global-color-0-color has-text-color has-link-color wp-elements-a30160412ddf6a5a3f074f2f71460277\">Especialistes i suport<\/h6>\n\n\n\n<p><strong>Angl\u00e8s:<\/strong> Alejandro Cruz<\/p>\n\n\n\n<p><strong>Psicomotricitat: <\/strong>Pep Ruiz<\/p>\n\n\n\n<p><strong>M\u00fasica: <\/strong>Eva Bixquert<\/p>\n\n\n\n<p><strong>TEI: <\/strong>Alba Sobrino<\/p>\n\n\n\n<p><strong>TIS:<\/strong> Lara S\u00e1nchez<\/p>\n<\/div>\n<\/div>\n\n\n\n<div class=\"wp-block-getwid-advanced-spacer\" style=\"height:21px\" aria-hidden=\"true\"><\/div>\n\n\n\n<div class=\"wp-block-columns is-layout-flex wp-container-core-columns-is-layout-5 wp-block-columns-is-layout-flex\" style=\"margin-top:0;margin-bottom:0;padding-top:0;padding-right:0;padding-bottom:0;padding-left:0\">\n<div class=\"wp-block-column is-layout-flow wp-block-column-is-layout-flow\" style=\"flex-basis:5%\">\n<figure class=\"wp-block-image size-thumbnail is-resized\"><a href=\"https:\/\/agora.xtec.cat\/iemariamiret\/wp-content\/uploads\/usu2321\/2024\/04\/Primaria.png\"><img loading=\"lazy\" decoding=\"async\" width=\"150\" height=\"150\" src=\"https:\/\/agora.xtec.cat\/iemariamiret\/wp-content\/uploads\/usu2321\/2024\/04\/Primaria-150x150.png\" alt=\"\" class=\"wp-image-18135\" style=\"width:50px\" srcset=\"https:\/\/agora.xtec.cat\/iemariamiret\/wp-content\/uploads\/usu2321\/2024\/04\/Primaria-150x150.png 150w, https:\/\/agora.xtec.cat\/iemariamiret\/wp-content\/uploads\/usu2321\/2024\/04\/Primaria-300x297.png 300w, https:\/\/agora.xtec.cat\/iemariamiret\/wp-content\/uploads\/usu2321\/2024\/04\/Primaria.png 591w\" sizes=\"auto, (max-width: 150px) 100vw, 150px\" \/><\/a><\/figure>\n<\/div>\n\n\n\n<div class=\"wp-block-column is-vertically-aligned-center is-layout-flow wp-block-column-is-layout-flow\" style=\"flex-basis:95%\">\n<h5 class=\"wp-block-heading\"><strong style=\"color: #ff3257; font-size: 1.4375em;\">Educaci\u00f3 prim\u00e0ria<\/strong><\/h5>\n<\/div>\n<\/div>\n\n\n\n<div class=\"wp-block-getwid-advanced-spacer\" style=\"height:21px\" aria-hidden=\"true\"><\/div>\n\n\n\n<div class=\"wp-block-columns is-layout-flex wp-container-core-columns-is-layout-6 wp-block-columns-is-layout-flex\" style=\"padding-top:var(--wp--preset--spacing--20);padding-right:0;padding-bottom:var(--wp--preset--spacing--20);padding-left:0\">\n<div class=\"wp-block-column is-layout-flow wp-block-column-is-layout-flow\">\n<h6 class=\"wp-block-heading has-ast-global-color-0-color has-text-color has-link-color wp-elements-4f746914706ec157ff0f28968b44af36\">Coordinaci\u00f3<\/h6>\n\n\n\n<p><strong>Coordinadora de prim\u00e0ria:<\/strong> Gisela Cabanillas<\/p>\n<\/div>\n\n\n\n<div class=\"wp-block-column is-layout-flow wp-block-column-is-layout-flow\">\n<h6 class=\"wp-block-heading has-ast-global-color-0-color has-text-color has-link-color wp-elements-304f76bc76cc03c27a5d6be15e21d318\">Tutories<\/h6>\n\n\n\n<p style=\"padding-top:0;padding-bottom:0\"><strong>EP1: <\/strong>Desir\u00e9e Gilavert<\/p>\n\n\n\n<p style=\"padding-top:0;padding-bottom:0\"><strong>EP2: <\/strong>Mar\u00eda Jos\u00e9 Mart\u00ednez i Sandra Irigaray<\/p>\n\n\n\n<p><strong>EP3:<\/strong> Carlota Esteve<\/p>\n\n\n\n<p><strong>EP4:<\/strong> Gisela Cabanillas<\/p>\n\n\n\n<p><strong>EP5:<\/strong> Sara Laguna<\/p>\n\n\n\n<p><strong>EP6:<\/strong> M\u00edriam Godoy<\/p>\n<\/div>\n\n\n\n<div class=\"wp-block-column is-layout-flow wp-block-column-is-layout-flow\">\n<h6 class=\"wp-block-heading has-ast-global-color-0-color has-text-color has-link-color wp-elements-a30160412ddf6a5a3f074f2f71460277\">Especialistes i suport<\/h6>\n\n\n\n<p><strong>Angl\u00e8s:<\/strong> Laura Farr\u00e9s, Alejandro Cruz i Maria Ure\u00f1a<\/p>\n\n\n\n<p><strong>Psicomotricitat: <\/strong>Pep Ruiz<\/p>\n\n\n\n<p><strong>M\u00fasica: <\/strong>Eva Bixquert<\/p>\n\n\n\n<p><strong>Acollida: <\/strong>Sandra Irigaray<\/p>\n\n\n\n<p><strong>Mestres adjunts: <\/strong>Marta S\u00e1nchez, Alba Sorolla i Albert Pla<\/p>\n\n\n\n<p><strong>TIS:<\/strong> Lara S\u00e1nchez<\/p>\n<\/div>\n<\/div>\n\n\n\n<div class=\"wp-block-getwid-advanced-spacer\" style=\"height:21px\" aria-hidden=\"true\"><\/div>\n\n\n\n<div class=\"wp-block-columns is-layout-flex wp-container-core-columns-is-layout-7 wp-block-columns-is-layout-flex\" style=\"margin-top:0;margin-bottom:0;padding-top:0;padding-right:0;padding-bottom:0;padding-left:0\">\n<div class=\"wp-block-column is-layout-flow wp-block-column-is-layout-flow\" style=\"flex-basis:5%\">\n<figure class=\"wp-block-image size-thumbnail is-resized\"><a href=\"https:\/\/agora.xtec.cat\/iemariamiret\/wp-content\/uploads\/usu2321\/2024\/04\/ESO.png\"><img loading=\"lazy\" decoding=\"async\" width=\"150\" height=\"150\" src=\"https:\/\/agora.xtec.cat\/iemariamiret\/wp-content\/uploads\/usu2321\/2024\/04\/ESO-150x150.png\" alt=\"\" class=\"wp-image-18136\" style=\"width:50px\" srcset=\"https:\/\/agora.xtec.cat\/iemariamiret\/wp-content\/uploads\/usu2321\/2024\/04\/ESO-150x150.png 150w, https:\/\/agora.xtec.cat\/iemariamiret\/wp-content\/uploads\/usu2321\/2024\/04\/ESO-300x297.png 300w, https:\/\/agora.xtec.cat\/iemariamiret\/wp-content\/uploads\/usu2321\/2024\/04\/ESO.png 591w\" sizes=\"auto, (max-width: 150px) 100vw, 150px\" \/><\/a><\/figure>\n<\/div>\n\n\n\n<div class=\"wp-block-column is-vertically-aligned-center is-layout-flow wp-block-column-is-layout-flow\" style=\"flex-basis:95%\">\n<h5 class=\"wp-block-heading\"><strong style=\"color: #ff3257; font-size: 1.4375em;\">Educaci\u00f3 secund\u00e0ria<\/strong><\/h5>\n<\/div>\n<\/div>\n\n\n\n<div class=\"wp-block-getwid-advanced-spacer\" style=\"height:21px\" aria-hidden=\"true\"><\/div>\n\n\n\n<div class=\"wp-block-columns is-layout-flex wp-container-core-columns-is-layout-8 wp-block-columns-is-layout-flex\" style=\"padding-top:var(--wp--preset--spacing--20);padding-right:0;padding-bottom:var(--wp--preset--spacing--20);padding-left:0\">\n<div class=\"wp-block-column is-layout-flow wp-block-column-is-layout-flow\">\n<h6 class=\"wp-block-heading has-ast-global-color-0-color has-text-color has-link-color wp-elements-304f76bc76cc03c27a5d6be15e21d318\">Tutories<\/h6>\n\n\n\n<p><strong>1r d&#8217;ESO: <\/strong>Yolanda Manero i Marisol Cant\u00f3<\/p>\n\n\n\n<p><strong><strong>2n d&#8217;ESO<\/strong>: <\/strong>Guadalupe Gonz\u00e1lez i Adri\u00e1n Fern\u00e1ndez<\/p>\n\n\n\n<p><strong><strong>3r d&#8217;ESO<\/strong>:<\/strong> Luciano Aguilera i Patr\u00edcia Gotarda<\/p>\n\n\n\n<p><strong><strong>4t d&#8217;ESO<\/strong>:<\/strong> Antonio Miranda i Clara Mart\u00edn<\/p>\n<\/div>\n\n\n\n<div class=\"wp-block-column is-layout-flow wp-block-column-is-layout-flow\">\n<h6 class=\"wp-block-heading has-ast-global-color-0-color has-text-color has-link-color wp-elements-869576e7ebbb319bad9b5808a497b865\">Especialistes<\/h6>\n\n\n\n<p style=\"padding-top:0;padding-bottom:0\"><strong>Llengua catalana: <\/strong>Patr\u00edcia Gotarda<\/p>\n\n\n\n<p><strong>Llengua castellana:<\/strong> Luciano Aguilera<\/p>\n\n\n\n<p><strong>Llengua anglesa: <\/strong>Marisol Cant\u00f3<\/p>\n\n\n\n<p><strong>Llengua francesa: <\/strong>Antonio Miranda<\/p>\n\n\n\n<p><strong>Ci\u00e8ncies Socials:<\/strong> Yolanda Manero<\/p>\n\n\n\n<p><strong>Matem\u00e0tiques: <\/strong>Anna Girbau, Adri\u00e1n Fern\u00e1ndez i Clara Mart\u00edn<\/p>\n\n\n\n<p><strong>Tecnologia: <\/strong>Guadalupe Gonz\u00e1lez<\/p>\n<\/div>\n\n\n\n<div class=\"wp-block-column is-layout-flow wp-block-column-is-layout-flow\">\n<h6 class=\"wp-block-heading has-ast-global-color-0-color has-text-color has-link-color wp-elements-6a05532b03deccdc3950f487cc892190\"><\/h6>\n\n\n\n<p><strong>Biologia i Geologia: <\/strong>Clara Mart\u00edn, Francisco Carrascosa i Josep Mar\u00eda Pla<\/p>\n\n\n\n<p><strong>F\u00edsica i Qu\u00edmica: <\/strong>Adri\u00e1n Fern\u00e1ndez, Francisco Carrascosa i Josep Mar\u00eda Pla<\/p>\n\n\n\n<p><strong>Educaci\u00f3 F\u00edsica:<\/strong> Benjamin Berbel, Noelia San Juan, Pep Ruiz<\/p>\n\n\n\n<p><strong>Cultura i Valors \u00e8tics: <\/strong>Laura Aguilar<\/p>\n\n\n\n<p><strong>Educaci\u00f3 visual i Pl\u00e0stica: <\/strong>Antonio Miranda<\/p>\n\n\n\n<p><strong>M\u00fasica: <\/strong>Francisco Ortega<\/p>\n<\/div>\n<\/div>\n\n\n\n<div class=\"wp-block-getwid-advanced-spacer\" style=\"height:21px\" aria-hidden=\"true\"><\/div>\n\n\n\n<div class=\"wp-block-columns is-layout-flex wp-container-core-columns-is-layout-9 wp-block-columns-is-layout-flex\" style=\"padding-top:var(--wp--preset--spacing--20);padding-right:0;padding-bottom:var(--wp--preset--spacing--20);padding-left:0\">\n<div class=\"wp-block-column is-layout-flow wp-block-column-is-layout-flow\">\n<h6 class=\"wp-block-heading has-ast-global-color-0-color has-text-color has-link-color wp-elements-4f746914706ec157ff0f28968b44af36\">Coordinaci\u00f3<\/h6>\n\n\n\n<p><strong>Coordinador de l&#8217;ESO: <\/strong>Francisco Carrascosa<\/p>\n<\/div>\n\n\n\n<div class=\"wp-block-column is-layout-flow wp-block-column-is-layout-flow\">\n<h6 class=\"wp-block-heading has-ast-global-color-0-color has-text-color has-link-color wp-elements-84b37fae1433862963e02b261410dd39\">Suport<\/h6>\n\n\n\n<p style=\"padding-top:0;padding-bottom:0\"><strong>Orientadors: <\/strong>Laura Aguilar, Ana Mart\u00edn i Albert Pla<\/p>\n\n\n\n<p style=\"padding-top:0;padding-bottom:0\"><strong>TIS: <\/strong>Lara S\u00e1nchez<\/p>\n<\/div>\n\n\n\n<div class=\"wp-block-column is-layout-flow wp-block-column-is-layout-flow\"><\/div>\n<\/div>\n","protected":false},"excerpt":{"rendered":"<p>Equip directiu Direcci\u00f3: Marga ZarceroCap d&#8217;estudis d&#8217;Infantil, Prim\u00e0ria i Secund\u00e0ria: Rosanna FrasquetCoordinador pedag\u00f2gic: Franciso CarrascosaSecretaria: Laura Linares Administraci\u00f3 i serveis Secretaria administrativa: S\u00f2nia MorenoConsergeria: Carme Forcadell i Jordi Arb\u00f3sResponsable del menjador: Maite FloresCoordinadora digital: Clara Mart\u00edn Educaci\u00f3 infantil Coordinaci\u00f3 Coordinadora d&#8217;infantil: Ingrid L\u00f3pez Tutories I3: Chelo Parada I4: Arantxa Mart\u00edn i Marta Alonso I5: Mar [&hellip;]<\/p>\n","protected":false},"author":1,"featured_media":0,"parent":18016,"menu_order":2,"comment_status":"closed","ping_status":"closed","template":"","meta":{"_bbp_topic_count":0,"_bbp_reply_count":0,"_bbp_total_topic_count":0,"_bbp_total_reply_count":0,"_bbp_voice_count":0,"_bbp_anonymous_reply_count":0,"_bbp_topic_count_hidden":0,"_bbp_reply_count_hidden":0,"_bbp_forum_subforum_count":0,"site-sidebar-layout":"default","site-content-layout":"","ast-site-content-layout":"default","site-content-style":"default","site-sidebar-style":"default","ast-global-header-display":"","ast-banner-title-visibility":"","ast-main-header-display":"","ast-hfb-above-header-display":"","ast-hfb-below-header-display":"","ast-hfb-mobile-header-display":"","site-post-title":"","ast-breadcrumbs-content":"","ast-featured-img":"","footer-sml-layout":"","theme-transparent-header-meta":"","adv-header-id-meta":"","stick-header-meta":"","header-above-stick-meta":"","header-main-stick-meta":"","header-below-stick-meta":"","astra-migrate-meta-layouts":"set","ast-page-background-enabled":"default","ast-page-background-meta":{"desktop":{"background-color":"var(--ast-global-color-4)","background-image":"","background-repeat":"repeat","background-position":"center center","background-size":"auto","background-attachment":"scroll","background-type":"","background-media":"","overlay-type":"","overlay-color":"","overlay-opacity":"","overlay-gradient":""},"tablet":{"background-color":"","background-image":"","background-repeat":"repeat","background-position":"center center","background-size":"auto","background-attachment":"scroll","background-type":"","background-media":"","overlay-type":"","overlay-color":"","overlay-opacity":"","overlay-gradient":""},"mobile":{"background-color":"","background-image":"","background-repeat":"repeat","background-position":"center center","background-size":"auto","background-attachment":"scroll","background-type":"","background-media":"","overlay-type":"","overlay-color":"","overlay-opacity":"","overlay-gradient":""}},"ast-content-background-meta":{"desktop":{"background-color":"var(--ast-global-color-5)","background-image":"","background-repeat":"repeat","background-position":"center center","background-size":"auto","background-attachment":"scroll","background-type":"","background-media":"","overlay-type":"","overlay-color":"","overlay-opacity":"","overlay-gradient":""},"tablet":{"background-color":"var(--ast-global-color-5)","background-image":"","background-repeat":"repeat","background-position":"center center","background-size":"auto","background-attachment":"scroll","background-type":"","background-media":"","overlay-type":"","overlay-color":"","overlay-opacity":"","overlay-gradient":""},"mobile":{"background-color":"var(--ast-global-color-5)","background-image":"","background-repeat":"repeat","background-position":"center center","background-size":"auto","background-attachment":"scroll","background-type":"","background-media":"","overlay-type":"","overlay-color":"","overlay-opacity":"","overlay-gradient":""}},"footnotes":""},"class_list":["post-18222","page","type-page","status-publish","hentry"],"post_mailing_queue_ids":[],"_links":{"self":[{"href":"https:\/\/agora.xtec.cat\/iemariamiret\/wp-json\/wp\/v2\/pages\/18222","targetHints":{"allow":["GET"]}}],"collection":[{"href":"https:\/\/agora.xtec.cat\/iemariamiret\/wp-json\/wp\/v2\/pages"}],"about":[{"href":"https:\/\/agora.xtec.cat\/iemariamiret\/wp-json\/wp\/v2\/types\/page"}],"author":[{"embeddable":true,"href":"https:\/\/agora.xtec.cat\/iemariamiret\/wp-json\/wp\/v2\/users\/1"}],"replies":[{"embeddable":true,"href":"https:\/\/agora.xtec.cat\/iemariamiret\/wp-json\/wp\/v2\/comments?post=18222"}],"version-history":[{"count":6,"href":"https:\/\/agora.xtec.cat\/iemariamiret\/wp-json\/wp\/v2\/pages\/18222\/revisions"}],"predecessor-version":[{"id":19090,"href":"https:\/\/agora.xtec.cat\/iemariamiret\/wp-json\/wp\/v2\/pages\/18222\/revisions\/19090"}],"up":[{"embeddable":true,"href":"https:\/\/agora.xtec.cat\/iemariamiret\/wp-json\/wp\/v2\/pages\/18016"}],"wp:attachment":[{"href":"https:\/\/agora.xtec.cat\/iemariamiret\/wp-json\/wp\/v2\/media?parent=18222"}],"curies":[{"name":"wp","href":"https:\/\/api.w.org\/{rel}","templated":true}]}}