{"id":18103,"date":"2024-04-03T13:14:15","date_gmt":"2024-04-03T11:14:15","guid":{"rendered":"https:\/\/agora.xtec.cat\/iemariamiret\/?page_id=18103"},"modified":"2024-09-27T13:25:35","modified_gmt":"2024-09-27T11:25:35","slug":"on-som","status":"publish","type":"page","link":"https:\/\/agora.xtec.cat\/iemariamiret\/lescola\/on-som\/","title":{"rendered":"On som?"},"content":{"rendered":"<p>L&#8217;Institut Escola Maria Miret est\u00e0 situat al barri de Collblanc-La Torrassa, en els m\u00f2duls situats al carrer Mas n\u00fam. 20 i al carrer Riera Blanca n\u00fam 56. \u00c9s una zona ben comunicada, que disposa d&#8217;un servei de transport que cobreix la ciutat de Barcelona i l&#8217;Hospitalet.<\/p>\n<h4><strong>Com arribar en transport p\u00fablic?<\/strong><\/h4>\n<ul>\n<li><strong>Metro:\u00a0<\/strong>L5 Badal, L5 Collblanc i L1 Santa Eul\u00e0lia<\/li>\n<li><strong>Bus:<\/strong> V1, M12, H8, D20, 52 i LH1<\/li>\n<\/ul>\n<h4><strong>A on est\u00e0 cada etapa?<\/strong><\/h4>\n<p><img loading=\"lazy\" decoding=\"async\" class=\"wp-image-18145 aligncenter\" src=\"https:\/\/agora.xtec.cat\/iemariamiret\/wp-content\/uploads\/usu2321\/2024\/04\/Mapa-1.jpg\" alt=\"\" width=\"405\" height=\"246\" srcset=\"https:\/\/agora.xtec.cat\/iemariamiret\/wp-content\/uploads\/usu2321\/2024\/04\/Mapa-1.jpg 671w, https:\/\/agora.xtec.cat\/iemariamiret\/wp-content\/uploads\/usu2321\/2024\/04\/Mapa-1-300x182.jpg 300w\" sizes=\"auto, (max-width: 405px) 100vw, 405px\" \/><\/p>\n<h5><img loading=\"lazy\" decoding=\"async\" class=\"alignleft wp-image-18110\" src=\"https:\/\/agora.xtec.cat\/iemariamiret\/wp-content\/uploads\/usu2321\/2024\/04\/Infatil.png\" alt=\"\" width=\"61\" height=\"60\" srcset=\"https:\/\/agora.xtec.cat\/iemariamiret\/wp-content\/uploads\/usu2321\/2024\/04\/Infatil.png 591w, https:\/\/agora.xtec.cat\/iemariamiret\/wp-content\/uploads\/usu2321\/2024\/04\/Infatil-300x297.png 300w, https:\/\/agora.xtec.cat\/iemariamiret\/wp-content\/uploads\/usu2321\/2024\/04\/Infatil-150x150.png 150w\" sizes=\"auto, (max-width: 61px) 100vw, 61px\" \/><strong>Infantil<\/strong><\/h5>\n<p>Acc\u00e9s per C\/ Riera blanca, 56, 08903 L&#8217;Hospitalet de Llobregat, Barcelona<\/p>\n<h5><img loading=\"lazy\" decoding=\"async\" class=\"wp-image-18135 alignleft\" src=\"https:\/\/agora.xtec.cat\/iemariamiret\/wp-content\/uploads\/usu2321\/2024\/04\/Primaria.png\" alt=\"\" width=\"61\" height=\"60\" srcset=\"https:\/\/agora.xtec.cat\/iemariamiret\/wp-content\/uploads\/usu2321\/2024\/04\/Primaria.png 591w, https:\/\/agora.xtec.cat\/iemariamiret\/wp-content\/uploads\/usu2321\/2024\/04\/Primaria-300x297.png 300w, https:\/\/agora.xtec.cat\/iemariamiret\/wp-content\/uploads\/usu2321\/2024\/04\/Primaria-150x150.png 150w\" sizes=\"auto, (max-width: 61px) 100vw, 61px\" \/><strong>Prim\u00e0ria<\/strong><\/h5>\n<p>Acc\u00e9s per C\/ Mas, 20, 08903 L&#8217;Hospitalet de Llobregat, Barcelona<\/p>\n<h5><img loading=\"lazy\" decoding=\"async\" class=\"wp-image-18136 alignleft\" src=\"https:\/\/agora.xtec.cat\/iemariamiret\/wp-content\/uploads\/usu2321\/2024\/04\/ESO.png\" alt=\"\" width=\"61\" height=\"60\" srcset=\"https:\/\/agora.xtec.cat\/iemariamiret\/wp-content\/uploads\/usu2321\/2024\/04\/ESO.png 591w, https:\/\/agora.xtec.cat\/iemariamiret\/wp-content\/uploads\/usu2321\/2024\/04\/ESO-300x297.png 300w, https:\/\/agora.xtec.cat\/iemariamiret\/wp-content\/uploads\/usu2321\/2024\/04\/ESO-150x150.png 150w\" sizes=\"auto, (max-width: 61px) 100vw, 61px\" \/><strong>Secund\u00e0ria<\/strong><\/h5>\n<p>Acc\u00e9s per la Pla\u00e7a Guernica, 08903 L&#8217;Hospitalet de Llobregat, Barcelona<\/p>\n<p>&nbsp;<\/p>\n<p><img loading=\"lazy\" decoding=\"async\" class=\"aligncenter size-full wp-image-18149\" src=\"https:\/\/agora.xtec.cat\/iemariamiret\/wp-content\/uploads\/usu2321\/2024\/04\/Accessos.png\" alt=\"\" width=\"2190\" height=\"503\" srcset=\"https:\/\/agora.xtec.cat\/iemariamiret\/wp-content\/uploads\/usu2321\/2024\/04\/Accessos.png 2190w, https:\/\/agora.xtec.cat\/iemariamiret\/wp-content\/uploads\/usu2321\/2024\/04\/Accessos-300x69.png 300w, https:\/\/agora.xtec.cat\/iemariamiret\/wp-content\/uploads\/usu2321\/2024\/04\/Accessos-1024x235.png 1024w, https:\/\/agora.xtec.cat\/iemariamiret\/wp-content\/uploads\/usu2321\/2024\/04\/Accessos-768x176.png 768w, https:\/\/agora.xtec.cat\/iemariamiret\/wp-content\/uploads\/usu2321\/2024\/04\/Accessos-1536x353.png 1536w, https:\/\/agora.xtec.cat\/iemariamiret\/wp-content\/uploads\/usu2321\/2024\/04\/Accessos-2048x470.png 2048w\" sizes=\"auto, (max-width: 2190px) 100vw, 2190px\" \/><\/p>\n","protected":false},"excerpt":{"rendered":"<p>L&#8217;Institut Escola Maria Miret est\u00e0 situat al barri de Collblanc-La Torrassa, en els m\u00f2duls situats al carrer Mas n\u00fam. 20 i al carrer Riera Blanca n\u00fam 56. \u00c9s una zona ben comunicada, que disposa d&#8217;un servei de transport que cobreix la ciutat de Barcelona i l&#8217;Hospitalet. Com arribar en transport p\u00fablic? Metro:\u00a0L5 Badal, L5 Collblanc [&hellip;]<\/p>\n","protected":false},"author":1,"featured_media":0,"parent":18016,"menu_order":3,"comment_status":"closed","ping_status":"closed","template":"page-templates\/side-menu.php","meta":{"_bbp_topic_count":0,"_bbp_reply_count":0,"_bbp_total_topic_count":0,"_bbp_total_reply_count":0,"_bbp_voice_count":0,"_bbp_anonymous_reply_count":0,"_bbp_topic_count_hidden":0,"_bbp_reply_count_hidden":0,"_bbp_forum_subforum_count":0,"site-sidebar-layout":"default","site-content-layout":"","ast-site-content-layout":"","site-content-style":"default","site-sidebar-style":"default","ast-global-header-display":"","ast-banner-title-visibility":"","ast-main-header-display":"","ast-hfb-above-header-display":"","ast-hfb-below-header-display":"","ast-hfb-mobile-header-display":"","site-post-title":"","ast-breadcrumbs-content":"","ast-featured-img":"","footer-sml-layout":"","theme-transparent-header-meta":"","adv-header-id-meta":"","stick-header-meta":"","header-above-stick-meta":"","header-main-stick-meta":"","header-below-stick-meta":"","astra-migrate-meta-layouts":"default","ast-page-background-enabled":"default","ast-page-background-meta":{"desktop":{"background-color":"var(--ast-global-color-4)","background-image":"","background-repeat":"repeat","background-position":"center center","background-size":"auto","background-attachment":"scroll","background-type":"","background-media":"","overlay-type":"","overlay-color":"","overlay-opacity":"","overlay-gradient":""},"tablet":{"background-color":"","background-image":"","background-repeat":"repeat","background-position":"center center","background-size":"auto","background-attachment":"scroll","background-type":"","background-media":"","overlay-type":"","overlay-color":"","overlay-opacity":"","overlay-gradient":""},"mobile":{"background-color":"","background-image":"","background-repeat":"repeat","background-position":"center center","background-size":"auto","background-attachment":"scroll","background-type":"","background-media":"","overlay-type":"","overlay-color":"","overlay-opacity":"","overlay-gradient":""}},"ast-content-background-meta":{"desktop":{"background-color":"var(--ast-global-color-5)","background-image":"","background-repeat":"repeat","background-position":"center center","background-size":"auto","background-attachment":"scroll","background-type":"","background-media":"","overlay-type":"","overlay-color":"","overlay-opacity":"","overlay-gradient":""},"tablet":{"background-color":"var(--ast-global-color-5)","background-image":"","background-repeat":"repeat","background-position":"center center","background-size":"auto","background-attachment":"scroll","background-type":"","background-media":"","overlay-type":"","overlay-color":"","overlay-opacity":"","overlay-gradient":""},"mobile":{"background-color":"var(--ast-global-color-5)","background-image":"","background-repeat":"repeat","background-position":"center center","background-size":"auto","background-attachment":"scroll","background-type":"","background-media":"","overlay-type":"","overlay-color":"","overlay-opacity":"","overlay-gradient":""}},"footnotes":""},"class_list":["post-18103","page","type-page","status-publish","hentry"],"post_mailing_queue_ids":[],"_links":{"self":[{"href":"https:\/\/agora.xtec.cat\/iemariamiret\/wp-json\/wp\/v2\/pages\/18103","targetHints":{"allow":["GET"]}}],"collection":[{"href":"https:\/\/agora.xtec.cat\/iemariamiret\/wp-json\/wp\/v2\/pages"}],"about":[{"href":"https:\/\/agora.xtec.cat\/iemariamiret\/wp-json\/wp\/v2\/types\/page"}],"author":[{"embeddable":true,"href":"https:\/\/agora.xtec.cat\/iemariamiret\/wp-json\/wp\/v2\/users\/1"}],"replies":[{"embeddable":true,"href":"https:\/\/agora.xtec.cat\/iemariamiret\/wp-json\/wp\/v2\/comments?post=18103"}],"version-history":[{"count":5,"href":"https:\/\/agora.xtec.cat\/iemariamiret\/wp-json\/wp\/v2\/pages\/18103\/revisions"}],"predecessor-version":[{"id":18191,"href":"https:\/\/agora.xtec.cat\/iemariamiret\/wp-json\/wp\/v2\/pages\/18103\/revisions\/18191"}],"up":[{"embeddable":true,"href":"https:\/\/agora.xtec.cat\/iemariamiret\/wp-json\/wp\/v2\/pages\/18016"}],"wp:attachment":[{"href":"https:\/\/agora.xtec.cat\/iemariamiret\/wp-json\/wp\/v2\/media?parent=18103"}],"curies":[{"name":"wp","href":"https:\/\/api.w.org\/{rel}","templated":true}]}}