{"id":596,"date":"2024-02-29T12:39:18","date_gmt":"2024-02-29T11:39:18","guid":{"rendered":"https:\/\/agora.xtec.cat\/iemanresa\/?page_id=596"},"modified":"2024-11-05T10:34:42","modified_gmt":"2024-11-05T09:34:42","slug":"afa","status":"publish","type":"page","link":"https:\/\/agora.xtec.cat\/iemanresa\/afa\/","title":{"rendered":"AFA"},"content":{"rendered":"<p><img loading=\"lazy\" decoding=\"async\" class=\"alignnone size-full wp-image-1562\" src=\"https:\/\/agora.xtec.cat\/iemanresa\/wp-content\/uploads\/usu3023\/2024\/11\/Captura.jpg\" alt=\"\" width=\"683\" height=\"405\" srcset=\"https:\/\/agora.xtec.cat\/iemanresa\/wp-content\/uploads\/usu3023\/2024\/11\/Captura.jpg 683w, https:\/\/agora.xtec.cat\/iemanresa\/wp-content\/uploads\/usu3023\/2024\/11\/Captura-300x178.jpg 300w\" sizes=\"auto, (max-width: 683px) 100vw, 683px\" \/><\/p>\n<p><span class=\"OYPEnA font-feature-liga-off font-feature-clig-off font-feature-calt-off text-decoration-none text-strikethrough-none\">Fam\u00edlies, Som l&#8217;<\/span><span class=\"OYPEnA font-feature-liga-off font-feature-clig-off font-feature-calt-off text-decoration-none text-strikethrough-none\">AFA de l&#8217;IE Manresa<\/span><span class=\"OYPEnA font-feature-liga-off font-feature-clig-off font-feature-calt-off text-decoration-none text-strikethrough-none\">; un grup de mares i pares de la nostra escola que de manera volunt\u00e0ria destinem part del nostre temps a donar suport a les diferents necessitats de la nostra comunitat educativa.<\/span><\/p>\n<p><span class=\"OYPEnA font-feature-liga-off font-feature-clig-off font-feature-calt-off text-decoration-none text-strikethrough-none\">Qu\u00e8 fem? L&#8217;AFA \u00e9s la principal interlocutora entre l&#8217;escola i les fam\u00edlies. El nostre objectiu primordial \u00e9s contribuir en tots aquells aspectes relacionats amb l&#8217;educaci\u00f3 i el benestar dels nostres fills i filles conjuntament amb l&#8217;equip de mestres i amb l&#8217;equip directiu. <\/span><\/p>\n<p><span class=\"OYPEnA font-feature-liga-off font-feature-clig-off font-feature-calt-off text-decoration-none text-strikethrough-none\">Per aconseguir-ho \u00e9s fonamental el suport i el comprom\u00eds de totes les fam\u00edlies. Un cop m\u00e9s us agra\u00efm la vostra col\u00b7laboraci\u00f3 i acompanyament.<\/span><\/p>\n<p><a href=\"https:\/\/agora.xtec.cat\/iemanresa\/afa\/\">https:\/\/agora.xtec.cat\/iemanresa\/afa\/<\/a><\/p>\n","protected":false},"excerpt":{"rendered":"<p>Fam\u00edlies, Som l&#8217;AFA de l&#8217;IE Manresa; un grup de mares i pares de la nostra escola que de manera volunt\u00e0ria destinem part del nostre temps a donar suport a les diferents necessitats de la nostra comunitat educativa.<br \/>\nQu\u00e8 fem? L&#8217;AFA \u00e9s la principal interlocutora entre l&#8217;escola&hellip;  <a href=\"https:\/\/agora.xtec.cat\/iemanresa\/afa\/\" title=\"Read AFA\">Llegeix m\u00e9s\u00bb<\/a><\/p>\n","protected":false},"author":1,"featured_media":0,"parent":0,"menu_order":30,"comment_status":"closed","ping_status":"closed","template":"page-templates\/side-menu.php","meta":{"_bbp_topic_count":0,"_bbp_reply_count":0,"_bbp_total_topic_count":0,"_bbp_total_reply_count":0,"_bbp_voice_count":0,"_bbp_anonymous_reply_count":0,"_bbp_topic_count_hidden":0,"_bbp_reply_count_hidden":0,"_bbp_forum_subforum_count":0,"footnotes":""},"class_list":["post-596","page","type-page","status-publish","hentry"],"post_mailing_queue_ids":[],"_links":{"self":[{"href":"https:\/\/agora.xtec.cat\/iemanresa\/wp-json\/wp\/v2\/pages\/596","targetHints":{"allow":["GET"]}}],"collection":[{"href":"https:\/\/agora.xtec.cat\/iemanresa\/wp-json\/wp\/v2\/pages"}],"about":[{"href":"https:\/\/agora.xtec.cat\/iemanresa\/wp-json\/wp\/v2\/types\/page"}],"author":[{"embeddable":true,"href":"https:\/\/agora.xtec.cat\/iemanresa\/wp-json\/wp\/v2\/users\/1"}],"replies":[{"embeddable":true,"href":"https:\/\/agora.xtec.cat\/iemanresa\/wp-json\/wp\/v2\/comments?post=596"}],"version-history":[{"count":6,"href":"https:\/\/agora.xtec.cat\/iemanresa\/wp-json\/wp\/v2\/pages\/596\/revisions"}],"predecessor-version":[{"id":1563,"href":"https:\/\/agora.xtec.cat\/iemanresa\/wp-json\/wp\/v2\/pages\/596\/revisions\/1563"}],"wp:attachment":[{"href":"https:\/\/agora.xtec.cat\/iemanresa\/wp-json\/wp\/v2\/media?parent=596"}],"curies":[{"name":"wp","href":"https:\/\/api.w.org\/{rel}","templated":true}]}}

<p><img loading="lazy" decoding="async" class="alignnone size-full wp-image-1562" src="https://agora.xtec.cat/iemanresa/wp-content/uploads/usu3023/2024/11/Captura.jpg" alt="" width="683" height="405" srcset="https://agora.xtec.cat/iemanresa/wp-content/uploads/usu3023/2024/11/Captura.jpg 683w, https://agora.xtec.cat/iemanresa/wp-content/uploads/usu3023/2024/11/Captura-300x178.jpg 300w" sizes="auto, (max-width: 683px) 100vw, 683px" /></p>
<p><span class="OYPEnA font-feature-liga-off font-feature-clig-off font-feature-calt-off text-decoration-none text-strikethrough-none">Famílies, Som l&#8217;</span><span class="OYPEnA font-feature-liga-off font-feature-clig-off font-feature-calt-off text-decoration-none text-strikethrough-none">AFA de l&#8217;IE Manresa</span><span class="OYPEnA font-feature-liga-off font-feature-clig-off font-feature-calt-off text-decoration-none text-strikethrough-none">; un grup de mares i pares de la nostra escola que de manera voluntària destinem part del nostre temps a donar suport a les diferents necessitats de la nostra comunitat educativa.</span></p>
<p><span class="OYPEnA font-feature-liga-off font-feature-clig-off font-feature-calt-off text-decoration-none text-strikethrough-none">Què fem? L&#8217;AFA és la principal interlocutora entre l&#8217;escola i les famílies. El nostre objectiu primordial és contribuir en tots aquells aspectes relacionats amb l&#8217;educació i el benestar dels nostres fills i filles conjuntament amb l&#8217;equip de mestres i amb l&#8217;equip directiu. </span></p>
<p><span class="OYPEnA font-feature-liga-off font-feature-clig-off font-feature-calt-off text-decoration-none text-strikethrough-none">Per aconseguir-ho és fonamental el suport i el compromís de totes les famílies. Un cop més us agraïm la vostra col·laboració i acompanyament.</span></p>
<p><a href="https://agora.xtec.cat/iemanresa/afa/">https://agora.xtec.cat/iemanresa/afa/</a></p>

<p>Famílies, Som l&#8217;AFA de l&#8217;IE Manresa; un grup de mares i pares de la nostra escola que de manera voluntària destinem part del nostre temps a donar suport a les diferents necessitats de la nostra comunitat educativa.<br />
Què fem? L&#8217;AFA és la principal interlocutora entre l&#8217;escola&hellip;  <a href="https://agora.xtec.cat/iemanresa/afa/" title="Read AFA">Llegeix més»</a></p>
