{"id":1608,"date":"2024-11-05T12:49:32","date_gmt":"2024-11-05T11:49:32","guid":{"rendered":"https:\/\/agora.xtec.cat\/iemanresa\/?page_id=1608"},"modified":"2026-03-20T12:36:51","modified_gmt":"2026-03-20T11:36:51","slug":"circulars-primaria","status":"publish","type":"page","link":"https:\/\/agora.xtec.cat\/iemanresa\/serveis\/circulars-primaria\/","title":{"rendered":"Circulars Prim\u00e0ria"},"content":{"rendered":"<p><a href=\"https:\/\/agora.xtec.cat\/iemanresa\/wp-content\/uploads\/usu3023\/2026\/03\/260326_Parc-de-lagulla.pdf\"><span style=\"font-size: 20px; font-family: arial, helvetica, sans-serif; color: #cf08c8;\">Sortida al Parc de l\u2019Agulla P4.<\/span><\/a><\/p>\n<p><a href=\"https:\/\/agora.xtec.cat\/iemanresa\/wp-content\/uploads\/usu3023\/2026\/03\/220324_lasequia.pdf\"><span style=\"font-size: 20px; font-family: arial, helvetica, sans-serif; color: #cf08c8;\">Sortida al Parc de l\u2019Agulla i la S\u00e8quia P3.<\/span><\/a><\/p>\n<p><a href=\"https:\/\/agora.xtec.cat\/iemanresa\/wp-content\/uploads\/usu3023\/2026\/03\/circular-caramelles.pdf\"><span style=\"font-size: 20px; font-family: arial, helvetica, sans-serif; color: #cf08c8;\">Circular Caramelles Infantil i P1.<\/span><\/a><\/p>\n<p><a href=\"https:\/\/agora.xtec.cat\/iemanresa\/wp-content\/uploads\/usu3023\/2026\/03\/03_03_26_Piscina_P1.pdf\"><span style=\"font-size: 20px; font-family: arial, helvetica, sans-serif; color: #cf08c8;\">0300326 Programa d&#8217;activitats aqu\u00e0tiques P1.<\/span><\/a><\/p>\n<p><a href=\"https:\/\/agora.xtec.cat\/iemanresa\/wp-content\/uploads\/usu3023\/2026\/02\/260205_Museu-de-lAigua-i-el-Textil-.pdf\"><span style=\"font-size: 20px; font-family: arial, helvetica, sans-serif; color: #cf08c8;\">260205 Museu de l&#8217;Aigua i el T\u00e8xtil P6.<\/span><\/a><\/p>\n<p><a href=\"https:\/\/agora.xtec.cat\/iemanresa\/wp-content\/uploads\/usu3023\/2026\/02\/260219_Parlament-Ruta-Gaudi.pdf\"><span style=\"font-size: 20px; font-family: arial, helvetica, sans-serif; color: #cf08c8;\">230226 Ruta Gaud\u00ed i Parlament de Catalunya P4.<\/span><\/a><\/p>\n<p><a href=\"https:\/\/agora.xtec.cat\/iemanresa\/wp-content\/uploads\/usu3023\/2026\/02\/160326-CANTAXICS-CONCERT.pdf\"><span style=\"font-size: 20px; font-family: arial, helvetica, sans-serif; color: #cf08c8;\">160326 Queralt somiatruites vestuari P2.<\/span><\/a><\/p>\n<p><a href=\"https:\/\/agora.xtec.cat\/iemanresa\/wp-content\/uploads\/usu3023\/2026\/02\/020326-Queraltsomiatruites-venda-entrades.pdf\"><span style=\"font-size: 20px; font-family: arial, helvetica, sans-serif; color: #cf08c8;\">020326 Queralt somiatruites venda entrades P2.<\/span><\/a><\/p>\n<p><a href=\"https:\/\/agora.xtec.cat\/iemanresa\/wp-content\/uploads\/usu3023\/2026\/01\/260121_Visita-guiada-EP6-ESO1.pdf\"><span style=\"font-size: 20px; font-family: arial, helvetica, sans-serif; color: #cf08c8;\">260121_Visita guiada P6-ESO1. <\/span><\/a><\/p>\n<p><a href=\"https:\/\/agora.xtec.cat\/iemanresa\/wp-content\/uploads\/usu3023\/2026\/01\/260213_Muntanya-de-sal-de-Cardona-.pdf\"><span style=\"font-size: 20px; font-family: arial, helvetica, sans-serif; color: #cf08c8;\">Sortida al Parc Cultural de la Muntanya de sal de Cardona. 13 de febrer. (P6)<\/span><\/a><\/p>\n<p><a href=\"https:\/\/agora.xtec.cat\/iemanresa\/wp-content\/uploads\/usu3023\/2025\/12\/251210_-Bestreta-Artur-Martorell_EP6.pdf\"><span style=\"font-size: 20px; font-family: arial, helvetica, sans-serif; color: #cf08c8;\">Bestreta Artur Martorell 17 de desembre. (P6)<\/span><\/a><\/p>\n<p><a href=\"https:\/\/agora.xtec.cat\/iemanresa\/wp-content\/uploads\/usu3023\/2025\/11\/25-12-01-vestuari-P4-i-P5-Poema-Nadal.pdf\"><span style=\"font-size: 20px; font-family: arial, helvetica, sans-serif; color: #cf08c8;\">Vestuari:\u00a0 &#8220;Poema de Nadal&#8221;. 17 de desembre. (P4 i P5)<\/span><\/a><\/p>\n<p><a href=\"https:\/\/agora.xtec.cat\/iemanresa\/wp-content\/uploads\/usu3023\/2025\/11\/25-12-01-vestuari-P6-Poema-Nadal.pdf\"><span style=\"font-size: 20px; font-family: arial, helvetica, sans-serif; color: #cf08c8;\">Vestuari:\u00a0 &#8220;Poema de Nadal&#8221;. 17 de desembre. (P6)<\/span><\/a><\/p>\n<p><a href=\"https:\/\/agora.xtec.cat\/iemanresa\/wp-content\/uploads\/usu3023\/2025\/11\/25_12_01Vestuari-Aveto-P1-i-P2.pdf\"><span style=\"font-size: 20px; font-family: arial, helvetica, sans-serif; color: #cf08c8;\">Vestuari:\u00a0 &#8220;El viatge d&#8217;avet\u00f3&#8221;. 17 de desembre. (P1 i P2)<\/span><\/a><\/p>\n<p><a href=\"https:\/\/agora.xtec.cat\/iemanresa\/wp-content\/uploads\/usu3023\/2025\/11\/25_12_01Vestuari-Aveto-P3.pdf\"><span style=\"font-size: 20px; font-family: arial, helvetica, sans-serif; color: #cf08c8;\">Vestuari:\u00a0 &#8220;El viatge d&#8217;avet\u00f3&#8221;. 17 de desembre. (P3)<\/span><\/a><\/p>\n<p><a href=\"https:\/\/agora.xtec.cat\/iemanresa\/wp-content\/uploads\/usu3023\/2025\/11\/25-12-01-entrades-poema-nadal-P4-i-P5-OK.pdf\"><span style=\"font-size: 20px; font-family: arial, helvetica, sans-serif; color: #cf08c8;\">Entrades al Kursaal 17 de novembre:\u00a0 &#8220;El nostre poema de Nadal&#8221;. (P4, P5 i P6)<\/span><\/a><\/p>\n<p><a href=\"https:\/\/agora.xtec.cat\/iemanresa\/wp-content\/uploads\/usu3023\/2025\/11\/251110Entrades-El-viatge-d\u00b4Aveto.pdf\"><span style=\"font-size: 20px; font-family: arial, helvetica, sans-serif; color: #cf08c8;\">Entrades al Kursaal 17 de novembre:\u00a0 &#8220;El viatge d&#8217;avet\u00f3&#8221;. (P1, P2 i P3)<\/span><\/a><\/p>\n<p><a href=\"https:\/\/agora.xtec.cat\/iemanresa\/wp-content\/uploads\/usu3023\/2025\/10\/251013-Convis-P4.pdf\"><span style=\"font-size: 20px; font-family: arial, helvetica, sans-serif; color: #cf08c8;\">Conviv\u00e8ncies La Marinada. (P4)<\/span><\/a><\/p>\n<p><a href=\"https:\/\/agora.xtec.cat\/iemanresa\/wp-content\/uploads\/usu3023\/2025\/10\/251113-assitencia-festivall.pdf\"><span style=\"font-size: 20px; font-family: arial, helvetica, sans-serif; color: #cf08c8;\">Confirmaci\u00f3 assist\u00e8ncia a l&#8217;espectacle &#8220;EL VIATGE D&#8217;AVET\u00d3. (P1, P2 i P3)<\/span><\/a><\/p>\n<p><a href=\"https:\/\/agora.xtec.cat\/iemanresa\/wp-content\/uploads\/usu3023\/2025\/09\/251023-Convis-P5.pdf\"><span style=\"font-size: 20px; font-family: arial, helvetica, sans-serif; color: #cf08c8;\">Conviv\u00e8ncies La Capella. (P5)<\/span><\/a><\/p>\n<p><a href=\"https:\/\/agora.xtec.cat\/iemanresa\/wp-content\/uploads\/usu3023\/2025\/09\/251001-Convis-P1_P2_P3-sense-motxilla.pdf\"><span style=\"font-size: 20px; font-family: arial, helvetica, sans-serif; color: #cf08c8;\">Conviv\u00e8ncies Santa Maria del Roure \/ alumnes sense motxilla. (P1 &#8211; P2 &#8211; P3)<\/span><\/a><\/p>\n<p><a href=\"https:\/\/agora.xtec.cat\/iemanresa\/wp-content\/uploads\/usu3023\/2025\/09\/251001-Convis-P1_P2_P3-amb-motxilla.pdf\"><span style=\"font-size: 20px; font-family: arial, helvetica, sans-serif; color: #cf08c8;\">Conviv\u00e8ncies Santa Maria del Roure \/ alumnes amb motxilla. (P1 &#8211; P2 &#8211; P3)<\/span><\/a><\/p>\n<p><a href=\"https:\/\/agora.xtec.cat\/iemanresa\/wp-content\/uploads\/usu3023\/2025\/09\/250922-Bestreta-Cantonigros-P1-P2-P3.pdf\"><span style=\"font-size: 20px; font-family: arial, helvetica, sans-serif; color: #cf08c8;\">Bestreta Conviv\u00e8ncies Santa Maria del Roure. (P1 &#8211; P2 &#8211; P3)<\/span><\/a><\/p>\n<p><a href=\"https:\/\/agora.xtec.cat\/iemanresa\/wp-content\/uploads\/usu3023\/2025\/09\/250930_-Bestreta-La-Marinada_P4.pdf\"><span style=\"font-size: 20px; font-family: arial, helvetica, sans-serif; color: #cf08c8;\">Bestreta Conviv\u00e8ncies La Marinada. (P4)<\/span><\/a><\/p>\n<p><a href=\"https:\/\/agora.xtec.cat\/iemanresa\/wp-content\/uploads\/usu3023\/2025\/09\/250930_-Bestreta-La-Capella_P5.pdf\"><span style=\"font-size: 20px; font-family: arial, helvetica, sans-serif; color: #cf08c8;\">Bestreta Conviv\u00e8ncies La Capella. (P5)<\/span><\/a><\/p>\n<p><a href=\"https:\/\/agora.xtec.cat\/iemanresa\/wp-content\/uploads\/usu3023\/2025\/09\/25_09_09_Piscina_P2.pdf\"><span style=\"color: #cf08c8; font-size: 20px; font-family: arial, helvetica, sans-serif;\">Programa d&#8217;activitats aqu\u00e0tiques P2 (del 23 de setembre al 26 de novembre)<\/span><\/a><\/p>\n<p><a href=\"https:\/\/agora.xtec.cat\/iemanresa\/wp-content\/uploads\/usu3023\/2025\/09\/250925_CovesdelToll_P2.pdf\"><span style=\"font-family: arial, helvetica, sans-serif; color: #cf08c8;\"><span style=\"font-size: 20px;\">Sortida Coves del Toll P2 (25\/09\/2025)<\/span><\/span><\/a><\/p>\n<p>&nbsp;<\/p>\n<p>&nbsp;<\/p>\n<p>&nbsp;<\/p>\n","protected":false},"excerpt":{"rendered":"<p><a href=\"https:\/\/agora.xtec.cat\/iemanresa\/wp-content\/uploads\/usu3023\/2026\/03\/260326_Parc-de-lagulla.pdf\">Sortida al Parc de l\u2019Agulla P4.<\/a><br \/>\n<a href=\"https:\/\/agora.xtec.cat\/iemanresa\/wp-content\/uploads\/usu3023\/2026\/03\/220324_lasequia.pdf\">Sortida al Parc de l\u2019Agulla i la S\u00e8quia P3.<\/a><br \/>\n<a href=\"https:\/\/agora.xtec.cat\/iemanresa\/wp-content\/uploads\/usu3023\/2026\/03\/circular-caramelles.pdf\">Circular Caramelles Infantil i P1.<\/a><br \/>\n<a href=\"https:\/\/agora.xtec.cat\/iemanresa\/wp-content\/uploads\/usu3023\/2026\/03\/03_03_26_Piscina_P1.pdf\">0300326 Programa d&#8217;activitats aqu\u00e0tiques P1.<\/a><br \/>\n<a href=\"https:\/\/agora.xtec.cat\/iemanresa\/wp-content\/uploads\/usu3023\/2026\/02\/260205_Museu-de-lAigua-i-el-Textil-.pdf\">260205 Museu de l&#8217;Aigua i el T\u00e8xtil P6.<\/a><br \/>\n<a href=\"https:\/\/agora.xtec.cat\/iemanresa\/wp-content\/uploads\/usu3023\/2026\/02\/260219_Parlament-Ruta-Gaudi.pdf\">230226 Ruta Gaud\u00ed i Parlament de Catalunya P4.<\/a><br \/>\n<a href=\"https:\/\/agora.xtec.cat\/iemanresa\/wp-content\/uploads\/usu3023\/2026\/02\/160326-CANTAXICS-CONCERT.pdf\">160326 Queralt somiatruites&hellip;  <a href=\"https:\/\/agora.xtec.cat\/iemanresa\/serveis\/circulars-primaria\/\" title=\"Read Circulars Prim\u00e0ria\">Llegeix m\u00e9s\u00bb<\/a><\/p>\n","protected":false},"author":1,"featured_media":0,"parent":66,"menu_order":20,"comment_status":"closed","ping_status":"closed","template":"page-templates\/side-menu.php","meta":{"_bbp_topic_count":0,"_bbp_reply_count":0,"_bbp_total_topic_count":0,"_bbp_total_reply_count":0,"_bbp_voice_count":0,"_bbp_anonymous_reply_count":0,"_bbp_topic_count_hidden":0,"_bbp_reply_count_hidden":0,"_bbp_forum_subforum_count":0,"footnotes":""},"class_list":["post-1608","page","type-page","status-publish","hentry"],"post_mailing_queue_ids":[],"_links":{"self":[{"href":"https:\/\/agora.xtec.cat\/iemanresa\/wp-json\/wp\/v2\/pages\/1608","targetHints":{"allow":["GET"]}}],"collection":[{"href":"https:\/\/agora.xtec.cat\/iemanresa\/wp-json\/wp\/v2\/pages"}],"about":[{"href":"https:\/\/agora.xtec.cat\/iemanresa\/wp-json\/wp\/v2\/types\/page"}],"author":[{"embeddable":true,"href":"https:\/\/agora.xtec.cat\/iemanresa\/wp-json\/wp\/v2\/users\/1"}],"replies":[{"embeddable":true,"href":"https:\/\/agora.xtec.cat\/iemanresa\/wp-json\/wp\/v2\/comments?post=1608"}],"version-history":[{"count":7,"href":"https:\/\/agora.xtec.cat\/iemanresa\/wp-json\/wp\/v2\/pages\/1608\/revisions"}],"predecessor-version":[{"id":3674,"href":"https:\/\/agora.xtec.cat\/iemanresa\/wp-json\/wp\/v2\/pages\/1608\/revisions\/3674"}],"up":[{"embeddable":true,"href":"https:\/\/agora.xtec.cat\/iemanresa\/wp-json\/wp\/v2\/pages\/66"}],"wp:attachment":[{"href":"https:\/\/agora.xtec.cat\/iemanresa\/wp-json\/wp\/v2\/media?parent=1608"}],"curies":[{"name":"wp","href":"https:\/\/api.w.org\/{rel}","templated":true}]}}