{"id":1205,"date":"2024-10-28T16:53:48","date_gmt":"2024-10-28T15:53:48","guid":{"rendered":"https:\/\/agora.xtec.cat\/iemanresa\/?page_id=1205"},"modified":"2026-02-09T15:32:42","modified_gmt":"2026-02-09T14:32:42","slug":"primaria","status":"publish","type":"page","link":"https:\/\/agora.xtec.cat\/iemanresa\/oferta-educativa\/primaria\/","title":{"rendered":"Prim\u00e0ria"},"content":{"rendered":"<p><img loading=\"lazy\" decoding=\"async\" class=\"alignnone wp-image-1596\" src=\"https:\/\/agora.xtec.cat\/iemanresa\/wp-content\/uploads\/usu3023\/2024\/11\/Captura-3.jpg\" alt=\"\" width=\"806\" height=\"357\" srcset=\"https:\/\/agora.xtec.cat\/iemanresa\/wp-content\/uploads\/usu3023\/2024\/11\/Captura-3.jpg 720w, https:\/\/agora.xtec.cat\/iemanresa\/wp-content\/uploads\/usu3023\/2024\/11\/Captura-3-300x133.jpg 300w\" sizes=\"auto, (max-width: 806px) 100vw, 806px\" \/><\/p>\n<p><strong><span style=\"color: #a1467e; font-size: 32px; font-family: arial, helvetica, sans-serif;\">Horari lectiu:<\/span><\/strong><\/p>\n<ul>\n<li style=\"list-style-type: none;\">\n<ul class=\"wixui-rich-text__text\">\n<li class=\"wixui-rich-text__text\">\n<p class=\"font_8 wixui-rich-text__text\"><span style=\"font-family: arial, helvetica, sans-serif;\"><span class=\"wixui-rich-text__text\">Cada dia de 9:00 a 12:30 h i de 15:00 a 16:30<\/span><span class=\"wixui-rich-text__text\">\u00a0h.<\/span><\/span><\/p>\n<\/li>\n<\/ul>\n<\/li>\n<\/ul>\n<p lang=\"ca-ES\" align=\"justify\"><span style=\"font-size: 16px; font-family: arial, helvetica, sans-serif;\">L\u2019Educaci\u00f3 Prim\u00e0ria \u00e9s una etapa fonamental i privilegiada en la formaci\u00f3 dels infants, que s\u2019inicia en finalitzar l\u2019educaci\u00f3 infantil i continua en l\u2019educaci\u00f3 secund\u00e0ria obligat\u00f2ria (ES0).<\/span><\/p>\n<p lang=\"ca-ES\" align=\"justify\"><span style=\"font-size: 16px; font-family: arial, helvetica, sans-serif;\">La finalitat b\u00e0sica d\u2019aquesta etapa educativa \u00e9s proporcionar a l\u2019alumnat un marc d\u2019aprenentatges que li permeti iniciar-se en l\u2019adquisici\u00f3 de les compet\u00e8ncies b\u00e0siques i en l\u2019aplicaci\u00f3 dels instruments necessaris per adquirir nous aprenentatges.<\/span><\/p>\n<p lang=\"ca-ES\" align=\"justify\"><span style=\"font-family: arial, helvetica, sans-serif; font-size: 16px;\"><b>Saber dir, saber fer, saber pensar i saber sentir<\/b>, a trav\u00e9s d\u2019activitats i projectes que es poden planificar de manera multidisciplin\u00e0ria, \u00e9s a dir amb l\u2019aportaci\u00f3 i l\u2019enfocament d\u2019experi\u00e8ncies d\u2019\u00e0mbits diversos.<\/span><\/p>\n<p lang=\"ca-ES\" align=\"justify\"><span style=\"font-family: arial, helvetica, sans-serif; font-size: 16px;\">Trobar motivacions i despertar b\u00e9 tots els sentits de l\u2019alumnat perqu\u00e8 a trav\u00e9s d\u2019ells aprenguin d\u2019una manera espont\u00e0nia i natural.<\/span><\/p>\n<p lang=\"ca-ES\" align=\"left\"><span style=\"font-family: 'arial black', sans-serif; color: #a1467e;\"><span style=\"font-size: xx-large;\">Acompanyament <\/span><span style=\"font-size: xx-large;\">als infants i a les\u00a0<\/span><span style=\"font-size: xx-large;\">seves fam\u00edlies<\/span><\/span><\/p>\n<p lang=\"ca-ES\" align=\"justify\"><span style=\"color: #a1467e; font-size: 20px; font-family: 'arial black', sans-serif;\">Aprendre a pensar: filosofia 3\/18<\/span><\/p>\n<p lang=\"ca-ES\" align=\"justify\"><span style=\"font-size: 16px; font-family: arial, helvetica, sans-serif;\"><span style=\"color: #111111;\">Per enfortir les habilitats de pensament i la capacitat reflexiva; per aprendre a pensar i preparar els infants per a la participaci\u00f3 en una societat democr\u00e0tica.<\/span><\/span><\/p>\n<p lang=\"ca-ES\" align=\"left\"><img loading=\"lazy\" decoding=\"async\" class=\"wp-image-1206 aligncenter\" src=\"https:\/\/agora.xtec.cat\/iemanresa\/wp-content\/uploads\/usu3023\/2024\/10\/Captura-27.jpg\" alt=\"\" width=\"404\" height=\"267\" \/><\/p>\n<p lang=\"ca-ES\" align=\"justify\"><span style=\"font-size: 20px; font-family: 'arial black', sans-serif; color: #a1467e;\">Bon dia \u201dConnecta\u2019t\u201d<\/span><\/p>\n<p lang=\"ca-ES\" align=\"justify\"><span style=\"font-size: 16px; color: #000000; font-family: arial, helvetica, sans-serif;\">Una bona rebuda, una bona acollida, uns minuts de pr\u00e0ctica di\u00e0ria de respiraci\u00f3 conscient, de m\u00fasica, petites meditacions&#8230; ens ajuden a estar amb m\u00e9s tranquil\u00b7litat, m\u00e9s atenci\u00f3 i millor disposici\u00f3 per a l\u2019aprenentatge.<\/span><\/p>\n<p lang=\"ca-ES\" align=\"justify\"><img loading=\"lazy\" decoding=\"async\" class=\"alignnone wp-image-1209 aligncenter\" src=\"https:\/\/agora.xtec.cat\/iemanresa\/wp-content\/uploads\/usu3023\/2024\/10\/Captura-28.jpg\" alt=\"\" width=\"474\" height=\"260\" srcset=\"https:\/\/agora.xtec.cat\/iemanresa\/wp-content\/uploads\/usu3023\/2024\/10\/Captura-28.jpg 317w, https:\/\/agora.xtec.cat\/iemanresa\/wp-content\/uploads\/usu3023\/2024\/10\/Captura-28-300x165.jpg 300w\" sizes=\"auto, (max-width: 474px) 100vw, 474px\" \/>\u00a0 \u00a0 <img loading=\"lazy\" decoding=\"async\" class=\"alignnone wp-image-1210 aligncenter\" src=\"https:\/\/agora.xtec.cat\/iemanresa\/wp-content\/uploads\/usu3023\/2024\/10\/Captura-29.jpg\" alt=\"\" width=\"321\" height=\"257\" \/><\/p>\n<p style=\"text-align: left;\" align=\"justify\"><span style=\"color: #a1467e; font-size: 20px; font-family: 'arial black', sans-serif;\">Educaci\u00f3 emocional<\/span><\/p>\n<p lang=\"ca-ES\" style=\"text-align: left;\" align=\"justify\"><span style=\"color: #111111; font-size: 16px; font-family: arial, helvetica, sans-serif;\">Per aprendre a gestionar la r\u00e0bia, la tristesa, la por&#8230; Per aprendre a escoltar els altres, a millorar les relacions socials, a expressar-nos de forma assertiva, a resoldre els conflictes i a respectar-nos. Per aprendre a viure i conviure millor, amb l\u2019assessorament d\u2019especialistes en educaci\u00f3 emocional.<\/span><\/p>\n<p lang=\"ca-ES\" align=\"justify\"><img loading=\"lazy\" decoding=\"async\" class=\"alignnone wp-image-1212 aligncenter\" src=\"https:\/\/agora.xtec.cat\/iemanresa\/wp-content\/uploads\/usu3023\/2024\/10\/Captura-30.jpg\" alt=\"\" width=\"563\" height=\"348\" srcset=\"https:\/\/agora.xtec.cat\/iemanresa\/wp-content\/uploads\/usu3023\/2024\/10\/Captura-30.jpg 679w, https:\/\/agora.xtec.cat\/iemanresa\/wp-content\/uploads\/usu3023\/2024\/10\/Captura-30-300x185.jpg 300w\" sizes=\"auto, (max-width: 563px) 100vw, 563px\" \/>\u00a0 \u00a0 <img loading=\"lazy\" decoding=\"async\" class=\"alignnone wp-image-1213 aligncenter\" src=\"https:\/\/agora.xtec.cat\/iemanresa\/wp-content\/uploads\/usu3023\/2024\/10\/Captura-31.jpg\" alt=\"\" width=\"264\" height=\"347\" \/><\/p>\n<p align=\"left\"><span style=\"color: #a1467e; font-family: 'arial black', sans-serif; font-size: 20px;\">Orientaci\u00f3<\/span><\/p>\n<p lang=\"ca-ES\" align=\"justify\"><span style=\"color: #111111; font-family: arial, helvetica, sans-serif; font-size: 16px;\">Entrevistes amb les fam\u00edlies per fer el seguiment del proc\u00e9s d\u2019aprenentatge dels infants i la seva evoluci\u00f3. Lliurament trimestral d\u2019un informe escrit, detallant les compet\u00e8ncies que van assolint.<\/span><\/p>\n<p lang=\"ca-ES\" align=\"justify\"><img loading=\"lazy\" decoding=\"async\" class=\"wp-image-1214 aligncenter\" src=\"https:\/\/agora.xtec.cat\/iemanresa\/wp-content\/uploads\/usu3023\/2024\/10\/Captura-32.jpg\" alt=\"\" width=\"308\" height=\"210\" srcset=\"https:\/\/agora.xtec.cat\/iemanresa\/wp-content\/uploads\/usu3023\/2024\/10\/Captura-32.jpg 787w, https:\/\/agora.xtec.cat\/iemanresa\/wp-content\/uploads\/usu3023\/2024\/10\/Captura-32-300x205.jpg 300w, https:\/\/agora.xtec.cat\/iemanresa\/wp-content\/uploads\/usu3023\/2024\/10\/Captura-32-768x524.jpg 768w\" sizes=\"auto, (max-width: 308px) 100vw, 308px\" \/><\/p>\n<p align=\"justify\"><span style=\"font-family: 'arial black', sans-serif; font-size: 20px; color: #a1467e;\">Festa de Pas de Prim\u00e0ria a ESO: \u201dEns fem grans<span lang=\"ca-ES\">\u201d<\/span><\/span><\/p>\n<p lang=\"ca-ES\" align=\"justify\"><span style=\"color: #111111; font-size: 16px; font-family: arial, helvetica, sans-serif;\">Ritual de caire festiu, amb infants, mestres i fam\u00edlies, per acomiadar l\u2019etapa de prim\u00e0ria i donar la benvinguda a la meravellosa adolesc\u00e8ncia, una etapa plena de vida i de for\u00e7a.<\/span><\/p>\n<div style=\"width: 480px;\" class=\"wp-video\"><!--[if lt IE 9]><script>document.createElement('video');<\/script><![endif]-->\n<video class=\"wp-video-shortcode\" id=\"video-1205-1\" width=\"480\" height=\"640\" autoplay=\"1\" preload=\"metadata\" controls=\"controls\"><source type=\"video\/mp4\" src=\"https:\/\/agora.xtec.cat\/iemanresa\/wp-content\/uploads\/usu3023\/2024\/10\/InShot_20240712_102001862.mp4?_=1\" \/><a href=\"https:\/\/agora.xtec.cat\/iemanresa\/wp-content\/uploads\/usu3023\/2024\/10\/InShot_20240712_102001862.mp4\">https:\/\/agora.xtec.cat\/iemanresa\/wp-content\/uploads\/usu3023\/2024\/10\/InShot_20240712_102001862.mp4<\/a><\/video><\/div>\n<p><span style=\"font-family: 'arial black', sans-serif; color: #a1467e;\"><span style=\"font-size: xx-large;\">Angl\u00e8s<\/span><\/span><\/p>\n<p lang=\"ca-ES\" align=\"left\"><span style=\"color: #a1467e; font-size: 20px; font-family: 'arial black', sans-serif;\"><b>English<\/b><\/span><\/p>\n<p lang=\"ca-ES\" align=\"left\"><span style=\"color: #111111; font-size: 16px; font-family: arial, helvetica, sans-serif;\">Per dotar l\u2019alumnat d\u2019una de les compet\u00e8ncies b\u00e0siques imprescindibles per al segle XXI, ampliem les hores setmanals d\u2019angl\u00e8s, m\u00e9s enll\u00e0 de les establertes pel Departament.<\/span><\/p>\n<p lang=\"ca-ES\" align=\"left\"><img loading=\"lazy\" decoding=\"async\" class=\"wp-image-1216 aligncenter\" src=\"https:\/\/agora.xtec.cat\/iemanresa\/wp-content\/uploads\/usu3023\/2024\/10\/Captura-33.jpg\" alt=\"\" width=\"242\" height=\"322\" \/><\/p>\n<p lang=\"ca-ES\" align=\"left\"><span style=\"color: #a1467e; font-family: 'arial black', sans-serif; font-size: 20px;\">Exposicions orals en catal\u00e0, castell\u00e0 i angl\u00e8s<\/span><\/p>\n<p lang=\"ca-ES\" align=\"justify\"><span style=\"color: #111111; font-size: 16px; font-family: arial, helvetica, sans-serif;\">Per aprendre a expressar-se en p\u00fablic, elaborant un gui\u00f3 previ, cercant informaci\u00f3 i preparant l\u2019exposici\u00f3 amb un suport visual.<\/span><\/p>\n<p lang=\"ca-ES\" align=\"justify\"><img loading=\"lazy\" decoding=\"async\" class=\"wp-image-1218 aligncenter\" src=\"https:\/\/agora.xtec.cat\/iemanresa\/wp-content\/uploads\/usu3023\/2024\/10\/Captura-35.jpg\" alt=\"\" width=\"485\" height=\"272\" srcset=\"https:\/\/agora.xtec.cat\/iemanresa\/wp-content\/uploads\/usu3023\/2024\/10\/Captura-35.jpg 351w, https:\/\/agora.xtec.cat\/iemanresa\/wp-content\/uploads\/usu3023\/2024\/10\/Captura-35-300x168.jpg 300w\" sizes=\"auto, (max-width: 485px) 100vw, 485px\" \/><\/p>\n<p lang=\"ca-ES\" align=\"justify\"><span style=\"font-family: 'arial black', sans-serif; color: #a1467e;\"><span style=\"font-size: xx-large;\">Expressi\u00f3<\/span><\/span><\/p>\n<p lang=\"ca-ES\" align=\"justify\"><span style=\"color: #a1467e; font-family: 'arial black', sans-serif; font-size: 20px;\">Espai d\u2019art<\/span><\/p>\n<p lang=\"ca-ES\" align=\"left\"><span style=\"color: #111111; font-family: arial, helvetica, sans-serif; font-size: 16px;\">Per incentivar la creativitat i aprendre diferents t\u00e8cniques art\u00edstiques, relacionant-les amb els projectes que es treballen a les diferents \u00e0rees a cada curs.<\/span><\/p>\n<p lang=\"ca-ES\" align=\"left\"><img loading=\"lazy\" decoding=\"async\" class=\"wp-image-1217 aligncenter\" src=\"https:\/\/agora.xtec.cat\/iemanresa\/wp-content\/uploads\/usu3023\/2024\/10\/Captura-34.jpg\" alt=\"\" width=\"360\" height=\"293\" \/><\/p>\n<p lang=\"ca-ES\" align=\"justify\"><span style=\"font-size: 20px; color: #a1467e; font-family: 'arial black', sans-serif;\">Expressi\u00f3 corporal, m\u00fasica, dansa i teatre<\/span><\/p>\n<p lang=\"ca-ES\" align=\"left\"><span style=\"color: #111111; font-size: 16px; font-family: arial, helvetica, sans-serif;\"><span style=\"color: #a1467e; font-family: 'arial black', sans-serif;\">Musi-cos<\/span> a 1<sup>r<\/sup> i 2<sup>n<\/sup>. Rac\u00f3 d\u2019expressi\u00f3 corporal, creativitat, interpretaci\u00f3 i dansa.<\/span><\/p>\n<p lang=\"ca-ES\" align=\"left\"><span style=\"color: #111111; font-size: 16px; font-family: arial, helvetica, sans-serif;\"><span style=\"color: #a1467e; font-family: 'arial black', sans-serif;\">Introducci\u00f3 de l\u2019ukelele<\/span>, un instrument de corda, a partir de 3<sup>r<\/sup>.<\/span><\/p>\n<p lang=\"ca-ES\" align=\"left\"><span style=\"color: #111111; font-size: 16px; font-family: arial, helvetica, sans-serif;\"><span style=\"color: #a1467e; font-family: 'arial black', sans-serif;\">El Nostre festival<\/span>, de 1<sup>r<\/sup> a 3<sup>r<\/sup>. Projecte multidisciplinari de teatre, m\u00fasica i dansa.<\/span><\/p>\n<p lang=\"ca-ES\" align=\"left\"><span style=\"color: #111111; font-size: 16px; font-family: arial, helvetica, sans-serif;\"><span style=\"color: #a1467e; font-family: 'arial black', sans-serif;\">El Nostre Poema de Nadal<\/span>, de 4<sup>t<\/sup> a 6<sup>\u00e8<\/sup>. Projecte multidisciplinari, de teatre, m\u00fasica, dansa i declamaci\u00f3 de poemes. Un projecte propi i una viv\u00e8ncia inoblidable!<\/span><\/p>\n<p lang=\"ca-ES\" align=\"left\"><span style=\"color: #111111; font-size: 16px; font-family: arial, helvetica, sans-serif;\"><span style=\"color: #a1467e; font-family: 'arial black', sans-serif;\">Cantaxics<\/span>, a 2<sup>n<\/sup>. Cantata organitzada pel Servei educatiu del Kursaal de Manresa que, junt amb professorat i alumnat d\u2019altres escoles, es representa al teatre Kursaal.<\/span><\/p>\n<p lang=\"ca-ES\" align=\"left\"><span style=\"color: #111111; font-size: 16px; font-family: arial, helvetica, sans-serif;\"><span style=\"color: #a1467e; font-family: 'arial black', sans-serif;\">Cant\u00e0nia<\/span>, a 5<sup>\u00e8<\/sup>. Cantata organitzada per l\u2019Auditori de Barcelona que, junt amb l\u2019alumnat i professorat d\u2019altres escoles, es representa al teatre Kursaal.<\/span><\/p>\n<p lang=\"ca-ES\" align=\"left\"><span style=\"color: #111111; font-size: 16px; font-family: arial, helvetica, sans-serif;\"><span style=\"color: #a1467e; font-family: 'arial black', sans-serif;\">Festes tradicionals:<\/span> Castanyada, Nadal, Carnestoltes, Santa Cec\u00edlia i Sant Jordi.<\/span><\/p>\n<p lang=\"ca-ES\" align=\"left\"><img loading=\"lazy\" decoding=\"async\" class=\"alignnone size-full wp-image-1219 aligncenter\" src=\"https:\/\/agora.xtec.cat\/iemanresa\/wp-content\/uploads\/usu3023\/2024\/10\/Captura-36.jpg\" alt=\"\" width=\"379\" height=\"246\" srcset=\"https:\/\/agora.xtec.cat\/iemanresa\/wp-content\/uploads\/usu3023\/2024\/10\/Captura-36.jpg 379w, https:\/\/agora.xtec.cat\/iemanresa\/wp-content\/uploads\/usu3023\/2024\/10\/Captura-36-300x195.jpg 300w\" sizes=\"auto, (max-width: 379px) 100vw, 379px\" \/>\u00a0 \u00a0 \u00a0<img loading=\"lazy\" decoding=\"async\" class=\"alignnone wp-image-1220 aligncenter\" src=\"https:\/\/agora.xtec.cat\/iemanresa\/wp-content\/uploads\/usu3023\/2024\/10\/Captura-37.jpg\" alt=\"\" width=\"300\" height=\"244\" srcset=\"https:\/\/agora.xtec.cat\/iemanresa\/wp-content\/uploads\/usu3023\/2024\/10\/Captura-37.jpg 415w, https:\/\/agora.xtec.cat\/iemanresa\/wp-content\/uploads\/usu3023\/2024\/10\/Captura-37-300x244.jpg 300w\" sizes=\"auto, (max-width: 300px) 100vw, 300px\" \/><\/p>\n<p lang=\"ca-ES\" align=\"left\"><span style=\"color: #a1467e; font-family: 'arial black', sans-serif; font-size: 20px;\">Certamen nacional infantil i juvenil de lectura en veu alta a quart i sis\u00e8<\/span><\/p>\n<p lang=\"ca-ES\" align=\"left\"><span style=\"color: #111111; font-size: 16px; font-family: arial, helvetica, sans-serif;\">Per fomentar la lectura de la llengua catalana en veu alta i treballar l\u2019entonaci\u00f3, el ritme i l\u2019expressi\u00f3, afavorint-ne la comprensi\u00f3. <\/span><\/p>\n","protected":false},"excerpt":{"rendered":"<p>Horari lectiu:<\/p>\n<ul>\n<li style=\"list-style-type: none;\">\n<ul class=\"wixui-rich-text__text\">\n<li class=\"wixui-rich-text__text\">\nCada dia de 9:00 a 12:30 h i de 15:00 a 16:30\u00a0h.\n<\/li>\n<\/ul>\n<\/li>\n<\/ul>\n<p>L\u2019Educaci\u00f3 Prim\u00e0ria \u00e9s una etapa fonamental i privilegiada en la formaci\u00f3 dels infants, que s\u2019inicia en finalitzar l\u2019educaci\u00f3 infantil i continua en l\u2019educaci\u00f3 secund\u00e0ria obligat\u00f2ria (ES0).<br \/>\nLa finalitat b\u00e0sica d\u2019aquesta&hellip;  <a href=\"https:\/\/agora.xtec.cat\/iemanresa\/oferta-educativa\/primaria\/\" title=\"Read Prim\u00e0ria\">Llegeix m\u00e9s\u00bb<\/a><\/p>\n","protected":false},"author":1,"featured_media":0,"parent":34,"menu_order":62,"comment_status":"closed","ping_status":"closed","template":"","meta":{"_bbp_topic_count":0,"_bbp_reply_count":0,"_bbp_total_topic_count":0,"_bbp_total_reply_count":0,"_bbp_voice_count":0,"_bbp_anonymous_reply_count":0,"_bbp_topic_count_hidden":0,"_bbp_reply_count_hidden":0,"_bbp_forum_subforum_count":0,"footnotes":""},"class_list":["post-1205","page","type-page","status-publish","hentry"],"post_mailing_queue_ids":[],"_links":{"self":[{"href":"https:\/\/agora.xtec.cat\/iemanresa\/wp-json\/wp\/v2\/pages\/1205","targetHints":{"allow":["GET"]}}],"collection":[{"href":"https:\/\/agora.xtec.cat\/iemanresa\/wp-json\/wp\/v2\/pages"}],"about":[{"href":"https:\/\/agora.xtec.cat\/iemanresa\/wp-json\/wp\/v2\/types\/page"}],"author":[{"embeddable":true,"href":"https:\/\/agora.xtec.cat\/iemanresa\/wp-json\/wp\/v2\/users\/1"}],"replies":[{"embeddable":true,"href":"https:\/\/agora.xtec.cat\/iemanresa\/wp-json\/wp\/v2\/comments?post=1205"}],"version-history":[{"count":7,"href":"https:\/\/agora.xtec.cat\/iemanresa\/wp-json\/wp\/v2\/pages\/1205\/revisions"}],"predecessor-version":[{"id":3560,"href":"https:\/\/agora.xtec.cat\/iemanresa\/wp-json\/wp\/v2\/pages\/1205\/revisions\/3560"}],"up":[{"embeddable":true,"href":"https:\/\/agora.xtec.cat\/iemanresa\/wp-json\/wp\/v2\/pages\/34"}],"wp:attachment":[{"href":"https:\/\/agora.xtec.cat\/iemanresa\/wp-json\/wp\/v2\/media?parent=1205"}],"curies":[{"name":"wp","href":"https:\/\/api.w.org\/{rel}","templated":true}]}}