{"id":975,"date":"2023-03-15T15:12:46","date_gmt":"2023-03-15T14:12:46","guid":{"rendered":"https:\/\/agora.xtec.cat\/ielondres\/?page_id=975"},"modified":"2023-03-15T15:31:59","modified_gmt":"2023-03-15T14:31:59","slug":"escoles-sostenibles","status":"publish","type":"page","link":"https:\/\/agora.xtec.cat\/ielondres\/projecte-educatiu\/escoles-sostenibles\/","title":{"rendered":"Escoles + Sostenibles"},"content":{"rendered":"<p><img loading=\"lazy\" decoding=\"async\" class=\"alignnone wp-image-977 aligncenter\" src=\"https:\/\/agora.xtec.cat\/ielondres\/wp-content\/uploads\/usu2343\/2023\/03\/es-1-300x39.png\" alt=\"\" width=\"669\" height=\"87\" srcset=\"https:\/\/agora.xtec.cat\/ielondres\/wp-content\/uploads\/usu2343\/2023\/03\/es-1-300x39.png 300w, https:\/\/agora.xtec.cat\/ielondres\/wp-content\/uploads\/usu2343\/2023\/03\/es-1-1024x134.png 1024w, https:\/\/agora.xtec.cat\/ielondres\/wp-content\/uploads\/usu2343\/2023\/03\/es-1-768x101.png 768w, https:\/\/agora.xtec.cat\/ielondres\/wp-content\/uploads\/usu2343\/2023\/03\/es-1-1536x201.png 1536w, https:\/\/agora.xtec.cat\/ielondres\/wp-content\/uploads\/usu2343\/2023\/03\/es-1.png 1709w\" sizes=\"auto, (max-width: 669px) 100vw, 669px\" \/><\/p>\n<p>El Programa Escoles + Sostenibles va n\u00e9ixer l\u2019any \u00a02001\u00a0en\u00a0el\u00a0marc\u00a0del <a href=\"http:\/\/lameva.barcelona.cat\/barcelonasostenible\/sites\/default\/files\/compromis_22_redicio.pdf\">Comprom\u00eds Ciutad\u00e0 per la Sostenibilitat de Barcelona<\/a>, amb la voluntat de proporcionar una oferta consistent i estimulant de suport als centres educatius de la ciutat per ajudar-los a situar la sostenibilitat al cor de la seva tasca.<\/p>\n<p class=\"rtejustify\">El programa compta ja amb m\u00e9s de <a href=\"https:\/\/view.genial.ly\/5f48f450ab36c80d59890a38\/horizontal-infographic-timeline-timeline20anysescoles\" target=\"_blank\" rel=\"noopener\">20 anys d&#8217;experi\u00e8ncia<\/a> estenent la cultura de sostenibilitat en l&#8217;\u00e0mbit educatiu.<\/p>\n<p class=\"rtejustify\">\u00c9s per aix\u00f2 que des de l&#8217;Ajuntament de Barcelona es promou l\u2019adhesi\u00f3 dels centres educatius de la ciutat a formar part d\u2019aquesta xarxa, formada per <a href=\"https:\/\/www.barcelona.cat\/barcelonasostenible\/ca\/escoles-sostenibles\/tags\/els-centres\/page\/els-centres15-16noumapa\" target=\"_blank\" rel=\"noopener\">373\u00a0centres (dades curs 2022-2023)<\/a> i en la que hi han participat un total de 496 al llarg dels m\u00e9s de <a href=\"https:\/\/www.barcelona.cat\/barcelonasostenible\/ca\/node\/13581\">20 anys de recorregut<\/a>.<\/p>\n<p class=\"rtejustify\">Durant tots aquests anys, els centres participants han desenvolupat un ventall d&#8217;iniciatives de millora del mateix centre educatiu\u00a0i de l&#8217;entorn. Cada curs s&#8217;obre una nova convocat\u00f2ria tant perqu\u00e8 els centres que ho desitgin puguin seguir i aprofundir en el seu projecte, com perqu\u00e8 nous centres l&#8217;inici\u00efn i s&#8217;enrolin tamb\u00e9 en aquest engrescador projecte col\u00b7lectiu.<\/p>\n<p>Trobareu tota la informaci\u00f3 al <a href=\"https:\/\/www.barcelona.cat\/barcelonasostenible\/ca\/escoles-sostenibles\/pginabsicaambdesplegables\/que-es-escoles-sostenibles\">web<\/a><\/p>\n","protected":false},"excerpt":{"rendered":"<p>El Programa Escoles + Sostenibles va n\u00e9ixer l\u2019any \u00a02001\u00a0en\u00a0el\u00a0marc\u00a0del <a href=\"http:\/\/lameva.barcelona.cat\/barcelonasostenible\/sites\/default\/files\/compromis_22_redicio.pdf\">Comprom\u00eds Ciutad\u00e0 per la Sostenibilitat de Barcelona<\/a>, amb la voluntat de proporcionar una oferta consistent i estimulant de suport als centres educatius de la ciutat per ajudar-los a situar la sostenibilitat al cor de la&hellip;  <a href=\"https:\/\/agora.xtec.cat\/ielondres\/projecte-educatiu\/escoles-sostenibles\/\" title=\"Read Escoles + Sostenibles\">Llegeix m\u00e9s\u00bb<\/a><\/p>\n","protected":false},"author":1,"featured_media":0,"parent":57,"menu_order":0,"comment_status":"closed","ping_status":"closed","template":"","meta":{"_bbp_topic_count":0,"_bbp_reply_count":0,"_bbp_total_topic_count":0,"_bbp_total_reply_count":0,"_bbp_voice_count":0,"_bbp_anonymous_reply_count":0,"_bbp_topic_count_hidden":0,"_bbp_reply_count_hidden":0,"_bbp_forum_subforum_count":0,"footnotes":""},"class_list":["post-975","page","type-page","status-publish","hentry"],"post_mailing_queue_ids":[],"_links":{"self":[{"href":"https:\/\/agora.xtec.cat\/ielondres\/wp-json\/wp\/v2\/pages\/975","targetHints":{"allow":["GET"]}}],"collection":[{"href":"https:\/\/agora.xtec.cat\/ielondres\/wp-json\/wp\/v2\/pages"}],"about":[{"href":"https:\/\/agora.xtec.cat\/ielondres\/wp-json\/wp\/v2\/types\/page"}],"author":[{"embeddable":true,"href":"https:\/\/agora.xtec.cat\/ielondres\/wp-json\/wp\/v2\/users\/1"}],"replies":[{"embeddable":true,"href":"https:\/\/agora.xtec.cat\/ielondres\/wp-json\/wp\/v2\/comments?post=975"}],"version-history":[{"count":2,"href":"https:\/\/agora.xtec.cat\/ielondres\/wp-json\/wp\/v2\/pages\/975\/revisions"}],"predecessor-version":[{"id":979,"href":"https:\/\/agora.xtec.cat\/ielondres\/wp-json\/wp\/v2\/pages\/975\/revisions\/979"}],"up":[{"embeddable":true,"href":"https:\/\/agora.xtec.cat\/ielondres\/wp-json\/wp\/v2\/pages\/57"}],"wp:attachment":[{"href":"https:\/\/agora.xtec.cat\/ielondres\/wp-json\/wp\/v2\/media?parent=975"}],"curies":[{"name":"wp","href":"https:\/\/api.w.org\/{rel}","templated":true}]}}