{"id":959,"date":"2023-03-15T14:00:05","date_gmt":"2023-03-15T13:00:05","guid":{"rendered":"https:\/\/agora.xtec.cat\/ielondres\/?page_id=959"},"modified":"2023-03-15T15:15:40","modified_gmt":"2023-03-15T14:15:40","slug":"projecte-whats-up-com-vas-de-salut-mental","status":"publish","type":"page","link":"https:\/\/agora.xtec.cat\/ielondres\/projecte-educatiu\/projecte-whats-up-com-vas-de-salut-mental\/","title":{"rendered":"Projecte &#8216;What&#8217;s Up! Com vas de salut mental?&#8217;"},"content":{"rendered":"<p>&nbsp;<\/p>\n<p><img loading=\"lazy\" decoding=\"async\" class=\"alignnone size-medium wp-image-961\" src=\"https:\/\/agora.xtec.cat\/ielondres\/wp-content\/uploads\/usu2343\/2023\/03\/WU-300x98.png\" alt=\"\" width=\"300\" height=\"98\" srcset=\"https:\/\/agora.xtec.cat\/ielondres\/wp-content\/uploads\/usu2343\/2023\/03\/WU-300x98.png 300w, https:\/\/agora.xtec.cat\/ielondres\/wp-content\/uploads\/usu2343\/2023\/03\/WU.png 464w\" sizes=\"auto, (max-width: 300px) 100vw, 300px\" \/> \u00a0\u00a0\u00a0\u00a0\u00a0\u00a0 <img loading=\"lazy\" decoding=\"async\" class=\"alignnone wp-image-960\" src=\"https:\/\/agora.xtec.cat\/ielondres\/wp-content\/uploads\/usu2343\/2023\/03\/obertament-300x168.png\" alt=\"\" width=\"202\" height=\"113\" srcset=\"https:\/\/agora.xtec.cat\/ielondres\/wp-content\/uploads\/usu2343\/2023\/03\/obertament-300x168.png 300w, https:\/\/agora.xtec.cat\/ielondres\/wp-content\/uploads\/usu2343\/2023\/03\/obertament.png 361w\" sizes=\"auto, (max-width: 202px) 100vw, 202px\" \/><\/p>\n<p>El projecte <i>What\u2019s up! Com vas de salut mental?&#8217;<\/i> \u00e9s un <b>projecte de sensibilitzaci\u00f3 especialment pensat per a joves<\/b><i>,<\/i> dirigit a l\u2019\u00e0mbit educatiu i que es fonamenta en materials, recursos i experi\u00e8ncies per abordar l\u2019estigma i la discriminaci\u00f3 de manera multifocal als instituts, amb joves de 3r i 4t d\u2019ESO.<\/p>\n<p>Amb aquest projecte es promou la intervenci\u00f3 en primera persona als centres educatius i tamb\u00e9 s\u2019ofereixen recursos als joves i professionals per millorar el proc\u00e9s de sensibilitzaci\u00f3 en temes de salut mental. Finalment, el fet de generar espais per al tractament d\u2019aquestes problem\u00e0tiques obre un proc\u00e9s de normalitzaci\u00f3 i apoderament, clau en la lluita contra l\u2019estigma.<\/p>\n<p>Trobareu m\u00e9s informaci\u00f3 al seg\u00fcent <a href=\"https:\/\/obertament.org\/ca\/educacio\/projecte-what-s-up?dt=1678884902511\">enlla\u00e7<\/a>.<\/p>\n","protected":false},"excerpt":{"rendered":"<p>&nbsp;<br \/>\n \u00a0\u00a0\u00a0\u00a0\u00a0\u00a0<br \/>\nEl projecte What\u2019s up! Com vas de salut mental?&#8217; \u00e9s un projecte de sensibilitzaci\u00f3 especialment pensat per a joves, dirigit a l\u2019\u00e0mbit educatiu i que es fonamenta en materials, recursos i experi\u00e8ncies per abordar l\u2019estigma i la discriminaci\u00f3 de manera multifocal als instituts,&hellip;  <a href=\"https:\/\/agora.xtec.cat\/ielondres\/projecte-educatiu\/projecte-whats-up-com-vas-de-salut-mental\/\" title=\"Read Projecte &#8216;What&#8217;s Up! Com vas de salut mental?&#8217;\">Llegeix m\u00e9s\u00bb<\/a><\/p>\n","protected":false},"author":1,"featured_media":0,"parent":57,"menu_order":0,"comment_status":"closed","ping_status":"closed","template":"","meta":{"_bbp_topic_count":0,"_bbp_reply_count":0,"_bbp_total_topic_count":0,"_bbp_total_reply_count":0,"_bbp_voice_count":0,"_bbp_anonymous_reply_count":0,"_bbp_topic_count_hidden":0,"_bbp_reply_count_hidden":0,"_bbp_forum_subforum_count":0,"footnotes":""},"class_list":["post-959","page","type-page","status-publish","hentry"],"post_mailing_queue_ids":[],"_links":{"self":[{"href":"https:\/\/agora.xtec.cat\/ielondres\/wp-json\/wp\/v2\/pages\/959","targetHints":{"allow":["GET"]}}],"collection":[{"href":"https:\/\/agora.xtec.cat\/ielondres\/wp-json\/wp\/v2\/pages"}],"about":[{"href":"https:\/\/agora.xtec.cat\/ielondres\/wp-json\/wp\/v2\/types\/page"}],"author":[{"embeddable":true,"href":"https:\/\/agora.xtec.cat\/ielondres\/wp-json\/wp\/v2\/users\/1"}],"replies":[{"embeddable":true,"href":"https:\/\/agora.xtec.cat\/ielondres\/wp-json\/wp\/v2\/comments?post=959"}],"version-history":[{"count":2,"href":"https:\/\/agora.xtec.cat\/ielondres\/wp-json\/wp\/v2\/pages\/959\/revisions"}],"predecessor-version":[{"id":963,"href":"https:\/\/agora.xtec.cat\/ielondres\/wp-json\/wp\/v2\/pages\/959\/revisions\/963"}],"up":[{"embeddable":true,"href":"https:\/\/agora.xtec.cat\/ielondres\/wp-json\/wp\/v2\/pages\/57"}],"wp:attachment":[{"href":"https:\/\/agora.xtec.cat\/ielondres\/wp-json\/wp\/v2\/media?parent=959"}],"curies":[{"name":"wp","href":"https:\/\/api.w.org\/{rel}","templated":true}]}}