{"id":794,"date":"2022-11-22T12:41:04","date_gmt":"2022-11-22T11:41:04","guid":{"rendered":"https:\/\/agora.xtec.cat\/ielondres\/?page_id=794"},"modified":"2025-05-09T09:33:33","modified_gmt":"2025-05-09T07:33:33","slug":"erasmus","status":"publish","type":"page","link":"https:\/\/agora.xtec.cat\/ielondres\/projecte-educatiu\/erasmus\/","title":{"rendered":"Erasmus+ \/ Certificaci\u00f3 en lleng\u00fces estrangeres"},"content":{"rendered":"<div class=\"uk-panel uk-margin\">\n<p>L&#8217;institut t\u00e9 una vocaci\u00f3 internacional, destacant l&#8217;ensenyament de lleng\u00fces estrangeres com a angl\u00e8s, alemany i franc\u00e8s. Fomenta la participaci\u00f3 activa en programes internacionals com <a href=\"https:\/\/erasmus-plus.ec.europa.eu\/es\">Erasmus+<\/a> i <a href=\"https:\/\/etwinning.es\/ca\/\">eTwinning<\/a>, i proporciona als estudiants experi\u00e8ncies enriquidores d&#8217;intercanvi cultural i col\u00b7laboraci\u00f3 global.<\/p>\n<p>Aquesta orientaci\u00f3 internacional no nom\u00e9s enforteix les habilitats ling\u00fc\u00edstiques, sin\u00f3 tamb\u00e9 promou la comprensi\u00f3 intercultural, preparant els estudiants per a un m\u00f3n cada cop m\u00e9s connectat i divers.<\/p>\n<\/div>\n<p>El programa Erasmus forma part del Servei Espanyol per a la Internacionalitzaci\u00f3 de l&#8217;Educaci\u00f3 (<a href=\"http:\/\/www.sepie.es\/\">SEPIE<\/a>).<\/p>\n<p><a href=\"https:\/\/agora.xtec.cat\/ielondres\/wp-content\/uploads\/usu2343\/2025\/05\/izquierda_ES.png\"><img loading=\"lazy\" decoding=\"async\" class=\"alignleft size-medium wp-image-2658\" src=\"https:\/\/agora.xtec.cat\/ielondres\/wp-content\/uploads\/usu2343\/2025\/05\/izquierda_ES-300x169.png\" alt=\"\" width=\"300\" height=\"169\" srcset=\"https:\/\/agora.xtec.cat\/ielondres\/wp-content\/uploads\/usu2343\/2025\/05\/izquierda_ES-300x169.png 300w, https:\/\/agora.xtec.cat\/ielondres\/wp-content\/uploads\/usu2343\/2025\/05\/izquierda_ES-1024x576.png 1024w, https:\/\/agora.xtec.cat\/ielondres\/wp-content\/uploads\/usu2343\/2025\/05\/izquierda_ES-768x432.png 768w, https:\/\/agora.xtec.cat\/ielondres\/wp-content\/uploads\/usu2343\/2025\/05\/izquierda_ES-1536x864.png 1536w, https:\/\/agora.xtec.cat\/ielondres\/wp-content\/uploads\/usu2343\/2025\/05\/izquierda_ES.png 1920w\" sizes=\"auto, (max-width: 300px) 100vw, 300px\" \/><\/a><a href=\"https:\/\/agora.xtec.cat\/ielondres\/wp-content\/uploads\/usu2343\/2025\/05\/es_v_cofinanciado_por_la_union_europea_pos.png\"><img loading=\"lazy\" decoding=\"async\" class=\"alignleft size-medium wp-image-2663\" src=\"https:\/\/agora.xtec.cat\/ielondres\/wp-content\/uploads\/usu2343\/2025\/05\/es_v_cofinanciado_por_la_union_europea_pos-296x300.png\" alt=\"\" width=\"296\" height=\"300\" srcset=\"https:\/\/agora.xtec.cat\/ielondres\/wp-content\/uploads\/usu2343\/2025\/05\/es_v_cofinanciado_por_la_union_europea_pos-296x300.png 296w, https:\/\/agora.xtec.cat\/ielondres\/wp-content\/uploads\/usu2343\/2025\/05\/es_v_cofinanciado_por_la_union_europea_pos-768x778.png 768w, https:\/\/agora.xtec.cat\/ielondres\/wp-content\/uploads\/usu2343\/2025\/05\/es_v_cofinanciado_por_la_union_europea_pos.png 910w\" sizes=\"auto, (max-width: 296px) 100vw, 296px\" \/><\/a><a href=\"https:\/\/agora.xtec.cat\/ielondres\/wp-content\/uploads\/usu2343\/2025\/05\/SEPIE_erasmus_plus.gif\"><img loading=\"lazy\" decoding=\"async\" class=\"alignleft size-medium wp-image-2661\" src=\"https:\/\/agora.xtec.cat\/ielondres\/wp-content\/uploads\/usu2343\/2025\/05\/SEPIE_erasmus_plus-300x111.gif\" alt=\"\" width=\"300\" height=\"111\" \/><\/a><\/p>\n<div class=\"uk-panel uk-margin\">\n<p>&nbsp;<\/p>\n<\/div>\n","protected":false},"excerpt":{"rendered":"<p>L&#8217;institut t\u00e9 una vocaci\u00f3 internacional, destacant l&#8217;ensenyament de lleng\u00fces estrangeres com a angl\u00e8s, alemany i franc\u00e8s. Fomenta la participaci\u00f3 activa en programes internacionals com <a href=\"https:\/\/erasmus-plus.ec.europa.eu\/es\">Erasmus+<\/a> i <a href=\"https:\/\/etwinning.es\/ca\/\">eTwinning<\/a>, i proporciona als estudiants experi\u00e8ncies enriquidores d&#8217;intercanvi cultural i col\u00b7laboraci\u00f3 global.<br \/>\nAquesta orientaci\u00f3 internacional no nom\u00e9s enforteix&hellip;  <a href=\"https:\/\/agora.xtec.cat\/ielondres\/projecte-educatiu\/erasmus\/\" title=\"Read Erasmus+ \/ Certificaci\u00f3 en lleng\u00fces estrangeres\">Llegeix m\u00e9s\u00bb<\/a><\/p>\n","protected":false},"author":1,"featured_media":0,"parent":57,"menu_order":1,"comment_status":"closed","ping_status":"closed","template":"","meta":{"_bbp_topic_count":0,"_bbp_reply_count":0,"_bbp_total_topic_count":0,"_bbp_total_reply_count":0,"_bbp_voice_count":0,"_bbp_anonymous_reply_count":0,"_bbp_topic_count_hidden":0,"_bbp_reply_count_hidden":0,"_bbp_forum_subforum_count":0,"footnotes":""},"class_list":["post-794","page","type-page","status-publish","hentry"],"post_mailing_queue_ids":[],"_links":{"self":[{"href":"https:\/\/agora.xtec.cat\/ielondres\/wp-json\/wp\/v2\/pages\/794","targetHints":{"allow":["GET"]}}],"collection":[{"href":"https:\/\/agora.xtec.cat\/ielondres\/wp-json\/wp\/v2\/pages"}],"about":[{"href":"https:\/\/agora.xtec.cat\/ielondres\/wp-json\/wp\/v2\/types\/page"}],"author":[{"embeddable":true,"href":"https:\/\/agora.xtec.cat\/ielondres\/wp-json\/wp\/v2\/users\/1"}],"replies":[{"embeddable":true,"href":"https:\/\/agora.xtec.cat\/ielondres\/wp-json\/wp\/v2\/comments?post=794"}],"version-history":[{"count":6,"href":"https:\/\/agora.xtec.cat\/ielondres\/wp-json\/wp\/v2\/pages\/794\/revisions"}],"predecessor-version":[{"id":1506,"href":"https:\/\/agora.xtec.cat\/ielondres\/wp-json\/wp\/v2\/pages\/794\/revisions\/1506"}],"up":[{"embeddable":true,"href":"https:\/\/agora.xtec.cat\/ielondres\/wp-json\/wp\/v2\/pages\/57"}],"wp:attachment":[{"href":"https:\/\/agora.xtec.cat\/ielondres\/wp-json\/wp\/v2\/media?parent=794"}],"curies":[{"name":"wp","href":"https:\/\/api.w.org\/{rel}","templated":true}]}}